
--
-- Table structure for table `s_media_album`
--

CREATE TABLE `s_media_album` (
  `id` int(11) NOT NULL AUTO_INCREMENT,
  `name` varchar(255) COLLATE utf8_unicode_ci NOT NULL,
  `parentID` int(11) DEFAULT NULL,
  `position` int(11) NOT NULL,
  PRIMARY KEY (`id`)
) ENGINE=InnoDB AUTO_INCREMENT=4 DEFAULT CHARSET=utf8 COLLATE=utf8_unicode_ci;

--
-- Dumping data for table `s_media_album`
--

INSERT INTO `s_media_album` VALUES (-12,'Hersteller',NULL,12),(-11,'Blog',NULL,3),(-10,'Unsortiert',NULL,7),(-9,'Sonstiges',-6,3),(-8,'Musik',-6,2),(-7,'Video',-6,1),(-6,'Dateien',NULL,6),(-5,'Newsletter',NULL,4),(-4,'Aktionen',NULL,5),(-3,'Einkaufswelten',NULL,3),(-2,'Banner',NULL,1),(-1,'Artikel',NULL,2),(1,'icons',NULL,0),(2,'Nachdruck aktion',-11,0),(3,'April Aktion',-11,0);

--
-- Table structure for table `s_media_album_settings`
--

CREATE TABLE `s_media_album_settings` (
  `id` int(11) NOT NULL AUTO_INCREMENT,
  `albumID` int(11) NOT NULL,
  `create_thumbnails` int(11) NOT NULL,
  `thumbnail_size` text COLLATE utf8_unicode_ci NOT NULL,
  `icon` varchar(50) COLLATE utf8_unicode_ci NOT NULL,
  PRIMARY KEY (`id`),
  UNIQUE KEY `albumID` (`albumID`)
) ENGINE=InnoDB AUTO_INCREMENT=16 DEFAULT CHARSET=utf8 COLLATE=utf8_unicode_ci;

--
-- Dumping data for table `s_media_album_settings`
--

INSERT INTO `s_media_album_settings` VALUES (1,-10,0,'','sprite-blue-folder'),(2,-9,0,'','sprite-blue-folder'),(3,-8,0,'','sprite-blue-folder'),(4,-7,0,'','sprite-blue-folder'),(5,-6,0,'','sprite-blue-folder'),(6,-5,0,'','sprite-blue-folder'),(7,-4,0,'','sprite-blue-folder'),(8,-3,0,'','sprite-blue-folder'),(9,-2,0,'','sprite-blue-folder'),(10,-1,1,'30x30;57x57;105x105;140x140;285x255;720x600;162x162','sprite-blue-folder'),(11,-11,1,'57x57;140x140;285x255;720x600','sprite-blue-folder'),(12,-12,0,'','sprite-blue-folder'),(13,1,0,'','sprite-blue-folder'),(14,2,1,'57x57;140x140;285x255;720x600','sprite-blue-folder'),(15,3,1,'57x57;140x140;285x255;720x600','sprite-blue-folder');

--
-- Table structure for table `s_media_association`
--

CREATE TABLE `s_media_association` (
  `id` int(11) NOT NULL AUTO_INCREMENT,
  `mediaID` int(11) NOT NULL,
  `targetType` varchar(50) COLLATE utf8_unicode_ci NOT NULL,
  `targetID` int(11) NOT NULL,
  PRIMARY KEY (`id`),
  KEY `Media` (`mediaID`),
  KEY `Target` (`targetID`,`targetType`)
) ENGINE=InnoDB DEFAULT CHARSET=utf8 COLLATE=utf8_unicode_ci;

--
-- Dumping data for table `s_media_association`
--


--
-- Table structure for table `s_media_attributes`
--

CREATE TABLE `s_media_attributes` (
  `id` int(11) NOT NULL AUTO_INCREMENT,
  `mediaID` int(11) DEFAULT NULL,
  PRIMARY KEY (`id`),
  UNIQUE KEY `mediaID` (`mediaID`),
  CONSTRAINT `s_media_attributes_ibfk_1` FOREIGN KEY (`mediaID`) REFERENCES `s_media` (`id`) ON DELETE CASCADE ON UPDATE NO ACTION
) ENGINE=InnoDB DEFAULT CHARSET=utf8 COLLATE=utf8_unicode_ci;

--
-- Dumping data for table `s_media_attributes`
--


--
-- Table structure for table `s_order`
--

CREATE TABLE `s_order` (
  `id` int(11) NOT NULL AUTO_INCREMENT,
  `ordernumber` varchar(30) COLLATE utf8_unicode_ci DEFAULT NULL,
  `userID` int(11) DEFAULT NULL,
  `invoice_amount` double NOT NULL DEFAULT '0',
  `invoice_amount_net` double NOT NULL,
  `invoice_shipping` double NOT NULL DEFAULT '0',
  `invoice_shipping_net` double NOT NULL,
  `ordertime` datetime DEFAULT NULL,
  `status` int(11) NOT NULL DEFAULT '0',
  `cleared` int(11) NOT NULL DEFAULT '0',
  `paymentID` int(11) NOT NULL DEFAULT '0',
  `transactionID` varchar(255) COLLATE utf8_unicode_ci NOT NULL,
  `comment` mediumtext COLLATE utf8_unicode_ci NOT NULL,
  `customercomment` mediumtext COLLATE utf8_unicode_ci NOT NULL,
  `internalcomment` mediumtext COLLATE utf8_unicode_ci NOT NULL,
  `net` int(1) NOT NULL,
  `taxfree` int(11) NOT NULL,
  `partnerID` varchar(255) COLLATE utf8_unicode_ci NOT NULL,
  `temporaryID` varchar(255) COLLATE utf8_unicode_ci NOT NULL,
  `referer` mediumtext COLLATE utf8_unicode_ci NOT NULL,
  `cleareddate` datetime DEFAULT NULL,
  `trackingcode` varchar(255) COLLATE utf8_unicode_ci NOT NULL,
  `language` varchar(10) COLLATE utf8_unicode_ci NOT NULL,
  `dispatchID` int(11) NOT NULL,
  `currency` varchar(5) COLLATE utf8_unicode_ci NOT NULL,
  `currencyFactor` double NOT NULL,
  `subshopID` int(11) NOT NULL,
  `remote_addr` varchar(255) COLLATE utf8_unicode_ci NOT NULL,
  PRIMARY KEY (`id`),
  KEY `partnerID` (`partnerID`),
  KEY `userID` (`userID`),
  KEY `ordertime` (`ordertime`),
  KEY `cleared` (`cleared`),
  KEY `status` (`status`),
  KEY `paymentID` (`paymentID`),
  KEY `temporaryID` (`temporaryID`),
  KEY `ordernumber` (`ordernumber`),
  KEY `transactionID` (`transactionID`)
) ENGINE=InnoDB AUTO_INCREMENT=189 DEFAULT CHARSET=utf8 COLLATE=utf8_unicode_ci;

--
-- Dumping data for table `s_order`
--

INSERT INTO `s_order` VALUES (71,'0',6,165.17,138.8,10.59,8.9,'2014-12-05 12:21:10',-1,0,4,'','','','',1,0,'','i7ddo4tldq6evd1mj15duhpqi2','',NULL,'','1',9,'EUR',1,1,''),(98,'0',2,365.21,306.9,10.59,8.9,'2014-12-09 13:22:12',-1,0,5,'','','','',1,0,'','ldifdo17egmpjcv7s2e3nbbej5','',NULL,'','1',9,'EUR',1,1,''),(99,'0',2,177.07,148.8,10.59,8.9,'2014-12-09 16:23:20',-1,0,5,'','','','',1,0,'','8ulgq173s9np42c0jrk6pmjli5','',NULL,'','1',9,'EUR',1,1,''),(107,'62396',7,295.71,248.5,10.59,8.9,'2015-01-27 13:59:34',7,16,4,'','','','',1,0,'','','',NULL,'','1',9,'EUR',1,1,'77.64.255.155'),(117,'0',2,1444.42,1213.8,22.49,18.9,'2015-01-27 17:33:47',-1,0,5,'','','','',1,0,'','d6snmbktum1h2jrolue83h5602','',NULL,'','1',9,'EUR',1,1,''),(119,'1025',9,140.6548,120.91,16.99,16.99,'2015-04-15 11:01:55',0,12,5,'','','','',1,0,'','','',NULL,'','1',9,'EUR',1,1,'109.103.254.71'),(126,'1026',10,180.88,152,10.59,8.9,'2015-06-09 10:01:01',0,12,5,'','','','',1,0,'','','',NULL,'','1',9,'EUR',1,1,'92.208.128.228'),(127,'0',11,248.47,208.8,22.49,18.9,'2015-07-16 11:44:56',-1,0,5,'','','','',1,0,'','38hdj0pf7c4atfin8e6dkbscc0','',NULL,'','1',9,'EUR',1,1,''),(130,'0',14,1413.6,1187.9,10.59,8.9,'2016-06-02 13:27:35',-1,0,5,'','','','',1,0,'','udm4dcnudgqd0521pi06cj43f6','',NULL,'','1',9,'EUR',1,1,''),(133,'1027',15,96.27,80.9,10.59,8.9,'2016-07-11 15:38:46',0,17,4,'','','','',1,0,'','','',NULL,'','1',9,'EUR',1,1,'89.1.28.92'),(135,'1028',16,496.11,416.9,22.49,18.9,'2016-07-29 17:26:16',0,17,5,'','','','',1,0,'','','',NULL,'','1',9,'EUR',1,1,'87.167.59.1'),(138,'1029',18,571.79,480.5,10.59,8.9,'2016-09-19 09:56:08',0,17,4,'','','','',1,0,'','','',NULL,'','1',9,'EUR',1,1,'217.6.0.90'),(141,'1030',19,203.97,171.4,10.59,8.9,'2016-09-29 05:39:19',0,17,5,'','','','',1,0,'','','',NULL,'','1',9,'EUR',1,1,'84.143.236.196'),(144,'1031',20,360.45,302.9,10.59,8.9,'2016-10-19 11:58:34',0,17,4,'','','','',1,0,'','','',NULL,'','1',9,'EUR',1,1,'92.76.249.167'),(146,'1032',21,175.96,147.87,10.59,8.9,'2016-11-07 22:02:42',0,17,5,'','','','',1,0,'','','',NULL,'','1',9,'EUR',1,1,'84.115.187.85'),(150,'1033',19,2331.09,1958.9,10.59,8.9,'2016-11-11 14:14:27',0,17,5,'','','','',1,0,'','','',NULL,'','1',9,'EUR',1,1,'84.143.233.187'),(153,'1034',22,485.4,407.9,10.59,8.9,'2016-11-21 15:17:11',0,17,2,'','','','',1,0,'','','',NULL,'','1',9,'EUR',1,1,'62.214.50.110'),(156,'1035',23,143.87,120.9,10.59,8.9,'2016-12-13 09:19:03',0,17,4,'','','','',1,0,'','','',NULL,'','1',9,'EUR',1,1,'217.243.147.138'),(158,'1036',24,1007.81,846.9,10.59,8.9,'2017-03-07 15:35:10',0,17,5,'','','','',1,0,'','','',NULL,'','1',9,'EUR',1,1,'62.227.56.183'),(160,'1037',25,105.67,88.8,10.59,8.9,'2017-03-15 09:17:06',0,17,5,'','','','',1,0,'','','',NULL,'','1',9,'EUR',1,1,'87.178.84.160'),(163,'1038',26,80.8,67.9,10.59,8.9,'2017-04-26 09:42:10',0,17,2,'','','','',1,0,'','','',NULL,'','1',9,'EUR',1,1,'176.198.67.24'),(167,'1039',27,104.6,87.9,10.59,8.9,'2017-05-18 08:42:56',0,17,5,'','','','',1,0,'','','',NULL,'','1',9,'EUR',1,1,'79.197.77.209'),(169,'1040',28,360.45,302.9,10.59,8.9,'2017-05-18 09:23:15',0,17,5,'','','','',1,0,'','','',NULL,'','1',9,'EUR',1,1,'212.114.205.198'),(173,'1041',29,473.5,397.9,10.59,8.9,'2017-06-21 12:20:53',0,17,5,'','','','',1,0,'','','',NULL,'','1',9,'EUR',1,1,'79.220.93.10'),(176,'1042',30,54.68,45.95,10.59,8.9,'2017-09-26 09:54:36',0,17,3,'','','','',1,0,'','','',NULL,'','1',9,'EUR',1,1,'91.45.169.109'),(179,'1043',30,74.79,62.85,10.59,8.9,'2017-09-29 16:02:15',0,17,4,'','','','',1,0,'','','',NULL,'','1',9,'EUR',1,1,'91.45.170.53'),(183,'0',1,330.7,277.9,10.59,8.9,'2017-11-13 14:25:48',-1,0,3,'','','','',1,0,'','a42lirkgknrphsg32kiktemp53','',NULL,'','1',9,'EUR',1,1,''),(184,'0',33,330.7,277.9,10.59,8.9,'2017-11-13 14:41:28',-1,0,5,'','','','',1,0,'','c7oimrtdhsq4uqcgqmerf473c3','',NULL,'','1',9,'EUR',1,1,''),(186,'1044',34,330.7,277.9,10.59,8.9,'2017-11-13 14:47:43',0,17,5,'','','','',1,0,'','','',NULL,'','1',9,'EUR',1,1,'172.16.200.102'),(188,'1045',34,235.5,197.9,10.59,8.9,'2017-11-14 10:51:27',0,17,5,'','','','',1,0,'','','',NULL,'','1',9,'EUR',1,1,'172.16.200.102');

--
-- Table structure for table `s_order_attributes`
--

CREATE TABLE `s_order_attributes` (
  `id` int(11) NOT NULL AUTO_INCREMENT,
  `orderID` int(11) DEFAULT NULL,
  `attribute1` varchar(255) COLLATE utf8_unicode_ci DEFAULT NULL,
  `attribute2` varchar(255) COLLATE utf8_unicode_ci DEFAULT NULL,
  `attribute3` varchar(255) COLLATE utf8_unicode_ci DEFAULT NULL,
  `attribute4` varchar(255) COLLATE utf8_unicode_ci DEFAULT NULL,
  `attribute5` varchar(255) COLLATE utf8_unicode_ci DEFAULT NULL,
  `attribute6` varchar(255) COLLATE utf8_unicode_ci DEFAULT NULL,
  PRIMARY KEY (`id`),
  UNIQUE KEY `orderID` (`orderID`),
  CONSTRAINT `s_order_attributes_ibfk_1` FOREIGN KEY (`orderID`) REFERENCES `s_order` (`id`) ON DELETE CASCADE ON UPDATE NO ACTION
) ENGINE=InnoDB AUTO_INCREMENT=33 DEFAULT CHARSET=utf8 COLLATE=utf8_unicode_ci;

--
-- Dumping data for table `s_order_attributes`
--

INSERT INTO `s_order_attributes` VALUES (11,107,'','','','','',''),(12,119,'','','','','',''),(13,126,'','','','','',''),(14,133,'','','','','',''),(15,135,'','','','','',''),(16,138,'','','','','',''),(17,141,'','','','','',''),(18,144,'','','','','',''),(19,146,'','','','','',''),(20,150,'','','','','',''),(21,153,'','','','','',''),(22,156,'','','','','',''),(23,158,'','','','','',''),(24,160,'','','','','',''),(25,163,'','','','','',''),(26,167,'','','','','',''),(27,169,'','','','','',''),(28,173,'','','','','',''),(29,176,'','','','','',''),(30,179,'','','','','',''),(31,186,'','','','','',''),(32,188,'','','','','','');

--
-- Table structure for table `s_order_basket`
--

CREATE TABLE `s_order_basket` (
  `id` int(11) NOT NULL AUTO_INCREMENT,
  `sessionID` varchar(128) COLLATE utf8_unicode_ci DEFAULT NULL,
  `userID` int(11) NOT NULL DEFAULT '0',
  `articlename` varchar(255) COLLATE utf8_unicode_ci NOT NULL,
  `articleID` int(11) NOT NULL DEFAULT '0',
  `ordernumber` varchar(30) COLLATE utf8_unicode_ci NOT NULL,
  `shippingfree` int(1) NOT NULL DEFAULT '0',
  `quantity` int(11) NOT NULL DEFAULT '0',
  `price` double NOT NULL DEFAULT '0',
  `netprice` double NOT NULL DEFAULT '0',
  `tax_rate` double NOT NULL,
  `datum` datetime NOT NULL DEFAULT '0000-00-00 00:00:00',
  `modus` int(11) NOT NULL DEFAULT '0',
  `esdarticle` int(1) NOT NULL,
  `partnerID` varchar(45) COLLATE utf8_unicode_ci NOT NULL,
  `lastviewport` varchar(255) COLLATE utf8_unicode_ci NOT NULL,
  `useragent` varchar(255) COLLATE utf8_unicode_ci NOT NULL,
  `config` mediumtext COLLATE utf8_unicode_ci NOT NULL,
  `currencyFactor` double NOT NULL,
  `liveshoppingID` int(11) NOT NULL,
  `bundleID` int(11) unsigned NOT NULL,
  `bundle_join_ordernumber` varchar(255) COLLATE utf8_unicode_ci NOT NULL,
  PRIMARY KEY (`id`),
  KEY `sessionID` (`sessionID`),
  KEY `articleID` (`articleID`),
  KEY `datum` (`datum`),
  KEY `get_basket` (`sessionID`,`id`,`datum`)
) ENGINE=InnoDB AUTO_INCREMENT=469 DEFAULT CHARSET=utf8 COLLATE=utf8_unicode_ci;

--
-- Dumping data for table `s_order_basket`
--

INSERT INTO `s_order_basket` VALUES (1,'479b3de0db6f1793e1ccd5b92b213a4c3c767b9e',0,'Roll Up Standard 60 x 200 cm / ohne Digitaldruck',10,'SW10009.3',0,1,10,8.40336134454,19,'2014-11-19 11:02:54',0,0,'','','','',1,0,0,''),(2,'aed3f33dff6380825081d8ea8cc5b83f7993968f',0,'Massiv Counter 101 x 66 x 43cm (HxBxT)',64,'SW10061',0,1,10,8.40336134454,19,'2014-11-19 16:00:02',0,0,'','','','',1,0,0,''),(3,'89de538ca7dbcaedeed28ce54c8972afccdef277',0,'ALU Curved Counter 45° 101 x 151,5 x 60,7 cm (HxBxT)',60,'ALUCC45',0,6,498,418.487394958,19,'2014-11-25 12:30:14',0,0,'','','','',1,0,0,''),(12,'bea2f754e00fe1ae79b8262f978305c9edd8b1c6',0,'Pop Up Counter 2x1 / 98,5 x 86,5 x 40cm (HxBxT)',67,'POPUPC1',0,1,209.244,209.24,19,'2014-11-26 10:13:32',0,0,'','','','',1,0,0,''),(13,'aa5865d1b41f6a6919b109f8000842e67c48f3bf',0,'Skyflag Square 240',94,'SS240',0,2,99,99,19,'2014-11-26 23:10:48',0,0,'','','','',1,0,0,''),(14,'aa5865d1b41f6a6919b109f8000842e67c48f3bf',0,'Infostand Höhe: 114cm Durchmesser: 33cm / Nein',74,'INSA4',0,3,75,75,19,'2014-11-26 23:11:20',0,0,'','','','',1,0,0,''),(15,'50e7567e92338af9f248d2db3c245e5168ae1e67',0,'Pop Up Strahler 150 Watt Schwarz',23,'POPUP150B',0,1,49.9,49.9,19,'2014-11-27 10:29:21',0,0,'','','','',1,0,0,''),(17,'2e31cc92fc581a534469e02bab2d304d5d3d3053',0,'Roll Banner Exclusive 100 x 200cm',35,'RBEXCLU100',0,1,279,279,19,'2014-11-27 18:06:32',0,0,'','','','',1,0,0,''),(20,'cd501534ccc57c17f61552264cdf096d733de2e8',0,'L- Banner Easy 100 x 200cm',44,'LBEASY100',0,1,84.9,84.9,19,'2014-11-28 15:31:42',0,0,'','','','',1,0,0,''),(21,'eb373a4158e93a3257d34bc6331270c7535251d1',0,'Pop Up Counter 2x1',67,'POPUPC1',0,1,249,249,19,'2014-12-01 14:08:24',0,0,'','','','',1,0,0,''),(22,'007363290ce4bc7a7f11f1cbade136a4290ef67d',0,'Skyflag Erdbohrer',95,'SZ-EB',0,1,16.9,16.9,19,'2014-12-01 21:49:07',0,0,'','','','',1,0,0,''),(23,'9a8acb3e88596012e6a744923f1e04263474abad',0,'Roll Banner Light 50 Watt Schwarz',50,'RBL50B',0,1,49.9,49.9,19,'2014-12-04 15:02:56',0,0,'','','','',1,0,0,''),(24,'i7ddo4tldq6evd1mj15duhpqi2',0,'Skyflag Drop 235',93,'SD235',0,1,129.9,129.9,19,'2014-12-05 12:14:59',0,0,'','','','',1,0,0,''),(27,'4e7a87a0983d12fc44f6f06ef50cf6fd44f53b59',0,'Roll Banner LED Light Schwarz',51,'RBLED3B',0,1,69.9,69.9,19,'2014-12-08 11:38:20',0,0,'','','','',1,0,0,''),(28,'4e7a87a0983d12fc44f6f06ef50cf6fd44f53b59',0,'Mobile Flagge 540',102,'MF540',0,14,339,339,19,'2014-12-08 11:48:07',0,0,'','','','',1,0,0,''),(32,'b2a0d6131142d2842d5801524f9ad4085ef99adf',0,'Kundenstopper Triangel 100 x 200cm',105,'KST100',0,1,298,298,19,'2014-12-09 08:02:14',0,0,'','','','',1,0,0,''),(33,'314f8lrfss5imldc9kbfl718l3',2,'Kundenstopper Triangel 100 x 200cm',105,'KST100',0,1,298,298,19,'2014-12-09 12:02:34',0,0,'','','','',1,0,0,''),(38,'2m2cgehhfeg26d0egfdh36o6a1',2,'ALU Display Counter 92 x 77,5 x 40,5 cm (HxBxT) / Holz',63,'ALUDC',0,82,500,500,19,'2014-12-09 18:06:44',0,0,'','','','',1,0,0,''),(40,'218315b2f59a0868ef5fda90c354505e7a5faf2c',0,'Fix Banner Set',104,'FIXB',0,1,149.9,149.9,19,'2014-12-10 19:13:54',0,0,'','','','',1,0,0,''),(42,'d1b0f25ab10ff36589718ac663d4afbb07b3b114',0,'Infostand Höhe: 114cm Durchmesser: 33cm / Nein',74,'INSA4',0,1,75,75,19,'2014-12-11 15:13:21',0,0,'','','','',1,0,0,''),(43,'d1b0f25ab10ff36589718ac663d4afbb07b3b114',0,'Roll Banner Mini 21 x 29,7',42,'RBMINIA4',0,3,39.9,39.9,19,'2014-12-12 14:43:18',0,0,'','','','',1,0,0,''),(44,'2ff69fd716138ef734c327505ce7e281d01023af',0,'Prospekthalter Mag Visit',103,'PHMAGV',0,1,15,15,19,'2014-12-14 19:29:16',0,0,'','','','',1,0,0,''),(45,'47c62d8db25f70821fed5ee53f15c465d0e41273',0,'Roll Banner PLUS 120 x 200cm',32,'RBPLUS120',0,1,99.9,99.9,19,'2014-12-15 16:33:08',0,0,'','','','',1,0,0,''),(46,'183c2e12f4022205a2d727bbec6c24ce03656c56',0,'Pop Up Light LED Schwarz',53,'POPUPLED50B',0,2,69.9,69.9,19,'2014-12-22 15:21:23',0,0,'','','','',1,0,0,''),(49,'kq3k9877p50tjq79vrim2dui94',0,'ALU Display Counter 92 x 77,5 x 40,5 cm (HxBxT) / Holz',63,'ALUDC',0,1,500,500,19,'2015-01-08 16:52:53',0,0,'','','','',1,0,0,''),(51,'34a8c97b30865c5ca2256c712fd94c77f7aff9a8',0,'Roll-Up PLUS 120 x 200cm',32,'RBPLUS120',0,100,99.9,99.9,19,'2015-01-13 12:28:40',0,0,'','','','',1,0,0,''),(52,'e54b81213288544a3dbd2ce880a02bb9e3bf0d0c',0,'Prospektständer ZickZack Holz',72,'PHZZW',0,1,119,119,19,'2015-01-13 15:02:57',0,0,'','','','',1,0,0,''),(53,'93f2c11bb08590b4e3847b878752efdbc5a9f8f4',0,'Skyflag Drop 520',93,'SD520',0,10,199.9,199.9,19,'2015-01-14 16:30:33',0,0,'','','','',1,0,0,''),(54,'64be2f5f9851e425509e0cc6f29a189ed7916255',0,'Infostand Höhe: 118cm Durchmesser: 33cm / Nein',74,'INSA3',0,9,79,79,19,'2015-01-15 17:09:25',0,0,'','','','',1,0,0,''),(56,'9f81d4391ca5e34c11aaeec51a95e882eccb59a4',0,'Infostand Höhe: 114cm Durchmesser: 33cm / Nein',74,'INSA4',0,1,75,75,19,'2015-01-15 17:44:49',0,0,'','','','',1,0,0,''),(57,'5688033b9559322ba3d05cd0e01cdae80d202be9',0,'Roll-Up PLUS 100 x 200cm',32,'RBPLUS100',0,1,79.9,79.9,19,'2015-01-20 12:35:39',0,0,'','','','',1,0,0,''),(58,'05787bda488f9da5baaa79389b34d9ea06774ef1',0,'Spiral Vitrine Säule Durchmesser: 56,6cm Höhe: 206,5cm',82,'SVGR',0,1,390,390,19,'2015-01-21 08:55:51',0,0,'','','','',1,0,0,''),(59,'faa1349b77e07531d321e5e8ae4512055e6c83c3',0,'Pop Up Light LED Silber',53,'POPUPLED50S',0,1,69.9,69.9,19,'2015-01-21 13:53:38',0,0,'','','','',1,0,0,''),(60,'1f201b2e409a002f41dfb9d6863d1ae5b895bd88',0,'Pop Up Counter 2x1',67,'POPUPC1',0,1,249,249,19,'2015-01-21 14:44:14',0,0,'','','','',1,0,0,''),(87,'d6snmbktum1h2jrolue83h5602',2,'ALU Display Counter 92 x 77,5 x 40,5 cm (HxBxT) / Holz',63,'ALUDC',0,1,500,500,19,'2015-01-27 17:33:21',0,0,'','','','',1,0,0,''),(88,'d6snmbktum1h2jrolue83h5602',2,'ALU Rechteck Counter Holz 92 x 83 x 45 cm (HxBxT) / Holz',62,'ALURC',0,1,389,389,19,'2015-01-27 17:33:23',0,0,'','','','',1,0,0,''),(89,'d6snmbktum1h2jrolue83h5602',2,'ALU Straight Counter 101 x 100 x 50 cm (HxBxT)',61,'ALUSC1',0,1,305.9,305.9,19,'2015-01-27 17:33:25',0,0,'','','','',1,0,0,''),(94,'cab934b95bf18841c3f11071eced2d990a54dc0b',0,'Roll Banner Basic 60 x 200cm / 1 Fuß / Ohne',33,'RBBASIC1F60',0,1,65,65,19,'2015-01-30 12:48:17',0,0,'','','','',1,0,0,''),(95,'898c8854266d98aa24dc78ba3c5900c60d2eec65',0,'Roll-Up PLUS 60 x 200cm',32,'RBPLUS60',0,1,54.9,54.9,19,'2015-02-06 09:31:42',0,0,'','','','',1,0,0,''),(96,'6d28e4c36c31effd422f0da5cdb6724650881039',0,'X-Truss Single Banner',147,'XTSB10',0,1,699,699,19,'2015-02-10 12:44:10',0,0,'','','','',1,0,0,''),(97,'49fdbddfc28330a487072c4bdd605e0e3ec93c8a',0,'Roll-Up Banner Standard 85 x 200cm',31,'RBSTAND85',0,1,59.9,59.9,19,'2015-02-11 10:01:34',0,0,'','','','',1,0,0,''),(98,'2fd976c10f03ae14dccfac07abcec359cac68c4b',0,'Roll Up XL 200 x 170-300',41,'RBXL200',0,1,359,359,19,'2015-02-12 10:22:24',0,0,'','','','',1,0,0,''),(99,'a772e729c21b0d15135f9f2a45cab7e08bdb49f8',0,'Wind LED',146,'WLED',0,1,959,959,19,'2015-02-12 14:23:43',0,0,'','','','',1,0,0,''),(100,'94213036caf1f1b2122a7b9bc510b30afa23ad5f',0,'Infostand Höhe: 114cm Durchmesser: 33cm / Nein',74,'INSA4',0,10,75,75,19,'2015-02-16 11:08:22',0,0,'','','','',1,0,0,''),(101,'68d715f4848dd0f70c30224a41ef7ceda4164106',0,'Roll Banner Basic 85 x 200cm / 2 Füße / Ohne',33,'RBBASIC2F85',0,1,85,85,19,'2015-02-17 13:48:28',0,0,'','','','',1,0,0,''),(103,'940280ee6bbb42254d2cb2fd44bb83685b46764b',0,'Roll-Up PLUS 85 x 200cm',32,'RBPLUS85',0,1,79.9,79.9,19,'2015-02-20 14:37:28',0,0,'','','','',1,0,0,''),(104,'adcc894f0be846ed5f415b00ca76f6216c76aa80',0,'Roll-Up PLUS 40 x 200cm',32,'RBPLUS40',0,1,49.9,49.9,19,'2015-02-22 11:52:03',0,0,'','','','',1,0,0,''),(105,'a20a1ec6c04d0234d521778b978d95524ca36295',0,'Premium Kundenstopper 700 x 1000 mm',145,'PREMIUM1',0,1,160,160,19,'2015-02-23 09:57:21',0,0,'','','','',1,0,0,''),(107,'64ef9357b5879d282d13254e19245ef225c4af1c',0,'Acryl LED Leuchtrahmen oval',219,'ALO',0,1,199,199,19,'2015-02-26 15:50:15',0,0,'','','','',1,0,0,''),(108,'b9e6ea23f42fe70aad02b4965d174e2d3caaefad',0,'Visitankartenbox Schwarz',197,'VISBOXSZ',0,1,1.95,1.95,19,'2015-02-27 11:27:06',0,0,'','','','',1,0,0,''),(120,'b9e6ea23f42fe70aad02b4965d174e2d3caaefad',0,'Mindermengenzuschlag',0,'sw-surcharge',0,1,5,5,19,'2015-02-27 11:27:10',4,0,'','','','',1,0,0,''),(121,'1e31b10c4c33e614e0cf0a2826100d56e6027872',0,'Skyflag Wind 205',92,'SW205',0,1,115,115,19,'2015-03-02 14:38:36',0,0,'','','','',1,0,0,''),(122,'5f9bb82c7e981bf7b50e68dd80130dea072c5c93',0,'Klapprahmen runde Ecken A0 (841 x 1189 mm) / 25mm Profil',221,'KRREA025',0,1,8.9,8.9,19,'2015-03-05 14:53:51',0,0,'','','','',1,0,0,''),(142,'5f9bb82c7e981bf7b50e68dd80130dea072c5c93',0,'Mindermengenzuschlag',0,'sw-surcharge',0,1,5,5,19,'2015-03-05 15:02:02',4,0,'','','','',1,0,0,''),(143,'c44dca5c06fedba79384a3a9434aafe9fbd3f4ee',0,'Hard Deluxe Counter',68,'HDC',0,1,599,599,19,'2015-03-09 08:41:59',0,0,'','','','',1,0,0,''),(144,'e179f40b25c6d3a5535f71e1bbc79236a763f7da',0,'Roll-Up PLUS 40 x 200cm',32,'RBPLUS40',0,1,49.9,49.9,19,'2015-03-10 13:06:31',0,0,'','','','',1,0,0,''),(145,'cd2ef2df8ca68367457046bba8b91e9e3045f4b6',0,'Roll Banner Scroll Down 1000 mm Breite',186,'RBSCDOWN100',0,4,119,119,19,'2015-03-13 08:15:15',0,0,'','','','',1,0,0,''),(146,'86445e6c7872c2551ad419273e28a5a3b0fc91b3',0,'Skyflag Drop 345',93,'SD345',0,1,149.9,149.9,19,'2015-03-14 10:01:13',0,0,'','','','',1,0,0,''),(148,'c12b2cdc22f3c6750d3ad25e3bdf0d917b21259f',0,'Roll-Up PLUS 100 x 200cm',32,'RBPLUS100',0,10,89.9,89.9,19,'2015-03-27 14:31:36',0,0,'','','','',1,0,0,''),(150,'d2c275390c4aee00ea7d728694fdbbfb426bd5e4',0,'Beachflag Doppelseitig Form A',236,'BFDSSA',0,1,175,175,19,'2015-03-30 09:21:55',0,0,'','','','',1,0,0,''),(153,'46796a9bfa637ed976979620a1b1e8de6779a4c2',0,'Roll-Up PLUS 150 x 200cm',32,'RBPLUS150',0,1,139.9,139.9,19,'2015-03-31 11:23:09',0,0,'','','','',1,0,0,''),(156,'628e66b7cf78e03ec0cb7cdf012f2357032b89f3',0,'Roll Banner Basic 85 x 200cm / 2 Füße / Ohne',33,'RBBASIC2F85',0,2,85,85,19,'2015-04-01 11:12:58',0,0,'','','','',1,0,0,''),(157,'45b2fdeaa0893a8caa73bcdcbc1f00e18062b318',0,'Beachflag Doppelseitig Form C',236,'BFDSSC',0,1,175,175,19,'2015-04-02 16:50:32',0,0,'','','','',1,0,0,''),(158,'12b622e01510235dbe99b15632858f66981d5187',0,'LED Info Schaukasten 483 x 653 mm',163,'ISLED44',0,1,329,329,19,'2015-04-07 16:27:32',0,0,'','','','',1,0,0,''),(159,'0137bf0944403abbf61b2da538ff1a64299b593a',0,'Skyflag Drop 235',93,'SD235',0,5,129.9,129.9,19,'2015-04-09 08:01:24',0,0,'','','','',1,0,0,''),(163,'a58c511b8cd1cad5bc32e14f6a8c12d911a9fab6',0,'Hard Deluxe Counter',68,'HDC',0,1,479.2,479.2,19,'2015-04-13 15:53:14',0,0,'','','','',1,0,0,''),(165,'a58c511b8cd1cad5bc32e14f6a8c12d911a9fab6',0,'Maxi Frame LED 34 A3 (297 x 420 mm)',232,'MFLED34A3',0,1,121.52,121.52,19,'2015-04-14 08:35:03',0,0,'','','','',1,0,0,''),(167,'907cc05b446a293de1e780bc3a01a68ca0efd347',0,'Prospekthalter Mag Visit',103,'PHMAGV',0,1,12,12,19,'2015-04-14 11:07:43',0,0,'','','','',1,0,0,''),(168,'50f311c3a63f9d874d211b56def74867f1b671a2',0,'Prospekthalter MAG DIN A4',69,'PHMAGA4',0,1,24,24,19,'2015-04-14 11:17:50',0,0,'','','','',1,0,0,''),(169,'50f311c3a63f9d874d211b56def74867f1b671a2',0,'Messe Set Pop Up Textil II 3 x 3 / Prospekthalter Acryl',157,'MSPT3SA',0,1,979,979,19,'2015-04-14 14:16:48',0,0,'','','','',1,0,0,''),(170,'a5e5d13853017497c61bcf72ed1f6af1c259336e',0,'Skyflag Drop 520 / Kreuzfuß',93,'SD520KF',0,7,183.2,183.2,19,'2015-04-14 15:30:56',0,0,'','','','',1,0,0,''),(172,'1ffe778cf620ac041602971375fb95a9031f88cf',0,'Glas Vitrine 500',158,'VIT500',0,1,500,500,19,'2015-04-15 13:30:41',0,0,'','','','',1,0,0,''),(173,'fca3c8ba4200565b52dd295ed012b77a2ae0156a',0,'Desktop Ipad Schwarz',113,'DI1000SZ',0,1,43.92,43.92,19,'2015-04-20 16:29:39',0,0,'','','','',1,0,0,''),(174,'ae48bdf348e2f6e2132030612f3ed9fb48a3f896',0,'Roll Up Exclusive 85 x 200cm',35,'RBEXCLU85',0,1,231.2,231.2,19,'2015-04-22 15:53:05',0,0,'','','','',1,0,0,''),(175,'fcdfe8a8db860c8d992d8fc57bbe259baff21d31',0,'LED Convex Lightbox 500 x 700 mm',168,'LCL500',0,4,103.2,103.2,19,'2015-04-24 11:15:12',0,0,'','','','',1,0,0,''),(176,'e4797af3e197bb55f6c7dbcf5ff21660500b7485',0,'Werbetaschen 00 weiß',242,'WT00',0,0,1.15,1.15,19,'2015-04-27 11:50:23',0,0,'','','','',1,0,0,''),(188,'e4797af3e197bb55f6c7dbcf5ff21660500b7485',0,'Mindermengenzuschlag',0,'sw-surcharge',0,1,5,5,19,'2015-04-27 11:50:28',4,0,'','','','',1,0,0,''),(203,'806eba85d67cdce62a44bdd50cf5b6567f7e1917',0,'Maxi Frame Vario 60mm',180,'MFV820',0,1,119.2,119.2,19,'2015-04-28 15:25:42',0,0,'','','','',1,0,0,''),(204,'02071dcddad52f22187d815d381eeffaa5a17299',0,'Maxi Frame Vario 60mm',180,'MFV820',0,1,119.2,119.2,19,'2015-04-29 13:52:19',0,0,'','','','',1,0,0,''),(205,'82ab091886b30bdf09d553f3f52757d7766f81d3',0,'Pop Up Strahler 150 Watt Silber',23,'POPUP150S',0,2,39.92,39.92,19,'2015-05-04 13:29:47',0,0,'','','','',1,0,0,''),(206,'b27e5766fd24df1320200d0c9ec8f418057da825',0,'Schlüsselanhänger',246,'SA',0,1,119,119,19,'2015-05-06 15:27:58',0,0,'','','','',1,0,0,''),(208,'efc40ac6b115dfe79e3dbf7967b477ae8d076f45',0,'Messe Set Roll Up I',173,'MSRBI',0,1,494,494,19,'2015-05-29 09:41:10',0,0,'','','','',1,0,0,''),(209,'fa819cfe6ad36cd73b0ff94cff5cd1b2d19bb24c',0,'Plakat Schaukasten A2 (420 x 594 mm)',164,'PSA2',0,2,85,85,19,'2015-06-01 11:12:35',0,0,'','','','',1,0,0,''),(210,'f46888ee83e5e56cc37437a60374f95247ee14ad',0,'Spiral Vitrine Säule Durchmesser: 56,6cm Höhe: 206,5cm',82,'SVGR',0,1,489,489,19,'2015-06-05 08:31:14',0,0,'','','','',1,0,0,''),(211,'94bbfbf78cdd71bd24ce81e6e94c7b6de5b5fb5d',0,'Außen Banner',228,'AB180',0,1,119,119,19,'2015-06-07 18:13:06',0,0,'','','','',1,0,0,''),(213,'f6a33bb02720c650d5745a1a8ac87db82baff1a1',0,'Wasserfester Klapprahmen mit Sicherungsschraube A0 (841 x 1189 mm)',181,'WKSA0',0,1,79,79,19,'2015-06-10 10:19:29',0,0,'','','','',1,0,0,''),(214,'8bb5ddc62cd3542273800333a361a54261c951d5',0,'Alurahmen mit Keder 100x150 cm',109,'ALUWRA100',0,10,199.9,199.9,19,'2015-06-19 08:18:51',0,0,'','','','',1,0,0,''),(215,'9d6c2e6d7649adbf7df1dcfded653b3a65c2d35c',0,'Wasserfester Klapprahmen 25mm A4 (210 x 297 mm)',182,'WKOSA4',0,9,13.9,13.9,19,'2015-06-22 10:39:40',0,0,'','','','',1,0,0,''),(216,'1d06da3f0cc1ea25b516b61e516f25b38aa794aa',0,'Textil Spannrahmen Ocean Maxi 50mm 1000 x 1500 mm / Circle Fuß',178,'TSOM1015C',0,1,129,129,19,'2015-06-25 11:51:10',0,0,'','','','',1,0,0,''),(217,'661bb3d2496d7c1b80687b1d5588bc5f665dbb54',0,'Spiral Vitrine Säule Durchmesser: 56,6cm Höhe: 206,5cm',82,'SVGR',0,1,489,489,19,'2015-06-29 19:23:53',0,0,'','','','',1,0,0,''),(219,'1e130bc3cf8e12326ef3c0fe20ded69c207a347f',0,'X-Truss Triple Banner',152,'XTTB10',0,1,1550,1550,19,'2015-07-02 10:53:46',0,0,'','','','',1,0,0,''),(220,'1e130bc3cf8e12326ef3c0fe20ded69c207a347f',0,'Pop Up Textil 2x3 / gebogen',21,'PTEXC23',0,1,295,295,19,'2015-07-02 10:54:18',0,0,'','','','',1,0,0,''),(221,'38hdj0pf7c4atfin8e6dkbscc0',0,'Roll Up Exclusive 85 x 200cm',35,'RBEXCLU85',0,1,189.9,189.9,19,'2015-07-16 11:44:01',0,0,'','','','',1,0,0,''),(222,'efd7ab799376937b628e9080560475deb83adc43',0,'Einschubrahmen als Info Topper A4 (210 x 297 mm)',184,'ERTOPA4',0,8,19.9,19.9,19,'2015-07-17 15:46:55',0,0,'','','','',1,0,0,''),(223,'190dbf101d9531bf639c1ebfe99df583cb8dec97',0,'Tisch-Prospektdispenser A4 (210 x 297 mm) / ohne Trennsteg',196,'TPDISA4.2',0,35,3.9,3.9,19,'2015-07-28 15:11:11',0,0,'','','','',1,0,0,''),(224,'9c4d9ca59f5b39a9ab72c938fde488426925fb59',0,'Premium Kundenstopper 700 x 1000 mm',145,'PREMIUM1',0,1,209.9,209.9,19,'2015-08-05 15:46:41',0,0,'','','','',1,0,0,''),(225,'caf76e16e41d615f22a038122110e8a24a19bb1d',0,'Pop Up Mag Slim',128,'AMAG23C',0,6,1299,1299,19,'2015-08-13 10:34:27',0,0,'','','','',1,0,0,''),(226,'56c572f9017ee3be49349675d8104912a132cf89',0,'Glücksrad mit Klebefolie 60 cm',125,'GLUCKS60MF',0,1,184,184,19,'2015-08-17 16:00:27',0,0,'','','','',1,0,0,''),(227,'8e7795b7f113038c775e4467f55da726c820a658',0,'Messe Set Roll Up II',174,'MSRBII',0,1,554,554,19,'2015-08-19 14:51:14',0,0,'','','','',1,0,0,''),(244,'8e7795b7f113038c775e4467f55da726c820a658',0,'Gutschein 30 %',2,'123456789',1,1,-166.2,-166.2,19,'2015-08-19 14:51:42',2,0,'','','','',1,0,0,''),(245,'6e21e7841c70cd48663be216d9f7f748b74be7a9',0,'Schlüsselanhänger',246,'SA',0,100,1.49,1.49,19,'2015-08-24 13:49:17',0,0,'','','','',1,0,0,''),(268,'3af9d19f4bb53e46aee87c54db858294a869a58a',0,'Pop Up Counter 2x1',67,'POPUPC1',0,20,459,459,19,'2015-09-24 03:39:44',0,0,'','','','',1,0,0,''),(269,'31538d87ae7d0944a4def92cda45e8d44a902ac5',0,'Pop Up Mag Deluxe 5x3 / gebogen',20,'PMAGC53',0,1,1299,1299,19,'2015-10-09 08:11:38',0,0,'','','','',1,0,0,''),(270,'e547f6e499ae78d9bb9bf7f32e5d7e6e141ceafb',0,'Roll-Up Doppel 85 x 200cm',40,'RBDOP85',0,1,279,279,19,'2015-10-09 11:29:22',0,0,'','','','',1,0,0,''),(271,'80d275b0eec801c1be7451fdc2b628cbb5e40c55',0,'Roll-Up Banner Standard 85 x 200cm',31,'RBSTAND85',0,8,89,89,19,'2015-10-20 14:22:43',0,0,'','','','',1,0,0,''),(272,'0a3ddb88ae021f4142fb3ff155096de698d116d5',0,'Messewand Pop Up Mag Deluxe 4x3 / gebogen',20,'PMAGC43',0,1,1199,1199,19,'2015-10-30 12:11:41',0,0,'','','','',1,0,0,''),(273,'93972182032fa646ef6f1d406a99d44a3def928f',0,'Werbepuzzel 24 Puzzel',235,'WPUZZ24',0,550,20.67,20.67,19,'2015-11-02 14:38:20',0,0,'','','','',1,0,0,''),(275,'00087df143db0769d0b4dbb5f739e6b5fdf69d38',0,'Textil Frame einseitig 26mm - 6m am Stück',279,'TF26',0,1,89,89,19,'2015-11-16 22:02:52',0,0,'','','','',1,0,0,''),(276,'980c5ab217997e452a01ab23bc69ec1f149c8bef',0,'Sky Dancer Clause 6m',276,'SDCLAUS',0,10,599,599,19,'2015-11-19 15:27:04',0,0,'','','','',1,0,0,''),(277,'198fffb153e02c58ad3dccb77957d6ed7228880b',0,'Roll-Up PLUS 85 x 200cm',32,'RBPLUS85',0,2,159,159,19,'2015-11-20 09:18:06',0,0,'','','','',1,0,0,''),(278,'941db1ab6f7846af8ea6abde9b6cdaab830eb362',0,'Messefaltwand Pop Up Textil 2x3 / gerade',21,'PTEXS23',0,1,399,399,19,'2015-12-08 09:22:43',0,0,'','','','',1,0,0,''),(279,'e1f13030205e9305f2e240c46c3cf577161c69f1',0,'Messetheke ALU Sphere Counter 95 x 106 x 58 (HxBxT) / Weiß',58,'ALUSC',0,2,379,379,19,'2015-12-09 10:55:40',0,0,'','','','',1,0,0,''),(280,'b609e1ceebb8eec089639e4733ac8a4d8a3765f2',0,'Klapprahmen runde Ecken A0 (841 x 1189 mm) / 25mm Profil',221,'KRREA025',0,1,11.57,11.57,19,'2015-12-12 12:07:05',0,0,'','','','',1,0,0,''),(281,'8fba9f5d110338e40bc6573bf5796e96a4aea5dd',0,'Smart LED Buchstaben Rot E',212,'SW10102.4',0,2,20.67,20.67,19,'2015-12-19 15:39:12',0,0,'','','','',1,0,0,''),(282,'8471d94a6a04be33e3b08d83870eaf820e7a74c3',0,'Messefaltwand Pop Up Textil Premium Straight 5x3 / mit Stoffdruck mit Seiten',131,'PTEXP53SMS',0,1,1533.87,1533.87,19,'2015-12-23 14:00:27',0,0,'','','','',1,0,0,''),(283,'784dc07f0c52bc278943d08fbb52ff8091ec393a',0,'Spiral Vitrine Säule Durchmesser: 56,6cm Höhe: 206,5cm',82,'SVGR',0,2,399,399,19,'2016-01-08 21:13:26',0,0,'','','','',1,0,0,''),(284,'06a3628cb2ee42ead0fc3f4f0e8f73ce8115f39e',0,'Roll Up Scroll Up 800 x 4000 mm',185,'RBSCUP80',0,2,290.9,290.9,19,'2016-01-20 09:35:46',0,0,'','','','',1,0,0,''),(287,'2bd113ffe9f7fff87fff32777063a499fd99ab10',0,'Roll Up Scroll Up 800 x 4000 mm',185,'RBSCUP80',0,1,290.9,290.9,19,'2016-01-20 10:17:27',0,0,'','','','',1,0,0,''),(288,'c1d4ddc6791d9c3ec6450c8621d5427c6aacb21d',0,'Roll Up Deluxe 85 x 200cm',39,'RBDELUXE85',0,100,199,199,19,'2016-01-20 14:58:54',0,0,'','','','',1,0,0,''),(289,'f8f0755645bbdee26e03d733b678b0a340dd5b89',0,'Textil Frame für LED Beleuchtung einseitig 120mm - 6m am Stück',283,'LTF-120',0,40,159,159,19,'2016-01-27 09:52:06',0,0,'','','','',1,0,0,''),(290,'703b7cb5270d4c65797111f845609c154159bc55',0,'Textilspannrahmen Maxi Frame 100 x 1500mm ohne Digitaldruck / 3000 x 2000 mm / Fillet Fuß',178,'MFOD3020F',0,1,229,229,19,'2016-01-27 17:33:04',0,0,'','','','',1,0,0,''),(291,'c53d3a9db1c21eee31c6d2e8c6fe6293abd3341a',0,'PVC Frontlit 500gr 500 x 1000 mm / kalt auf Format geschnitten',303,'FRONTLIT',0,3,59,59,19,'2016-02-03 15:21:06',0,0,'','','','',1,0,0,''),(292,'c6e0e9cc1d747916821a921b66530ba9035ee8b8',0,'Smart LED Zahlen',213,'SW10103',0,1,20.67,20.67,19,'2016-02-14 20:26:04',0,0,'','','','',1,0,0,''),(293,'f2799543d942bd4f1844e817522a2bda82fe375b',0,'Plakat Schaukasten A0 (841 x 1189 mm)',164,'PSA0',0,10,86.97,86.97,19,'2016-03-03 15:06:07',0,0,'','','','',1,0,0,''),(294,'1945e77e603166ea9707427c7b8e9fe10f362131',0,'Fahnendruck Polyglans 115gr. 1500 x 2000 mm / einfacher Zuschnitt',311,'POLYGLANS.16',0,1,69,69,19,'2016-03-08 12:10:19',0,0,'','','','',1,0,0,''),(295,'dbb72f9a3cce4547d5aa67b46964d5253d5a37a9',0,'PVC Decolit 325gr - Werbebanner 1000 x 1500 mm / Verstärkung mit Ösen alle 50cm',306,'DECOLIT325.4',0,1,56.25,56.25,19,'2016-03-10 08:06:50',0,0,'','','','',1,0,0,''),(296,'d5846d0e0c09f6cf47281c9e91174df7190dd6cf',0,'Visitenkartenbox Schwarz',197,'VISBOXSZ',0,1,2.54,2.54,19,'2016-03-10 14:49:03',0,0,'','','','',1,0,0,''),(300,'d5846d0e0c09f6cf47281c9e91174df7190dd6cf',0,'Mindermengenzuschlag',0,'sw-surcharge',0,1,5,5,19,'2016-03-10 14:49:05',4,0,'','','','',1,0,0,''),(301,'daaca4a19927ea8156a4a1221373b127dd4ed941',0,'PVC Polycanvas 270gr  Leinwandstruktur 1000 x 2000 mm / einfacher Zuschnitt',305,'POLYCAN.5',0,1,73,73,19,'2016-03-12 10:25:40',0,0,'','','','',1,0,0,''),(302,'58e1e31f22c60147062da8da8221b32e41c91630',0,'PVC Polycanvas 270gr  Leinwandstruktur 2000 x 3000 mm / einfacher Zuschnitt',305,'POLYCAN.25',0,1,181.2,181.2,19,'2016-03-14 21:04:23',0,0,'','','','',1,0,0,''),(304,'b4c2ce57ef07fe6781b67b553a175870cddcfa33',0,'PVC Plane Frontlit 500gr. Gerüstbanner 1500 x 2000 mm / rundum gesäumt und geöst',303,'FRONTLIT.17',0,1,63,63,19,'2016-03-16 10:09:17',0,0,'','','','',1,0,0,''),(305,'6ca6a651b8a2356106dbad5e7e8269fbb3967737',0,'Textil Frame für LED Beleuchtung beidbeidseitig 180mm - 6m am Stück',284,'LTF-180',0,2,189,189,19,'2016-03-20 19:24:56',0,0,'','','','',1,0,0,''),(306,'768647445734bc57c88b1b92325275d485392bb0',0,'PVC Plane Frontlit 500gr. Gerüstbanner 1000 x 1500 mm / rundum geöst',303,'FRONTLIT.7',0,1,61,61,19,'2016-03-22 11:56:28',0,0,'','','','',1,0,0,''),(307,'2ed021c4ab7a44053af85caea1a6a155c8614942',0,'Boden Prospektständer Multiside 2 x 5',191,'BPM2X5A4',0,1,103.87,103.87,19,'2016-03-24 09:27:41',0,0,'','','','',1,0,0,''),(308,'fbd9a2a48e84ad6c8aba90d7f0dc5397b05bce0b',0,'Boden Prospektständer Multiside 3 x 5',191,'BPM3X5A4',0,1,129.87,129.87,19,'2016-03-24 09:32:23',0,0,'','','','',1,0,0,''),(309,'370b5304e437168748f5c7596a56964b7cffdb6e',0,'Boden Prospektständer Multiside 3 x 5',191,'BPM3X5A4',0,1,129.87,129.87,19,'2016-03-24 09:39:04',0,0,'','','','',1,0,0,''),(310,'ecc81d2f4aea9e30b40002d29d009e4acf5d0c0a',0,'Boden Prospektständer Multiside 3 x 5',191,'BPM3X5A4',0,1,129.87,129.87,19,'2016-03-24 09:42:40',0,0,'','','','',1,0,0,''),(311,'c135bef35423bda777011f27947a0ebdebaca4cf',0,'Edge Light Box A3 (297 x 420 mm)',217,'ELBA3',0,2,51.87,51.87,19,'2016-03-24 13:07:14',0,0,'','','','',1,0,0,''),(312,'f532e496f8c806864330e365533ad70bb40e17cd',0,'Pop Up Hardcase',126,'PUHARD',0,1,299,299,19,'2016-03-29 12:11:01',0,0,'','','','',1,0,0,''),(313,'e4560ff77cf3671e19cd284fb4637622501ae632',0,'Messestand Quick Stand Set 1',248,'QSSET1',0,1,679,679,19,'2016-04-05 09:52:02',0,0,'','','','',1,0,0,''),(314,'71abc4da0c1b80a391b1c64e4fb64ce6d689c7e8',0,'Halogen Beleuchtung für Messewand 150 Watt Schwarz',23,'POPUP150B',0,20,59,59,19,'2016-04-07 17:14:16',0,0,'','','','',1,0,0,''),(315,'c937310536c2386282ef9ea7cb3ac0d331701bdf',0,'Pop Up Hardcase',126,'PUHARD',0,1,299,299,19,'2016-04-20 11:45:25',0,0,'','','','',1,0,0,''),(316,'c9bc69d3523a715000c2ba6370d2f51761e27d95',0,'Textilspannrahmen Maxi Frame 100 x 1500mm einseitiger Digitaldruck / 3000 x 2000 mm / Circle Fuß',178,'MFED3020C',0,1,519,519,19,'2016-05-05 15:59:30',0,0,'','','','',1,0,0,''),(317,'63c74bb4c5e6acb0d7ef989cdda802010336c2ab',0,'Roll-Up Banner Standard 85 x 200cm',31,'RBSTAND85',0,100,89,89,19,'2016-05-31 10:21:13',0,0,'','','','',1,0,0,''),(318,'4b99aacdc2fdcde74487e7d9db7d4103946cac95',0,'LED Beleuchtung für Messewand Weiß',53,'POPUPLED50W',0,10,98,98,19,'2016-06-02 09:50:26',0,0,'','','','',1,0,0,''),(319,'4b99aacdc2fdcde74487e7d9db7d4103946cac95',0,'Strahler - Klammer für max. 53mm Wände',274,'WLCW',0,10,19.9,19.9,19,'2016-06-02 09:51:46',0,0,'','','','',1,0,0,''),(322,'5fdaeb3c6edf12850a610a19e6c322a4a3685cd1',0,'Beachflag Doppelseitig From F',236,'BFDSSF',0,1,169,169,19,'2016-06-06 12:25:26',0,0,'','','','',1,0,0,''),(323,'77026da6d8df431f2e8f93994d217676ac59c2f4',0,'Messetheke Pop Up Counter 2x2',67,'POPUPC2',0,1,399,399,19,'2016-06-13 09:55:11',0,0,'','','','',1,0,0,''),(324,'4ac050e7cd209d96fcc79bd5e972e15bbbb06a72',0,'LED Leuchtrahmen Outdoor A0 (841 x 1189 mm)',224,'LEDLOA0',0,1,518.7,518.7,19,'2016-06-17 12:14:18',0,0,'','','','',1,0,0,''),(326,'9e3de7432e64fa514f86aa5e602fd43d70362b32',0,'Wasserfester Kundenstopper 32mm A0 (841 x 1189 mm)',334,'SW10116',0,1,149,149,19,'2016-07-14 11:50:03',0,0,'','','','',1,0,0,''),(327,'4ac2b3a7c56092baea2bcea82e96205a3c111fe2',0,'Promotiontheke Oval auf Rollen',254,'PTO',0,1,149,149,19,'2016-07-16 23:37:16',0,0,'','','','',1,0,0,''),(329,'7c32aef8cdd28cfd5f270a25f2a6b6c442f24255',0,'Schiebetür Schaukasten 18 x A4',165,'SS184',0,1,736.97,736.97,19,'2016-07-26 21:01:17',0,0,'','','','',1,0,0,''),(330,'88248dc5871e332d911e968ee1f52f243c4a7937',0,'Event Aufsteller 1000 x 2000 mm',329,'SW10114.1',0,1,269,269,19,'2016-07-27 15:30:55',0,0,'','','','',1,0,0,''),(333,'f4fb9f4a102d4839f439366541d787730e9855ee',0,'Boden Prospektständer Multiside 2 x 5',191,'BPM2X5A4',0,1,103.87,103.87,19,'2016-08-01 20:15:30',0,0,'','','','',1,0,0,''),(334,'23e1cacf1c3ea5771949168edc058633a53723b9',0,'Boden Prospektständer Multiside 2 x 5',191,'BPM2X5A4',0,1,103.87,103.87,19,'2016-08-04 07:59:17',0,0,'','','','',1,0,0,''),(335,'323cc4c70e5bfd7972d74f2adad054bc9ed5dca0',0,'Rundsockel 120 x 40 cm (HxB)',84,'RS120',0,10,175.5,175.5,19,'2016-08-05 10:11:03',0,0,'','','','',1,0,0,''),(336,'0994f0536a7405ca7057b2d2884b08ad6a7029ed',0,'PVC Mesh 340gr Fassadenbanner 2000 x 2000mm / rundum gesäumt und geöst',304,'MESH.23',0,1,72,72,19,'2016-08-05 18:00:14',0,0,'','','','',1,0,0,''),(337,'635f425d907fa90e837a1ffb3a8f5381a4e4df54',0,'Textilstoff Decor 205gr. 1500 x 2000 mm / Hohlsaum',310,'DECOR205.21',0,1,87,87,19,'2016-08-11 10:33:33',0,0,'','','','',1,0,0,''),(338,'91295803cc6d79c120c8b8ff6d2f1df46552308e',0,'Messewand Zipper Display Straight 200 x 300cm (BxH)',272,'ZDS200-300',0,1,1279,1279,19,'2016-08-11 16:19:19',0,0,'','','','',1,0,0,''),(339,'440a91bb98a538707387cbffbb3c07538379ce2f',0,'Messewand Zipper Display Straight 300 x 230cm (BxH)',272,'ZDS300-230',0,9,699,699,19,'2016-08-13 08:04:01',0,0,'','','','',1,0,0,''),(340,'4cb3d1f06b5f844c21db425ba7c22a07227d8932',0,'Plakat Schaukasten A3 (297 x 420 mm)',164,'PSA3',0,1,86.97,86.97,19,'2016-09-01 18:46:38',0,0,'','','','',1,0,0,''),(341,'14ba39f13edc8e56e56f1609ba884e93bc4711a8',0,'Schiebetür Schaukasten 21 x A4',165,'SS214',0,3,803.27,803.27,19,'2016-09-18 23:39:36',0,0,'','','','',1,0,0,''),(342,'14ba39f13edc8e56e56f1609ba884e93bc4711a8',0,'Schiebetür Schaukasten 18 x A4',165,'SS184',0,3,736.97,736.97,19,'2016-09-18 23:46:54',0,0,'','','','',1,0,0,''),(347,'d98b2894c882745fbb4b99053a3fa567c9f705f5',0,'Schreibtafel 300 x 400 mm / Schwarz / Schreibfläche schwarz',166,'ST300SZS',0,1,33.8,33.8,19,'2016-09-29 13:33:43',0,0,'','','','',1,0,0,''),(348,'f98031d9a0fcf26b7452b2e966de8cde548fe27a',0,'Kreidemarker farbig',203,'KMF10',0,6,18.07,18.07,19,'2016-09-29 15:21:23',0,0,'','','','',1,0,0,''),(349,'9a6eeccf62c804216299750c00ec9b6c635cd55a',0,'Kundenstopper Indoor 25mm B2 (500 x 707 mm)',332,'SW10115.2',0,1,52,52,19,'2016-10-04 16:05:08',0,0,'','','','',1,0,0,''),(352,'d36352151435895791b4e70050cb79068b4e5403',0,'Textilspannrahmen Maxi Frame 100 x 1500mm ohne Digitaldruck / 1000 x 2000 mm / Circle Fuß',178,'MFOD1020C',0,12,149,149,19,'2016-10-26 14:29:00',0,0,'','','','',1,0,0,''),(353,'a0e105e113a4eab43efbf04f51903e4b71831446',0,'Easy Swap 60 x 61cm(HxB)',133,'ES60',0,10,67.47,67.47,19,'2016-10-27 17:39:05',0,0,'','','','',1,0,0,''),(355,'9298d88f1b7c59862596071ec110d0eb521f911a',0,'Halogen Beleuchtung für Messewand 150 Watt Schwarz',23,'POPUP150B',0,3,59,59,19,'2016-11-10 11:19:13',0,0,'','','','',1,0,0,''),(356,'1530b755ee58e9eb0ab8482758866d110de1c905',0,'Theke ALU Curved Counter 45° 101 x 151,5 x 60,7 cm (HxBxT)',60,'ALUCC45',0,1,599,599,19,'2016-11-10 14:26:58',0,0,'','','','',1,0,0,''),(357,'bac7319cb7cfa9a4cfc5fb1f540120f1c0d2c604',0,'PIXquick - Thekenaufsteller / Wanddisplay A6 (148 x 105mm) / Wandmontage',324,'PQ.15',0,100,14.9,14.9,19,'2016-11-10 17:07:30',0,0,'','','','',1,0,0,''),(359,'307535bbc95fbb27d9ff483f6defa8d7a5c00b1b',0,'LED Beleuchtung für Messewand Silber',53,'POPUPLED50S',0,1,98,98,19,'2016-11-14 19:59:50',0,0,'','','','',1,0,0,''),(361,'7a7d061c444550b6395f595411b11a9878b067e5',0,'Fahnenstoff Air Polyglans 115gr. 1500 x 4000 mm / Hohlsaum',309,'APOLY.90',0,75,130,130,19,'2016-12-02 12:58:10',0,0,'','','','',1,0,0,''),(363,'2c067ab4ea7dd9fdd64ffa6b8334228a9d4507d7',0,'Snap Rahmen A0 (841 x 1189 mm)',107,'SRA0',0,1,39,39,19,'2016-12-15 14:58:46',0,0,'','','','',1,0,0,''),(364,'c71177e92c371457bb90cfcd17679b110a69ab04',0,'Schiebetür Schaukasten 8 x A4',165,'SS84',0,1,409.37,409.37,19,'2016-12-16 22:40:05',0,0,'','','','',1,0,0,''),(366,'9bbb9233cf8a13c7cdc0c791b099b195a737622b',0,'Textilspannrahmen Maxi Frame 100 x 1500mm einseitiger Digitaldruck / 1000 x 1500 mm / Hoop Fuß',178,'MFED1015H',0,28,299,299,19,'2017-01-19 14:18:10',0,0,'','','','',1,0,0,''),(367,'a6804fa783d6d138950167f1db8e2ccb375a5aff',0,'Pop Up Light LED 116 Schwarz Silber',312,'PLED116S',0,6,129,129,19,'2017-01-19 15:32:35',0,0,'','','','',1,0,0,''),(368,'92c215b42e8f262d6b8b14c2d4719826e553a451',0,'Wasserfester Kundenstopper 32mm A0 (841 x 1189 mm)',334,'SW10116',0,1,149,149,19,'2017-01-20 11:37:44',0,0,'','','','',1,0,0,''),(369,'658b1cd4548b903167e8ce2b9bfb8462429c63c3',0,'Rundsockel 120 x 40 cm (HxB)',84,'RS120',0,1,175.5,175.5,19,'2017-01-24 10:52:23',0,0,'','','','',1,0,0,''),(370,'658b1cd4548b903167e8ce2b9bfb8462429c63c3',0,'Rundsockel 100 x 60 cm (HxB)',84,'RS100',0,1,188.5,188.5,19,'2017-01-24 10:52:38',0,0,'','','','',1,0,0,''),(371,'658b1cd4548b903167e8ce2b9bfb8462429c63c3',0,'Rundsockel 80 x 40 cm (HxB)',84,'RS80',0,1,162.5,162.5,19,'2017-01-24 10:52:47',0,0,'','','','',1,0,0,''),(372,'caf8a2aed6f41043d679f5e22890e60bb3a3414e',0,'Pop Up Light LED 116 Schwarz Silber',312,'PLED116S',0,10,129,129,19,'2017-01-24 15:55:56',0,0,'','','','',1,0,0,''),(417,'b564872ff5a40d270aef19d727ca4751cf9ba712',0,'Theke ALU Rechteck Counter Holz 92 x 83 x 45 cm (HxBxT) / Holz',62,'ALURC',0,1,299,299,19,'2017-01-31 22:47:54',0,0,'','','','',1,0,0,''),(418,'506d75e78f57d0b933781004c80845ea5bfef0cd',0,'Messewand Zipper Display Sinus einseitiger Digitaldruck / 3 Meter',347,'ZDS',0,2,499,499,19,'2017-02-02 14:05:43',0,0,'','','','',1,0,0,''),(419,'65f7d74138ca3139e28ea472e5ab1a81c3284424',0,'Messewand Zipper Display Sinus einseitiger Digitaldruck / 3 Meter',347,'ZDS',0,1,499,499,19,'2017-02-03 14:15:01',0,0,'','','','',1,0,0,''),(420,'f1bd17f291cf2c21a24c316fd5e0ae4668a06a63',0,'City Light Vitrine 841 x 1189 mm / Einseitig, Wandmontage',161,'CLVEW',0,1,1358.5,1358.5,19,'2017-02-06 16:06:42',0,0,'','','','',1,0,0,''),(421,'274c02b8c6e49edbe62c4e9ec4e2775c3cc81498',0,'Infostand Höhe: 118cm Durchmesser: 33cm / Ja',74,'INSA4A',0,4,102.7,102.7,19,'2017-02-09 09:27:10',0,0,'','','','',1,0,0,''),(423,'66ae6fded0f8be6021877ef16b8b6663fddb5d35',0,'Faltzelt 3 x 3 00 weiß / 3 x Seitenwand ohne Druck',269,'KLEVER ZELT 3X3.1',0,2,699,699,19,'2017-02-23 09:13:31',0,0,'','','','',1,0,0,''),(424,'429b5bc652652cb03e7a33d65a26ef75e18c1b5f',0,'Beachflag Skyflag Wind 205 / Erdbohrer',92,'SW205EB',0,20,156,156,19,'2017-02-27 11:43:57',0,0,'','','','',1,0,0,''),(427,'9540851e646639bd872ab6a6d4186a50a0552477',0,'Roll-Up PLUS 85 x 200cm',32,'RBPLUS85',0,1,159,159,19,'2017-03-14 14:20:47',0,0,'','','','',1,0,0,''),(428,'77f1036cfac807e7254b0f9cdaa46a2e89683d91',0,'Transport Trolly XL',313,'TT.2',0,1,79.9,79.9,19,'2017-03-14 17:45:46',0,0,'','','','',1,0,0,''),(430,'6b39127251577e1e13bc01c331197e70969b4688',0,'Event Aufsteller 1000 x 1000 mm',329,'SW10114',0,1,179,179,19,'2017-03-17 23:54:37',0,0,'','','','',1,0,0,''),(431,'b45107ebad12e9d811f3e8b64dfcc5b6f6dff017',0,'Messewand Zipper Display Sinus einseitiger Digitaldruck / 3 Meter',347,'ZDS',0,1,499,499,19,'2017-03-20 16:54:11',0,0,'','','','',1,0,0,''),(432,'1ac76c6716a539f258776040fd9dc70b442bac32',0,'Messewand Zipper Display Sinus einseitiger Digitaldruck / 3 Meter',347,'ZDS',0,1,499,499,19,'2017-03-21 12:42:27',0,0,'','','','',1,0,0,''),(433,'a660f1e1ce3634f7f3578d90e41f777da7a19c60',0,'LED Textilspannrahmen 45 - nach Maß 100 x 100cm (BxH)',346,'LED45',0,1,399,399,19,'2017-03-22 08:28:12',0,0,'','','','',1,0,0,''),(435,'f67a1b53c41b242a9fa2c0d47bc4dfcb3e0d7ce2',0,'Traversensystem X-Truss Single Banner',147,'XTSB10',0,1,908.7,908.7,19,'2017-05-02 17:29:11',0,0,'','','','',1,0,0,''),(436,'beb1c693522f7348f1bf07326f16907ea4eda929',0,'LED Beleuchtung für Messewand Silber',53,'POPUPLED50S',0,4,98,98,19,'2017-05-16 09:59:39',0,0,'','','','',1,0,0,''),(437,'d319cc6eae2d9f5907f07f87d0364a45fd8b8623',0,'Kundenstopper Wind 700 x 1000 mm / Schwarz',142,'WIND1SZ',0,2,179,179,19,'2017-05-17 12:01:32',0,0,'','','','',1,0,0,''),(438,'4b8b702ba22b1df4badffa80577863f9b06ba1af',0,'Zeltaktion - Gestell + Dach- und 1x Seitenwanddruck 3 x 3m',360,'ZAKTION2m.1',0,1,889,889,19,'2017-05-17 13:18:56',0,0,'','','','',1,0,0,''),(441,'757c0cc63d6d45399d9244dde6b6192a096068ab',0,'Theke ALU 6Eck Counter 100 x 123 x 55 (HxBxT) / Weiß',57,'ALU6ECKWE',0,1,298,298,19,'2017-05-26 09:16:49',0,0,'','','','',1,0,0,''),(442,'07d98548c82db941250f94134f56c79c9f0fe67f',0,'Roll Banner Scroll Down 800 mm Breite',186,'RBSCDOWN80',0,10,167.7,167.7,19,'2017-05-29 13:40:41',0,0,'','','','',1,0,0,''),(444,'ed68ece380c393c334d210811a15107960b8e4e1',0,'Messewand Zipper Display Sinus einseitiger Digitaldruck / 3 Meter',347,'ZDS',0,2,599,599,19,'2017-06-20 10:10:01',0,0,'','','','',1,0,0,''),(445,'c18743b559eadee9d704a2ed0e75e154bf150f82',0,'Kundenstopper Wind 841 x 1189 mm / Schwarz',142,'WIND3SZ',0,1,331.37,331.37,19,'2017-06-21 10:32:03',0,0,'','','','',1,0,0,''),(446,'564bbe5c163a13a2fe2b20f8385ef3f061d3fe7e',0,'Beachflag Skyflag Square 350 / Wassertank 24l',94,'SS350WT',0,4,269,269,19,'2017-07-20 17:42:27',0,0,'','','','',1,0,0,''),(447,'ae2dd4be6fccc7757bb9a6248d8d20af4bb78bef',0,'Messestand Quick Stand Set 1',248,'QSSET1',0,10,679,679,19,'2017-07-24 14:38:17',0,0,'','','','',1,0,0,''),(448,'9ee9066e30664678de4dae6b7487e2ffb256619a',0,'PVC Plane Frontlit 500gr. Gerüstbanner 1000 x 3000 mm / rundum gesäumt und geöst',303,'FRONTLIT.14',0,1,63,63,19,'2017-07-24 18:42:02',0,0,'','','','',1,0,0,''),(449,'ea90769b681cae2ed3b97807db10cee31c1ba78b',0,'Acryl T-Aufsteller A5 (148 x 210 mm) / Hochformat',192,'ATAUFA5H',0,20,7.67,7.67,19,'2017-07-27 16:04:49',0,0,'','','','',1,0,0,''),(450,'aeec4023f15f02daf5df6edbcc2d52b42844408d',0,'Messestand Quick Stand Set 1',248,'QSSET1',0,1,679,679,19,'2017-08-01 07:35:32',0,0,'','','','',1,0,0,''),(452,'ekbk1k21jf727usflodk95eh64',30,'Swing Wing Aufsteller DIN A4 / Hochformat',193,'SWAUFA4H',0,2,12.35,12.35,19,'2017-09-28 14:07:37',0,0,'','','','',1,0,0,''),(453,'ekbk1k21jf727usflodk95eh64',30,'Swing Wing Aufsteller DIN A5 / Hochformat',193,'SWAUFA5H',0,2,8.45,8.45,19,'2017-09-28 14:07:56',0,0,'','','','',1,0,0,''),(454,'ekbk1k21jf727usflodk95eh64',30,'Swing Wing Aufsteller DIN A4 / Querformat',193,'SWAUFA4Q',0,1,12.35,12.35,19,'2017-09-28 14:09:50',0,0,'','','','',1,0,0,''),(458,'bbef01290d6b2f9377854d22ee6e221c583ac0f2',0,'Roll Banner Light 50 Watt Schwarz',50,'RBL50B',0,6,49,49,19,'2017-10-11 11:45:48',0,0,'','','','',1,0,0,''),(459,'c9d99908ffd2dddcebd846febf2d7e75b897a58b',0,'Smart LED Buchstaben Rot A',212,'SW10102',0,20,20.67,20.67,19,'2017-10-11 13:20:15',0,0,'','','','',1,0,0,''),(460,'5a93d56a0b419f6ff38af1aa8b0da54a09763f2b',0,'Roll Banner Premium 100 x 200cm / Ja',38,'RBPRE100',0,55,198,198,19,'2017-10-17 15:49:49',0,0,'','','','',1,0,0,''),(461,'8db3c2bcab11be6533653e49f5dd84fd9a915ca6',0,'Roll Banner Premium 85 x 200cm / Ja',38,'RBPRE85',0,3,179,179,19,'2017-10-25 08:58:55',0,0,'','','','',1,0,0,''),(462,'dc10a03306301e594bbf61deee4c20c85d8c00de',0,'Sky Dancer Boy 6m',275,'SDBOY',0,2,599,599,19,'2017-11-09 14:09:33',0,0,'','','','',1,0,0,''),(465,'a7ff9b17b02ca1e30bffb45838f378bfc51a6b32',0,'Wasserfester Kundenstopper 32mm A1 (594 x 841 mm)',334,'SW10116.1',0,18,96,96,19,'2018-01-18 09:57:45',0,0,'','','','',1,0,0,''),(466,'4f050c9202447eaa55501454c2d16b8d2474621e',0,'Werkzeugkarte aus Edelstahl',245,'WK',0,1000,284.7,284.7,19,'2018-01-18 10:48:55',0,0,'','','','',1,0,0,''),(467,'021184f7cffd01cc625485690df8e135161e32bd',0,'LED Modul 904 - Beleuchtung für Aluprofilrahmen',292,'LM904',0,5,65,65,19,'2018-05-15 20:04:56',0,0,'','','','',1,0,0,''),(468,'021184f7cffd01cc625485690df8e135161e32bd',0,'Wasserfester Kundenstopper 32mm A0 (841 x 1189 mm)',334,'SW10116',0,20,149,149,19,'2018-05-15 20:23:48',0,0,'','','','',1,0,0,'');

--
-- Table structure for table `s_order_basket_attributes`
--

CREATE TABLE `s_order_basket_attributes` (
  `id` int(11) NOT NULL AUTO_INCREMENT,
  `basketID` int(11) DEFAULT NULL,
  `attribute1` varchar(255) COLLATE utf8_unicode_ci DEFAULT NULL,
  `attribute2` varchar(255) COLLATE utf8_unicode_ci DEFAULT NULL,
  `attribute3` longtext COLLATE utf8_unicode_ci,
  `attribute4` varchar(255) COLLATE utf8_unicode_ci DEFAULT NULL,
  `attribute5` longtext COLLATE utf8_unicode_ci,
  `attribute6` varchar(255) COLLATE utf8_unicode_ci DEFAULT NULL,
  PRIMARY KEY (`id`),
  UNIQUE KEY `basketID` (`basketID`),
  CONSTRAINT `s_order_basket_attributes_ibfk_2` FOREIGN KEY (`basketID`) REFERENCES `s_order_basket` (`id`) ON DELETE CASCADE ON UPDATE NO ACTION
) ENGINE=InnoDB AUTO_INCREMENT=330 DEFAULT CHARSET=utf8 COLLATE=utf8_unicode_ci;

--
-- Dumping data for table `s_order_basket_attributes`
--

INSERT INTO `s_order_basket_attributes` VALUES (1,1,'',NULL,NULL,NULL,NULL,NULL),(2,2,'',NULL,NULL,NULL,NULL,NULL),(3,3,'',NULL,NULL,NULL,NULL,NULL),(12,12,'',NULL,NULL,NULL,NULL,NULL),(13,13,'',NULL,NULL,NULL,NULL,NULL),(14,14,'',NULL,NULL,NULL,NULL,NULL),(15,15,'',NULL,NULL,NULL,NULL,NULL),(17,17,'',NULL,NULL,NULL,NULL,NULL),(20,20,'',NULL,NULL,NULL,NULL,NULL),(21,21,'',NULL,NULL,NULL,NULL,NULL),(22,22,'',NULL,NULL,NULL,NULL,NULL),(23,23,'',NULL,NULL,NULL,NULL,NULL),(24,24,'',NULL,NULL,NULL,NULL,NULL),(27,27,'',NULL,NULL,NULL,NULL,NULL),(28,28,'',NULL,NULL,NULL,NULL,NULL),(32,32,'',NULL,NULL,NULL,NULL,NULL),(33,33,'',NULL,NULL,NULL,NULL,NULL),(38,38,'',NULL,NULL,NULL,NULL,NULL),(40,40,'',NULL,NULL,NULL,NULL,NULL),(42,42,'',NULL,NULL,NULL,NULL,NULL),(43,43,'',NULL,NULL,NULL,NULL,NULL),(44,44,'',NULL,NULL,NULL,NULL,NULL),(45,45,'',NULL,NULL,NULL,NULL,NULL),(46,46,'',NULL,NULL,NULL,NULL,NULL),(49,49,'',NULL,NULL,NULL,NULL,NULL),(51,51,'',NULL,NULL,NULL,NULL,NULL),(52,52,'',NULL,NULL,NULL,NULL,NULL),(53,53,'',NULL,NULL,NULL,NULL,NULL),(54,54,'',NULL,NULL,NULL,NULL,NULL),(56,56,'',NULL,NULL,NULL,NULL,NULL),(57,57,'',NULL,NULL,NULL,NULL,NULL),(58,58,'',NULL,NULL,NULL,NULL,NULL),(59,59,'',NULL,NULL,NULL,NULL,NULL),(60,60,'',NULL,NULL,NULL,NULL,NULL),(87,87,'',NULL,NULL,NULL,NULL,NULL),(88,88,'',NULL,NULL,NULL,NULL,NULL),(89,89,'',NULL,NULL,NULL,NULL,NULL),(94,94,'',NULL,NULL,NULL,NULL,NULL),(95,95,'',NULL,NULL,NULL,NULL,NULL),(96,96,'',NULL,NULL,NULL,NULL,NULL),(97,97,'',NULL,NULL,NULL,NULL,NULL),(98,98,'',NULL,NULL,NULL,NULL,NULL),(99,99,'',NULL,NULL,NULL,NULL,NULL),(100,100,'',NULL,NULL,NULL,NULL,NULL),(101,101,'',NULL,NULL,NULL,NULL,NULL),(103,103,'',NULL,NULL,NULL,NULL,NULL),(104,104,'',NULL,NULL,NULL,NULL,NULL),(105,105,'',NULL,NULL,NULL,NULL,NULL),(107,107,'',NULL,NULL,NULL,NULL,NULL),(108,108,'',NULL,NULL,NULL,NULL,NULL),(109,121,'',NULL,NULL,NULL,NULL,NULL),(110,122,'',NULL,NULL,NULL,NULL,NULL),(111,143,'',NULL,NULL,NULL,NULL,NULL),(112,144,'',NULL,NULL,NULL,NULL,NULL),(113,145,'',NULL,NULL,NULL,NULL,NULL),(114,146,'',NULL,NULL,NULL,NULL,NULL),(116,148,'',NULL,NULL,NULL,NULL,NULL),(118,150,'',NULL,NULL,NULL,NULL,NULL),(121,153,'',NULL,NULL,NULL,NULL,NULL),(124,156,'',NULL,NULL,NULL,NULL,NULL),(125,157,'',NULL,NULL,NULL,NULL,NULL),(126,158,'',NULL,NULL,NULL,NULL,NULL),(127,159,'',NULL,NULL,NULL,NULL,NULL),(131,163,'',NULL,NULL,NULL,NULL,NULL),(133,165,'',NULL,NULL,NULL,NULL,NULL),(135,167,'',NULL,NULL,NULL,NULL,NULL),(136,168,'',NULL,NULL,NULL,NULL,NULL),(137,169,'',NULL,NULL,NULL,NULL,NULL),(138,170,'',NULL,NULL,NULL,NULL,NULL),(140,172,'',NULL,NULL,NULL,NULL,NULL),(141,173,'',NULL,NULL,NULL,NULL,NULL),(142,174,'',NULL,NULL,NULL,NULL,NULL),(143,175,'',NULL,NULL,NULL,NULL,NULL),(144,176,'',NULL,NULL,NULL,NULL,NULL),(147,203,'',NULL,NULL,NULL,NULL,NULL),(148,204,'',NULL,NULL,NULL,NULL,NULL),(149,205,'',NULL,NULL,NULL,NULL,NULL),(150,206,'',NULL,NULL,NULL,NULL,NULL),(152,208,'',NULL,NULL,NULL,NULL,NULL),(153,209,'',NULL,NULL,NULL,NULL,NULL),(154,210,'',NULL,NULL,NULL,NULL,NULL),(155,211,'',NULL,NULL,NULL,NULL,NULL),(157,213,'',NULL,NULL,NULL,NULL,NULL),(158,214,'',NULL,NULL,NULL,NULL,NULL),(159,215,'',NULL,NULL,NULL,NULL,NULL),(160,216,'',NULL,NULL,NULL,NULL,NULL),(161,217,'',NULL,NULL,NULL,NULL,NULL),(163,219,'',NULL,NULL,NULL,NULL,NULL),(164,220,'',NULL,NULL,NULL,NULL,NULL),(165,221,'',NULL,NULL,NULL,NULL,NULL),(166,222,'',NULL,NULL,NULL,NULL,NULL),(167,223,'',NULL,NULL,NULL,NULL,NULL),(168,224,'',NULL,NULL,NULL,NULL,NULL),(169,225,'',NULL,NULL,NULL,NULL,NULL),(170,226,'',NULL,NULL,NULL,NULL,NULL),(171,227,'',NULL,NULL,NULL,NULL,NULL),(172,245,'',NULL,NULL,NULL,NULL,NULL),(174,268,'',NULL,NULL,NULL,NULL,NULL),(175,269,'',NULL,NULL,NULL,NULL,NULL),(176,270,'',NULL,NULL,NULL,NULL,NULL),(177,271,'',NULL,NULL,NULL,NULL,NULL),(178,272,'',NULL,NULL,NULL,NULL,NULL),(179,273,'',NULL,NULL,NULL,NULL,NULL),(181,275,'',NULL,NULL,NULL,NULL,NULL),(182,276,'',NULL,NULL,NULL,NULL,NULL),(183,277,'',NULL,NULL,NULL,NULL,NULL),(184,278,'',NULL,NULL,NULL,NULL,NULL),(185,279,'',NULL,NULL,NULL,NULL,NULL),(186,280,'',NULL,NULL,NULL,NULL,NULL),(187,281,'',NULL,NULL,NULL,NULL,NULL),(188,282,'',NULL,NULL,NULL,NULL,NULL),(189,283,'',NULL,NULL,NULL,NULL,NULL),(190,284,'',NULL,NULL,NULL,NULL,NULL),(193,287,'',NULL,NULL,NULL,NULL,NULL),(194,288,'',NULL,NULL,NULL,NULL,NULL),(195,289,'',NULL,NULL,NULL,NULL,NULL),(196,290,'',NULL,NULL,NULL,NULL,NULL),(197,291,'',NULL,NULL,NULL,NULL,NULL),(198,292,'',NULL,NULL,NULL,NULL,NULL),(199,293,'',NULL,NULL,NULL,NULL,NULL),(200,294,'',NULL,NULL,NULL,NULL,NULL),(201,295,'',NULL,NULL,NULL,NULL,NULL),(202,296,'',NULL,NULL,NULL,NULL,NULL),(203,301,'',NULL,NULL,NULL,NULL,NULL),(204,302,'',NULL,NULL,NULL,NULL,NULL),(206,304,'',NULL,NULL,NULL,NULL,NULL),(207,305,'',NULL,NULL,NULL,NULL,NULL),(208,306,'',NULL,NULL,NULL,NULL,NULL),(209,307,'',NULL,NULL,NULL,NULL,NULL),(210,308,'',NULL,NULL,NULL,NULL,NULL),(211,309,'',NULL,NULL,NULL,NULL,NULL),(212,310,'',NULL,NULL,NULL,NULL,NULL),(213,311,'',NULL,NULL,NULL,NULL,NULL),(214,312,'',NULL,NULL,NULL,NULL,NULL),(215,313,'',NULL,NULL,NULL,NULL,NULL),(216,314,'',NULL,NULL,NULL,NULL,NULL),(217,315,'',NULL,NULL,NULL,NULL,NULL),(218,316,'',NULL,NULL,NULL,NULL,NULL),(219,317,'',NULL,NULL,NULL,NULL,NULL),(220,318,'',NULL,NULL,NULL,NULL,NULL),(221,319,'',NULL,NULL,NULL,NULL,NULL),(224,322,'',NULL,NULL,NULL,NULL,NULL),(225,323,'',NULL,NULL,NULL,NULL,NULL),(226,324,'',NULL,NULL,NULL,NULL,NULL),(228,326,'',NULL,NULL,NULL,NULL,NULL),(229,327,'',NULL,NULL,NULL,NULL,NULL),(231,329,'',NULL,NULL,NULL,NULL,NULL),(232,330,'',NULL,NULL,NULL,NULL,NULL),(235,333,'',NULL,NULL,NULL,NULL,NULL),(236,334,'',NULL,NULL,NULL,NULL,NULL),(237,335,'',NULL,NULL,NULL,NULL,NULL),(238,336,'',NULL,NULL,NULL,NULL,NULL),(239,337,'',NULL,NULL,NULL,NULL,NULL),(240,338,'',NULL,NULL,NULL,NULL,NULL),(241,339,'',NULL,NULL,NULL,NULL,NULL),(242,340,'',NULL,NULL,NULL,NULL,NULL),(243,341,'',NULL,NULL,NULL,NULL,NULL),(244,342,'',NULL,NULL,NULL,NULL,NULL),(249,347,'',NULL,NULL,NULL,NULL,NULL),(250,348,'',NULL,NULL,NULL,NULL,NULL),(251,349,'',NULL,NULL,NULL,NULL,NULL),(254,352,'',NULL,NULL,NULL,NULL,NULL),(255,353,'',NULL,NULL,NULL,NULL,NULL),(257,355,'',NULL,NULL,NULL,NULL,NULL),(258,356,'',NULL,NULL,NULL,NULL,NULL),(259,357,'',NULL,NULL,NULL,NULL,NULL),(261,359,'',NULL,NULL,NULL,NULL,NULL),(263,361,'',NULL,NULL,NULL,NULL,NULL),(265,363,'',NULL,NULL,NULL,NULL,NULL),(266,364,'',NULL,NULL,NULL,NULL,NULL),(268,366,'',NULL,NULL,NULL,NULL,NULL),(269,367,'',NULL,NULL,NULL,NULL,NULL),(270,368,'',NULL,NULL,NULL,NULL,NULL),(271,369,'',NULL,NULL,NULL,NULL,NULL),(272,370,'',NULL,NULL,NULL,NULL,NULL),(273,371,'',NULL,NULL,NULL,NULL,NULL),(274,372,'',NULL,NULL,NULL,NULL,NULL),(278,417,'',NULL,NULL,NULL,NULL,NULL),(279,418,'',NULL,NULL,NULL,NULL,NULL),(280,419,'',NULL,NULL,NULL,NULL,NULL),(281,420,'',NULL,NULL,NULL,NULL,NULL),(282,421,'',NULL,NULL,NULL,NULL,NULL),(284,423,'',NULL,NULL,NULL,NULL,NULL),(285,424,'',NULL,NULL,NULL,NULL,NULL),(288,427,'',NULL,NULL,NULL,NULL,NULL),(289,428,'',NULL,NULL,NULL,NULL,NULL),(291,430,'',NULL,NULL,NULL,NULL,NULL),(292,431,'',NULL,NULL,NULL,NULL,NULL),(293,432,'',NULL,NULL,NULL,NULL,NULL),(294,433,'',NULL,NULL,NULL,NULL,NULL),(296,435,'',NULL,NULL,NULL,NULL,NULL),(297,436,'',NULL,NULL,NULL,NULL,NULL),(298,437,'',NULL,NULL,NULL,NULL,NULL),(299,438,'',NULL,NULL,NULL,NULL,NULL),(302,441,'',NULL,NULL,NULL,NULL,NULL),(303,442,'',NULL,NULL,NULL,NULL,NULL),(305,444,'',NULL,NULL,NULL,NULL,NULL),(306,445,'',NULL,NULL,NULL,NULL,NULL),(307,446,'',NULL,NULL,NULL,NULL,NULL),(308,447,'',NULL,NULL,NULL,NULL,NULL),(309,448,'',NULL,NULL,NULL,NULL,NULL),(310,449,'',NULL,NULL,NULL,NULL,NULL),(311,450,'',NULL,NULL,NULL,NULL,NULL),(313,452,'',NULL,NULL,NULL,NULL,NULL),(314,453,'',NULL,NULL,NULL,NULL,NULL),(315,454,'',NULL,NULL,NULL,NULL,NULL),(319,458,'',NULL,NULL,NULL,NULL,NULL),(320,459,'',NULL,NULL,NULL,NULL,NULL),(321,460,'',NULL,NULL,NULL,NULL,NULL),(322,461,'',NULL,NULL,NULL,NULL,NULL),(323,462,'',NULL,NULL,NULL,NULL,NULL),(326,465,'',NULL,NULL,NULL,NULL,NULL),(327,466,'',NULL,NULL,NULL,NULL,NULL),(328,467,'',NULL,NULL,NULL,NULL,NULL),(329,468,'',NULL,NULL,NULL,NULL,NULL);

--
-- Table structure for table `s_order_billingaddress`
--

CREATE TABLE `s_order_billingaddress` (
  `id` int(11) NOT NULL AUTO_INCREMENT,
  `userID` int(11) DEFAULT NULL,
  `orderID` int(11) NOT NULL,
  `company` varchar(255) COLLATE utf8_unicode_ci NOT NULL,
  `department` varchar(35) COLLATE utf8_unicode_ci NOT NULL,
  `salutation` varchar(30) COLLATE utf8_unicode_ci NOT NULL,
  `customernumber` varchar(30) COLLATE utf8_unicode_ci NOT NULL,
  `firstname` varchar(50) COLLATE utf8_unicode_ci NOT NULL,
  `lastname` varchar(60) COLLATE utf8_unicode_ci NOT NULL,
  `street` varchar(100) COLLATE utf8_unicode_ci NOT NULL,
  `streetnumber` varchar(50) COLLATE utf8_unicode_ci NOT NULL,
  `zipcode` varchar(50) COLLATE utf8_unicode_ci NOT NULL,
  `city` varchar(70) COLLATE utf8_unicode_ci NOT NULL,
  `phone` varchar(40) COLLATE utf8_unicode_ci NOT NULL,
  `fax` varchar(40) COLLATE utf8_unicode_ci NOT NULL,
  `countryID` int(11) NOT NULL DEFAULT '0',
  `stateID` int(11) NOT NULL,
  `ustid` varchar(50) COLLATE utf8_unicode_ci NOT NULL,
  PRIMARY KEY (`id`),
  UNIQUE KEY `orderID` (`orderID`),
  KEY `userid` (`userID`)
) ENGINE=InnoDB AUTO_INCREMENT=33 DEFAULT CHARSET=utf8 COLLATE=utf8_unicode_ci;

--
-- Dumping data for table `s_order_billingaddress`
--

INSERT INTO `s_order_billingaddress` VALUES (11,7,107,'Hansen Gbr','Stadt Shop','mr','20009','Rene','Hansen','Saarlouiser Straße','17','15890','Eisenhüttenstadt','033645521269','',2,0,''),(12,9,119,'SC GERMROM TRADING IMPORT EXPORT SRL','','ms','21443','Voinescu','Sorina','PASCANI','2','200151','CRAIOVA','0040251520520','',35,0,'RO14417327'),(13,10,126,'Malzhaus Plauen','','mr','21444','Tommy','Ziegenhagen','Alter Teich','7-9','08527','Plauen','03741153214','',2,0,''),(14,15,133,'CDU Rheinisch-Bergischer Kreis','','mr','21449','Thomas','Frank','Am Stadion','18-24','51465','Bergisch Gladbach','02202 936950','',2,0,''),(15,16,135,'Kulturforum Bad Nenndorf e. V.','','mr','21450','Joachim','Braun','Grüner Weg','10','31542','Bad Nenndorf','05723 9199991','',2,0,''),(16,18,138,'A.-W. HEIL&SOHN GmbH&Co.KG','Marketing','mr','21452','Andreas','Nau','Bergstraße','4-7','30539','Hannover','0511 5108 135','',2,0,''),(17,19,141,'qualyx event','','mr','21453','jens','holst','osnabrücker tr','18','10589','berlin','01775962381','',2,0,''),(18,20,144,'FORMEN GMBH','FRISUER','mr','21454','Hüseyin','Ucar','SOESTEN STR','6','49661','CLOPPENBURG','017631283560','',2,0,'5620120666'),(19,21,146,'NAIL-ARTIST International','Geschäftsführung','mr','21455','Christian','Nitz','Hofriedenstrasse','5','6911','Lochau','0043 664 4538102','',2,0,'ATU63476438'),(20,19,150,'qualyx eventsolutions gmbh','','mr','21453','jens','holst','osnabrücker tr','18','10589','berlin','01775962381','',2,0,''),(21,22,153,'Raidsonic Technology GmbH','','ms','21456','Xin','Lin','Kurt-Fischer-Straße','50','22926','Ahrensburg','04102468912','',2,0,'DE201975889'),(22,23,156,'MAGNA sweets GmbH','Marketing','mr','21457','Anja','Nitsche','Gewerbering','6','82272','Moorenweis','081469966134','',2,0,'DE811933733'),(23,24,158,'OptiOffice GbR','','mr','21458','Martin','Blume','Mittelweg','149','20148','Hamburg','01570 - 33 31 303','',2,0,'DE306252348'),(24,25,160,'Dr. Beyer Internet-Beratung','','mr','21459','Torsten','Beyer','Weimarer Str.','30','64372','Ober-Ramstadt','06154 6246860','',2,0,'DE229767145'),(25,26,163,'büro schmidt kommunikationsdesign','','mr','21460','andre','schmidt','brühler straße','209','42657','solingen','0212 2215769','',2,0,'de257204693'),(26,27,167,'','','ms','21461','Monika','Dr. Pech','Morigglstr','1','80995','München','0170 8126490','',2,0,''),(27,28,169,'Hepa Wash GmbH','Logistik','mr','21462','Hepa','Wash','Agnes Pockels Bogen','1','80992','München','089/4111842-44','',2,0,'DE235056961'),(28,29,173,'Wellconn International Ltd. & Co. KG','','ms','21463','Monika','Lumper','Nachtigalstr.','29','80638','München','089/71000718','',2,0,'DE299384581'),(29,30,176,'Die Werbeprofis Dürr GmbH','GF','mr','21464','Rigo','Dürr','Im Hasengarten','14','77815','Bühl','07223 911513','',2,0,''),(30,30,179,'Die Werbeprofis Dürr GmbH','GF','mr','21464','Rigo','Dürr','Im Hasengarten','14','77815','Bühl','07223 911513','',2,0,''),(31,34,186,'','','mr','21468','Tom','Kirschner','fdad','132231','2313','dsasadsadsad','321231','',2,0,''),(32,34,188,'','','mr','21468','Tom','Kirschner','fdad','132231','2313','dsasadsadsad','321231','',2,0,'');

--
-- Table structure for table `s_order_billingaddress_attributes`
--

CREATE TABLE `s_order_billingaddress_attributes` (
  `id` int(11) NOT NULL AUTO_INCREMENT,
  `billingID` int(11) DEFAULT NULL,
  `text1` varchar(255) COLLATE utf8_unicode_ci DEFAULT NULL,
  `text2` varchar(255) COLLATE utf8_unicode_ci DEFAULT NULL,
  `text3` varchar(255) COLLATE utf8_unicode_ci DEFAULT NULL,
  `text4` varchar(255) COLLATE utf8_unicode_ci DEFAULT NULL,
  `text5` varchar(255) COLLATE utf8_unicode_ci DEFAULT NULL,
  `text6` varchar(255) COLLATE utf8_unicode_ci DEFAULT NULL,
  PRIMARY KEY (`id`),
  UNIQUE KEY `billingID` (`billingID`),
  CONSTRAINT `s_order_billingaddress_attributes_ibfk_2` FOREIGN KEY (`billingID`) REFERENCES `s_order_billingaddress` (`id`) ON DELETE CASCADE ON UPDATE NO ACTION
) ENGINE=InnoDB AUTO_INCREMENT=33 DEFAULT CHARSET=utf8 COLLATE=utf8_unicode_ci;

--
-- Dumping data for table `s_order_billingaddress_attributes`
--

INSERT INTO `s_order_billingaddress_attributes` VALUES (11,11,'','','','','',''),(12,12,'','','','','',''),(13,13,'','','','','',''),(14,14,'','','','','',''),(15,15,'','','','','',''),(16,16,'','','','','',''),(17,17,'','','','','',''),(18,18,'','','','','',''),(19,19,'','','','','',''),(20,20,'','','','','',''),(21,21,'','','','','',''),(22,22,'','','','','',''),(23,23,'','','','','',''),(24,24,'','','','','',''),(25,25,'','','','','',''),(26,26,'','','','','',''),(27,27,'','','','','',''),(28,28,'','','','','',''),(29,29,'','','','','',''),(30,30,'','','','','',''),(31,31,'','','','','',''),(32,32,'','','','','','');

--
-- Table structure for table `s_order_comparisons`
--

CREATE TABLE `s_order_comparisons` (
  `id` int(11) NOT NULL AUTO_INCREMENT,
  `sessionID` varchar(128) COLLATE utf8_unicode_ci DEFAULT NULL,
  `userID` int(11) NOT NULL DEFAULT '0',
  `articlename` varchar(255) COLLATE utf8_unicode_ci NOT NULL,
  `articleID` int(11) NOT NULL DEFAULT '0',
  `datum` datetime NOT NULL DEFAULT '0000-00-00 00:00:00',
  PRIMARY KEY (`id`),
  KEY `articleID` (`articleID`),
  KEY `sessionID` (`sessionID`),
  KEY `datum` (`datum`)
) ENGINE=InnoDB DEFAULT CHARSET=utf8 COLLATE=utf8_unicode_ci;

--
-- Dumping data for table `s_order_comparisons`
--


--
-- Table structure for table `s_order_details`
--

CREATE TABLE `s_order_details` (
  `id` int(11) NOT NULL AUTO_INCREMENT,
  `orderID` int(11) NOT NULL DEFAULT '0',
  `ordernumber` varchar(40) COLLATE utf8_unicode_ci NOT NULL,
  `articleID` int(11) NOT NULL DEFAULT '0',
  `articleordernumber` varchar(30) COLLATE utf8_unicode_ci NOT NULL,
  `price` double NOT NULL DEFAULT '0',
  `quantity` int(11) NOT NULL DEFAULT '0',
  `name` varchar(255) COLLATE utf8_unicode_ci NOT NULL,
  `status` int(1) NOT NULL DEFAULT '0',
  `shipped` int(11) NOT NULL DEFAULT '0',
  `shippedgroup` int(11) NOT NULL DEFAULT '0',
  `releasedate` date DEFAULT NULL,
  `modus` int(11) NOT NULL,
  `esdarticle` int(1) NOT NULL,
  `taxID` int(11) DEFAULT NULL,
  `tax_rate` double NOT NULL,
  `config` mediumtext COLLATE utf8_unicode_ci NOT NULL,
  `ean` varchar(255) COLLATE utf8_unicode_ci DEFAULT NULL,
  `unit` varchar(255) COLLATE utf8_unicode_ci DEFAULT NULL,
  `pack_unit` varchar(255) COLLATE utf8_unicode_ci DEFAULT NULL,
  PRIMARY KEY (`id`),
  KEY `orderID` (`orderID`),
  KEY `articleID` (`articleID`),
  KEY `ordernumber` (`ordernumber`),
  KEY `articleordernumber` (`articleordernumber`)
) ENGINE=InnoDB AUTO_INCREMENT=273 DEFAULT CHARSET=utf8 COLLATE=utf8_unicode_ci;

--
-- Dumping data for table `s_order_details`
--

INSERT INTO `s_order_details` VALUES (91,71,'0',93,'SD235',129.9,1,'Skyflag Drop 235',0,0,0,'0000-00-00',0,0,1,19,'',NULL,NULL,NULL),(122,98,'0',105,'KST100',298,1,'Kundenstopper Triangel 100 x 200cm',0,0,0,'0000-00-00',0,0,1,19,'',NULL,NULL,NULL),(123,99,'0',38,'RBPRE85',139.9,1,'Roll Banner Premium 85 x 200cm / Ja',0,0,0,'0000-00-00',0,0,1,19,'',NULL,NULL,NULL),(131,107,'62396',49,'RBL35',59.9,4,'Roll Banner Light 35 Watt',0,0,0,'0000-00-00',0,0,1,19,'','','',''),(187,117,'0',63,'ALUDC',500,1,'ALU Display Counter 92 x 77,5 x 40,5 cm (HxBxT) / Holz',0,0,0,'0000-00-00',0,0,1,19,'',NULL,NULL,NULL),(188,117,'0',62,'ALURC',389,1,'ALU Rechteck Counter Holz 92 x 83 x 45 cm (HxBxT) / Holz',0,0,0,'0000-00-00',0,0,1,19,'',NULL,NULL,NULL),(189,117,'0',61,'ALUSC1',305.9,1,'ALU Straight Counter 101 x 100 x 50 cm (HxBxT)',0,0,0,'0000-00-00',0,0,1,19,'',NULL,NULL,NULL),(191,119,'1025',191,'BPM4X5A4',103.92,1,'Boden Prospektständer Multiside 4 x 5',0,0,0,'0000-00-00',0,0,1,19,'','','',''),(198,126,'1026',181,'WKSA0',15.9,9,'Wasserfester Klapprahmen mit Sicherungsschraube A0 (841 x 1189 mm)',0,0,0,'0000-00-00',0,0,1,19,'','','',''),(199,127,'0',35,'RBEXCLU85',189.9,1,'Roll Up Exclusive 85 x 200cm',0,0,0,'0000-00-00',0,0,1,19,'',NULL,NULL,NULL),(204,130,'0',53,'POPUPLED50W',98,10,'LED Beleuchtung für Messewand Weiß',0,0,0,'0000-00-00',0,0,1,19,'',NULL,NULL,NULL),(205,130,'0',274,'WLCW',19.9,10,'Strahler - Klammer für max. 53mm Wände',0,0,0,'0000-00-00',0,0,1,19,'',NULL,NULL,NULL),(208,133,'1027',333,'KECO25',72,1,'Kundenstopper Eco Outdoor A1 (594 x 841 mm)',0,0,0,'0000-00-00',0,0,1,19,'','','',''),(210,135,'1028',35,'RBEXCLU85',199,2,'Roll Up Exclusive 85 x 200cm',0,0,0,'0000-00-00',0,0,1,19,'','','',''),(215,138,'1029',53,'POPUPLED50S',98,4,'LED Beleuchtung für Messewand Silber',0,0,0,'0000-00-00',0,0,1,19,'','','',''),(216,138,'1029',274,'WLCW',19.9,4,'Strahler - Klammer für max. 53mm Wände',0,0,0,'0000-00-00',0,0,1,19,'','','',''),(219,141,'1030',72,'PHZZM',162.5,1,'Prospektständer ZickZack Matt',0,0,0,'0000-00-00',0,0,1,19,'','','',''),(222,144,'1031',325,'LEDLB12',294,1,'LED Leuchtrahmen 12 A0 (841 x 1189 mm)',0,0,0,'0000-00-00',0,0,1,19,'','','',''),(224,146,'1032',116,'ISC100W',138.97,1,'Ipad Stand Curved Weiß',0,0,0,'0000-00-00',0,0,1,19,'','','',''),(228,150,'1033',72,'PHZZM',162.5,12,'Prospektständer ZickZack Matt',0,0,0,'0000-00-00',0,0,1,19,'','','',''),(231,153,'1034',82,'SVGR',399,1,'Spiral Vitrine Säule Durchmesser: 56,6cm Höhe: 206,5cm',0,0,0,'0000-00-00',0,0,1,19,'','','Stück',''),(234,156,'1035',314,'ST',112,1,'Soft Trolly',0,0,0,'0000-00-00',0,0,1,19,'','','',''),(236,158,'1036',178,'MFED2022F',419,2,'Textilspannrahmen Maxi Frame 100 x 1500mm einseitiger Digitaldruck / 2000 x 2250 mm / Fillet Fuß',0,0,0,'0000-00-00',0,0,1,19,'','','',''),(238,160,'1037',313,'TT.2',79.9,1,'Transport Trolly XL',0,0,0,'0000-00-00',0,0,1,19,'','','',''),(241,163,'1038',49,'RBL35',59,1,'Roll Banner Light 35 Watt',0,0,0,'0000-00-00',0,0,1,19,'','','',''),(245,167,'1039',267,'BFDMD',79,1,'Metallbodendübel für Beachlags',0,0,0,'0000-00-00',0,0,1,19,'','','',''),(247,169,'1040',53,'POPUPLED50S',98,3,'LED Beleuchtung für Messewand Silber',0,0,0,'0000-00-00',0,0,1,19,'','','',''),(251,173,'1041',82,'SVGR',389,1,'Spiral Vitrine Säule Durchmesser: 56,6cm Höhe: 206,5cm',0,0,0,'0000-00-00',0,0,1,19,'','','Stück',''),(254,176,'1042',193,'SWAUFA4Q',12.35,3,'Swing Wing Aufsteller DIN A4 / Querformat',0,0,0,'0000-00-00',0,0,1,19,'','','',''),(261,179,'1043',193,'SWAUFA5H',8.45,2,'Swing Wing Aufsteller DIN A5 / Hochformat',0,0,0,'0000-00-00',0,0,1,19,'','','',''),(262,179,'1043',193,'SWAUFA4H',12.35,2,'Swing Wing Aufsteller DIN A4 / Hochformat',0,0,0,'0000-00-00',0,0,1,19,'','','',''),(263,179,'1043',193,'SWAUFA4Q',12.35,1,'Swing Wing Aufsteller DIN A4 / Querformat',0,0,0,'0000-00-00',0,0,1,19,'','','',''),(267,183,'0',358,'PSFLASHZIP',269,1,'Prospektständer Flashzip',0,0,0,'0000-00-00',0,0,1,19,'',NULL,NULL,NULL),(268,184,'0',358,'PSFLASHZIP',269,1,'Prospektständer Flashzip',0,0,0,'0000-00-00',0,0,1,19,'',NULL,NULL,NULL),(270,186,'1044',358,'PSFLASHZIP',269,1,'Prospektständer Flashzip',0,0,0,'0000-00-00',0,0,1,19,'','','',''),(272,188,'1045',284,'LTF-180',189,1,'Textil Frame für LED Beleuchtung beidbeidseitig 180mm - 6m am Stück',0,0,0,'0000-00-00',0,0,1,19,'','','','');

--
-- Table structure for table `s_order_details_attributes`
--

CREATE TABLE `s_order_details_attributes` (
  `id` int(11) NOT NULL AUTO_INCREMENT,
  `detailID` int(11) DEFAULT NULL,
  `attribute1` varchar(255) COLLATE utf8_unicode_ci DEFAULT NULL,
  `attribute2` varchar(255) COLLATE utf8_unicode_ci DEFAULT NULL,
  `attribute3` longtext COLLATE utf8_unicode_ci,
  `attribute4` longtext COLLATE utf8_unicode_ci,
  `attribute5` longtext COLLATE utf8_unicode_ci,
  `attribute6` varchar(255) COLLATE utf8_unicode_ci DEFAULT NULL,
  PRIMARY KEY (`id`),
  UNIQUE KEY `detailID` (`detailID`),
  CONSTRAINT `s_order_details_attributes_ibfk_1` FOREIGN KEY (`detailID`) REFERENCES `s_order_details` (`id`) ON DELETE CASCADE ON UPDATE NO ACTION
) ENGINE=InnoDB AUTO_INCREMENT=42 DEFAULT CHARSET=utf8 COLLATE=utf8_unicode_ci;

--
-- Dumping data for table `s_order_details_attributes`
--

INSERT INTO `s_order_details_attributes` VALUES (17,131,'','','','','',''),(18,191,'','','','','',''),(19,198,'','','','','',''),(20,208,'','','','','',''),(21,210,'','','','','',''),(22,215,'','','','','',''),(23,216,'','','','','',''),(24,219,'','','','','',''),(25,222,'','','','','',''),(26,224,'','','','','',''),(27,228,'','','','','',''),(28,231,'','','','','',''),(29,234,'','','','','',''),(30,236,'','','','','',''),(31,238,'','','','','',''),(32,241,'','','','','',''),(33,245,'','','','','',''),(34,247,'','','','','',''),(35,251,'','','','','',''),(36,254,'','','','','',''),(37,261,'','','','','',''),(38,262,'','','','','',''),(39,263,'','','','','',''),(40,270,'','','','','',''),(41,272,'','','','','','');

--
-- Table structure for table `s_order_documents`
--

CREATE TABLE `s_order_documents` (
  `ID` int(11) NOT NULL AUTO_INCREMENT,
  `date` date NOT NULL,
  `type` int(11) NOT NULL,
  `userID` int(11) NOT NULL,
  `orderID` int(11) unsigned NOT NULL,
  `amount` double NOT NULL,
  `docID` int(11) NOT NULL,
  `hash` varchar(255) COLLATE utf8_unicode_ci NOT NULL,
  PRIMARY KEY (`ID`),
  KEY `orderID` (`orderID`),
  KEY `userID` (`userID`)
) ENGINE=InnoDB AUTO_INCREMENT=3 DEFAULT CHARSET=utf8 COLLATE=utf8_unicode_ci;

--
-- Dumping data for table `s_order_documents`
--

INSERT INTO `s_order_documents` VALUES (1,'2015-01-28',1,7,107,295.71,52133,'7658dc59376c908303bfaeea4d084a00'),(2,'2015-04-15',1,9,119,120.91,1023,'8848358cc9169f58e253a8fa8f5e7253');

--
-- Table structure for table `s_order_documents_attributes`
--

CREATE TABLE `s_order_documents_attributes` (
  `id` int(11) NOT NULL AUTO_INCREMENT,
  `documentID` int(11) DEFAULT NULL,
  PRIMARY KEY (`id`),
  UNIQUE KEY `documentID` (`documentID`),
  CONSTRAINT `s_order_documents_attributes_ibfk_1` FOREIGN KEY (`documentID`) REFERENCES `s_order_documents` (`ID`) ON DELETE CASCADE ON UPDATE NO ACTION
) ENGINE=InnoDB AUTO_INCREMENT=3 DEFAULT CHARSET=utf8 COLLATE=utf8_unicode_ci;

--
-- Dumping data for table `s_order_documents_attributes`
--

INSERT INTO `s_order_documents_attributes` VALUES (1,1),(2,2);

--
-- Table structure for table `s_order_esd`
--

CREATE TABLE `s_order_esd` (
  `id` int(11) NOT NULL AUTO_INCREMENT,
  `serialID` int(255) NOT NULL DEFAULT '0',
  `esdID` int(11) NOT NULL DEFAULT '0',
  `userID` int(11) NOT NULL DEFAULT '0',
  `orderID` int(11) NOT NULL DEFAULT '0',
  `orderdetailsID` int(11) NOT NULL DEFAULT '0',
  `datum` datetime NOT NULL,
  PRIMARY KEY (`id`)
) ENGINE=InnoDB DEFAULT CHARSET=utf8 COLLATE=utf8_unicode_ci;

--
-- Dumping data for table `s_order_esd`
--


--
-- Table structure for table `s_order_history`
--

CREATE TABLE `s_order_history` (
  `id` int(11) NOT NULL AUTO_INCREMENT,
  `orderID` int(11) NOT NULL,
  `userID` int(11) DEFAULT NULL,
  `previous_order_status_id` int(11) DEFAULT NULL,
  `order_status_id` int(11) DEFAULT NULL,
  `previous_payment_status_id` int(11) DEFAULT NULL,
  `payment_status_id` int(11) DEFAULT NULL,
  `comment` text COLLATE utf8_unicode_ci NOT NULL,
  `change_date` datetime DEFAULT NULL,
  PRIMARY KEY (`id`),
  KEY `user` (`userID`),
  KEY `order` (`orderID`),
  KEY `current_payment_status` (`payment_status_id`),
  KEY `current_order_status` (`order_status_id`),
  KEY `previous_payment_status` (`previous_payment_status_id`),
  KEY `previous_order_status` (`previous_order_status_id`)
) ENGINE=InnoDB AUTO_INCREMENT=6 DEFAULT CHARSET=utf8 COLLATE=utf8_unicode_ci;

--
-- Dumping data for table `s_order_history`
--

INSERT INTO `s_order_history` VALUES (1,107,51,0,1,17,17,'','2015-01-27 14:22:11'),(2,107,51,1,7,17,17,'','2015-01-28 09:29:03'),(3,126,51,0,0,17,12,'','2016-07-12 09:21:19'),(4,119,51,0,0,17,12,'','2016-07-12 09:21:25'),(5,107,51,7,7,17,16,'','2016-07-12 09:21:31');

--
-- Table structure for table `s_order_notes`
--

CREATE TABLE `s_order_notes` (
  `id` int(11) NOT NULL AUTO_INCREMENT,
  `sUniqueID` varchar(70) COLLATE utf8_unicode_ci NOT NULL,
  `userID` int(11) NOT NULL DEFAULT '0',
  `articlename` varchar(255) COLLATE utf8_unicode_ci NOT NULL,
  `articleID` int(11) NOT NULL DEFAULT '0',
  `ordernumber` varchar(30) COLLATE utf8_unicode_ci NOT NULL,
  `datum` datetime NOT NULL DEFAULT '0000-00-00 00:00:00',
  PRIMARY KEY (`id`),
  KEY `basket_count_notes` (`sUniqueID`,`userID`)
) ENGINE=InnoDB DEFAULT CHARSET=utf8 COLLATE=utf8_unicode_ci;

--
-- Dumping data for table `s_order_notes`
--


--
-- Table structure for table `s_order_number`
--

CREATE TABLE `s_order_number` (
  `id` int(11) NOT NULL AUTO_INCREMENT,
  `number` int(20) NOT NULL,
  `name` varchar(255) COLLATE utf8_unicode_ci NOT NULL,
  `desc` varchar(255) COLLATE utf8_unicode_ci NOT NULL,
  PRIMARY KEY (`id`),
  UNIQUE KEY `name` (`name`)
) ENGINE=InnoDB AUTO_INCREMENT=929 DEFAULT CHARSET=utf8 COLLATE=utf8_unicode_ci;

--
-- Dumping data for table `s_order_number`
--

INSERT INTO `s_order_number` VALUES (1,21468,'user','Kunden'),(920,1045,'invoice','Bestellungen'),(921,31441,'doc_1','Lieferscheine'),(922,1014,'doc_2','Gutschriften'),(924,1023,'doc_0','Rechnungen'),(925,10118,'articleordernumber','Artikelbestellnummer  '),(926,10000,'sSERVICE1','Service - 1'),(927,10000,'sSERVICE2','Service - 2'),(928,110,'blogordernumber','Blog - ID');

--
-- Table structure for table `s_order_shippingaddress`
--

CREATE TABLE `s_order_shippingaddress` (
  `id` int(11) NOT NULL AUTO_INCREMENT,
  `userID` int(11) DEFAULT NULL,
  `orderID` int(11) NOT NULL,
  `company` varchar(255) COLLATE utf8_unicode_ci NOT NULL,
  `department` varchar(35) COLLATE utf8_unicode_ci NOT NULL,
  `salutation` varchar(30) COLLATE utf8_unicode_ci NOT NULL,
  `firstname` varchar(50) COLLATE utf8_unicode_ci NOT NULL,
  `lastname` varchar(60) COLLATE utf8_unicode_ci NOT NULL,
  `street` varchar(100) COLLATE utf8_unicode_ci NOT NULL,
  `streetnumber` varchar(50) COLLATE utf8_unicode_ci NOT NULL,
  `zipcode` varchar(50) COLLATE utf8_unicode_ci NOT NULL,
  `city` varchar(70) COLLATE utf8_unicode_ci NOT NULL,
  `countryID` int(11) NOT NULL,
  `stateID` int(11) NOT NULL,
  PRIMARY KEY (`id`),
  UNIQUE KEY `orderID` (`orderID`),
  KEY `userID` (`userID`)
) ENGINE=InnoDB AUTO_INCREMENT=33 DEFAULT CHARSET=utf8 COLLATE=utf8_unicode_ci;

--
-- Dumping data for table `s_order_shippingaddress`
--

INSERT INTO `s_order_shippingaddress` VALUES (11,7,107,'Hansen Gbr','Stadt Shop','mr','Rene','Hansen','Saarlouiser Straße','17','15890','Eisenhüttenstadt',2,0),(12,9,119,'SC GERMROM TRADING IMPORT EXPORT SRL','','ms','Voinescu','Sorina','PASCANI','2','200151','CRAIOVA',35,0),(13,10,126,'Malzhaus Plauen','','mr','Tommy','Ziegenhagen','Alter Teich','7-9','08527','Plauen',2,0),(14,15,133,'CDU Rheinisch-Bergischer Kreis','','mr','Thomas','Frank','Am Stadion','18-24','51465','Bergisch Gladbach',2,0),(15,16,135,'Kulturforum Bad Nenndorf e. V.','','mr','Joachim','Braun','Grüner Weg','10','31542','Bad Nenndorf',2,0),(16,18,138,'A.-W. HEIL&SOHN GmbH&Co.KG','Marketing','mr','Andreas','Nau','Bergstraße','4-7','30539','Hannover',2,0),(17,19,141,'qualyx event','','mr','jens','holst','osnabrücker tr','18','10589','berlin',2,0),(18,20,144,'FORMEN GMBH','FRISUER','mr','Hüseyin','Ucar','SOESTEN STR','6','49661','CLOPPENBURG',2,0),(19,21,146,'NAIL-ARTIST International','Geschäftsführung','mr','Christian','Nitz','Hofriedenstrasse','5','6911','Lochau',2,0),(20,19,150,'qualyx eventsolutions gmbh','','mr','jens','holst','osnabrücker tr','18','10589','berlin',2,0),(21,22,153,'Raidsonic Technology GmbH','','ms','Xin','Lin','Kurt-Fischer-Straße','50','22926','Ahrensburg',2,0),(22,23,156,'MAGNA sweets GmbH','Marketing','mr','Anja','Nitsche','Gewerbering','6','82272','Moorenweis',2,0),(23,24,158,'','','mr','Martin','Blume','Linsingenstr.','4','30163','Hannover',2,0),(24,25,160,'Dr. Beyer Internet-Beratung','','mr','Torsten','Beyer','Hundertwasserallee','7','64372','Ober-Ramstadt',2,0),(25,26,163,'büro schmidt kommunikationsdesign','','mr','andre','schmidt','brühler straße','209','42657','solingen',2,0),(26,27,167,'','','ms','Monika','Dr. Pech','Morigglstr','1','80995','München',2,0),(27,28,169,'Hepa Wash GmbH','Logistik','mr','Hepa','Wash','Agnes Pockels Bogen','1','80992','München',2,0),(28,29,173,'Wellconn International Ltd. & Co. KG','','ms','Monika','Lumper','Nachtigalstr.','29','80638','München',2,0),(29,30,176,'Die Werbeprofis Dürr GmbH','GF','mr','Rigo','Dürr','Im Hasengarten','14','77815','Bühl',2,0),(30,30,179,'Die Werbeprofis Dürr GmbH','GF','mr','Rigo','Dürr','Im Hasengarten','14','77815','Bühl',2,0),(31,34,186,'','','mr','Tom','Kirschner','fdad','132231','2313','dsasadsadsad',2,0),(32,34,188,'','','mr','Tom','Kirschner','fdad','132231','2313','dsasadsadsad',2,0);

--
-- Table structure for table `s_order_shippingaddress_attributes`
--

CREATE TABLE `s_order_shippingaddress_attributes` (
  `id` int(11) NOT NULL AUTO_INCREMENT,
  `shippingID` int(11) DEFAULT NULL,
  `text1` varchar(255) COLLATE utf8_unicode_ci DEFAULT NULL,
  `text2` varchar(255) COLLATE utf8_unicode_ci DEFAULT NULL,
  `text3` varchar(255) COLLATE utf8_unicode_ci DEFAULT NULL,
  `text4` varchar(255) COLLATE utf8_unicode_ci DEFAULT NULL,
  `text5` varchar(255) COLLATE utf8_unicode_ci DEFAULT NULL,
  `text6` varchar(255) COLLATE utf8_unicode_ci DEFAULT NULL,
  PRIMARY KEY (`id`),
  UNIQUE KEY `shippingID` (`shippingID`),
  CONSTRAINT `s_order_shippingaddress_attributes_ibfk_1` FOREIGN KEY (`shippingID`) REFERENCES `s_order_shippingaddress` (`id`) ON DELETE CASCADE ON UPDATE NO ACTION
) ENGINE=InnoDB AUTO_INCREMENT=33 DEFAULT CHARSET=utf8 COLLATE=utf8_unicode_ci;

--
-- Dumping data for table `s_order_shippingaddress_attributes`
--

INSERT INTO `s_order_shippingaddress_attributes` VALUES (11,11,'','','','','',''),(12,12,'','','','','',''),(13,13,'','','','','',''),(14,14,'','','','','',''),(15,15,'','','','','',''),(16,16,'','','','','',''),(17,17,'','','','','',''),(18,18,'','','','','',''),(19,19,'','','','','',''),(20,20,'','','','','',''),(21,21,'','','','','',''),(22,22,'','','','','',''),(23,23,'','','','','',''),(24,24,'','','','','',''),(25,25,'','','','','',''),(26,26,'','','','','',''),(27,27,'','','','','',''),(28,28,'','','','','',''),(29,29,'','','','','',''),(30,30,'','','','','',''),(31,31,'','','','','',''),(32,32,'','','','','','');

--
-- Table structure for table `s_plugin_recommendations`
--

CREATE TABLE `s_plugin_recommendations` (
  `id` int(11) NOT NULL AUTO_INCREMENT,
  `categoryID` int(11) NOT NULL,
  `banner_active` int(1) NOT NULL,
  `new_active` int(1) NOT NULL,
  `bought_active` int(1) NOT NULL,
  `supplier_active` int(1) NOT NULL,
  PRIMARY KEY (`id`),
  UNIQUE KEY `categoryID_2` (`categoryID`)
) ENGINE=InnoDB DEFAULT CHARSET=utf8 COLLATE=utf8_unicode_ci;

--
-- Dumping data for table `s_plugin_recommendations`
--


--
-- Table structure for table `s_plugin_widgets_notes`
--

CREATE TABLE `s_plugin_widgets_notes` (
  `id` int(11) NOT NULL AUTO_INCREMENT,
  `userID` int(11) NOT NULL,
  `notes` text COLLATE utf8_unicode_ci NOT NULL,
  PRIMARY KEY (`id`)
) ENGINE=InnoDB DEFAULT CHARSET=utf8 COLLATE=utf8_unicode_ci;

--
-- Dumping data for table `s_plugin_widgets_notes`
--


--
-- Table structure for table `s_premium_dispatch`
--

CREATE TABLE `s_premium_dispatch` (
  `id` int(11) NOT NULL AUTO_INCREMENT,
  `name` varchar(255) COLLATE utf8_unicode_ci NOT NULL,
  `type` int(11) unsigned NOT NULL,
  `description` mediumtext COLLATE utf8_unicode_ci NOT NULL,
  `comment` varchar(255) COLLATE utf8_unicode_ci NOT NULL,
  `active` int(1) unsigned NOT NULL,
  `position` int(11) NOT NULL,
  `calculation` int(1) unsigned NOT NULL,
  `surcharge_calculation` int(1) unsigned NOT NULL,
  `tax_calculation` int(11) unsigned NOT NULL,
  `shippingfree` decimal(10,2) unsigned DEFAULT NULL,
  `multishopID` int(11) unsigned DEFAULT NULL,
  `customergroupID` int(11) unsigned DEFAULT NULL,
  `bind_shippingfree` int(1) unsigned NOT NULL,
  `bind_time_from` int(11) unsigned DEFAULT NULL,
  `bind_time_to` int(11) unsigned DEFAULT NULL,
  `bind_instock` int(1) unsigned DEFAULT NULL,
  `bind_laststock` int(1) unsigned NOT NULL,
  `bind_weekday_from` int(1) unsigned DEFAULT NULL,
  `bind_weekday_to` int(1) unsigned DEFAULT NULL,
  `bind_weight_from` decimal(10,3) DEFAULT NULL,
  `bind_weight_to` decimal(10,3) DEFAULT NULL,
  `bind_price_from` decimal(10,2) DEFAULT NULL,
  `bind_price_to` decimal(10,2) DEFAULT NULL,
  `bind_sql` mediumtext COLLATE utf8_unicode_ci,
  `status_link` mediumtext COLLATE utf8_unicode_ci,
  `calculation_sql` mediumtext COLLATE utf8_unicode_ci,
  PRIMARY KEY (`id`)
) ENGINE=InnoDB AUTO_INCREMENT=10 DEFAULT CHARSET=utf8 COLLATE=utf8_unicode_ci;

--
-- Dumping data for table `s_premium_dispatch`
--

INSERT INTO `s_premium_dispatch` VALUES (9,'Standard Versand',0,'','',1,0,0,3,0,NULL,NULL,NULL,0,NULL,NULL,NULL,0,NULL,NULL,NULL,NULL,NULL,NULL,NULL,'',NULL);

--
-- Table structure for table `s_premium_dispatch_attributes`
--

CREATE TABLE `s_premium_dispatch_attributes` (
  `id` int(11) NOT NULL AUTO_INCREMENT,
  `dispatchID` int(11) DEFAULT NULL,
  PRIMARY KEY (`id`),
  UNIQUE KEY `dispatchID` (`dispatchID`),
  CONSTRAINT `s_premium_dispatch_attributes_ibfk_1` FOREIGN KEY (`dispatchID`) REFERENCES `s_premium_dispatch` (`id`) ON DELETE CASCADE ON UPDATE NO ACTION
) ENGINE=InnoDB DEFAULT CHARSET=utf8 COLLATE=utf8_unicode_ci;

--
-- Dumping data for table `s_premium_dispatch_attributes`
--


--
-- Table structure for table `s_premium_dispatch_categories`
--

CREATE TABLE `s_premium_dispatch_categories` (
  `dispatchID` int(11) unsigned NOT NULL,
  `categoryID` int(11) unsigned NOT NULL,
  PRIMARY KEY (`dispatchID`,`categoryID`)
) ENGINE=InnoDB DEFAULT CHARSET=utf8 COLLATE=utf8_unicode_ci;

--
-- Dumping data for table `s_premium_dispatch_categories`
--


--
-- Table structure for table `s_premium_dispatch_countries`
--

CREATE TABLE `s_premium_dispatch_countries` (
  `dispatchID` int(11) NOT NULL,
  `countryID` int(11) NOT NULL,
  PRIMARY KEY (`dispatchID`,`countryID`)
) ENGINE=InnoDB DEFAULT CHARSET=utf8 COLLATE=utf8_unicode_ci;

--
-- Dumping data for table `s_premium_dispatch_countries`
--

INSERT INTO `s_premium_dispatch_countries` VALUES (9,2),(9,3),(9,4),(9,5),(9,7),(9,8),(9,9),(9,10),(9,11),(9,12),(9,13),(9,14),(9,15),(9,16),(9,18),(9,20),(9,21),(9,22),(9,23),(9,24),(9,25),(9,26),(9,27),(9,28),(9,29),(9,30),(9,31),(9,32),(9,33),(9,34),(9,35),(9,36),(9,37);

--
-- Table structure for table `s_premium_dispatch_holidays`
--

CREATE TABLE `s_premium_dispatch_holidays` (
  `dispatchID` int(11) unsigned NOT NULL,
  `holidayID` int(11) unsigned NOT NULL,
  PRIMARY KEY (`dispatchID`,`holidayID`)
) ENGINE=InnoDB DEFAULT CHARSET=utf8 COLLATE=utf8_unicode_ci;

--
-- Dumping data for table `s_premium_dispatch_holidays`
--


--
-- Table structure for table `s_premium_dispatch_paymentmeans`
--

CREATE TABLE `s_premium_dispatch_paymentmeans` (
  `dispatchID` int(11) NOT NULL,
  `paymentID` int(11) NOT NULL,
  PRIMARY KEY (`dispatchID`,`paymentID`)
) ENGINE=InnoDB DEFAULT CHARSET=utf8 COLLATE=utf8_unicode_ci;

--
-- Dumping data for table `s_premium_dispatch_paymentmeans`
--

INSERT INTO `s_premium_dispatch_paymentmeans` VALUES (9,2),(9,3),(9,4),(9,5);

--
-- Table structure for table `s_premium_holidays`
--

CREATE TABLE `s_premium_holidays` (
  `id` int(11) unsigned NOT NULL AUTO_INCREMENT,
  `name` varchar(255) COLLATE utf8_unicode_ci NOT NULL,
  `calculation` varchar(255) COLLATE utf8_unicode_ci NOT NULL,
  `date` date NOT NULL,
  PRIMARY KEY (`id`),
  KEY `date` (`date`)
) ENGINE=InnoDB AUTO_INCREMENT=24 DEFAULT CHARSET=utf8 COLLATE=utf8_unicode_ci;

--
-- Dumping data for table `s_premium_holidays`
--

INSERT INTO `s_premium_holidays` VALUES (1,'Neujahr','DATE(\'01-01\')','0000-00-00'),(2,'Berchtoldstag','DATE(\'01/02\')','0000-00-00'),(3,'Heilige drei Könige','DATE(\'01-06\')','0000-00-00'),(4,'Rosenmontag','DATE_SUB(EASTERDATE(), INTERVAL 48 DAY)','0000-00-00'),(5,'Josefstag','DATE(\'03/19\')','0000-00-00'),(6,'Karfreitag','DATE_SUB(EASTERDATE(), INTERVAL 2 DAY)','0000-00-00'),(7,'Ostermontag','DATE_ADD(EASTERDATE(), INTERVAL 1 DAY)','0000-00-00'),(8,'Tag der Arbeit','DATE(\'05/01\')','0000-00-00'),(9,'Christi Himmelfahrt','DATE_ADD(EASTERDATE(), INTERVAL 39 DAY)','0000-00-00'),(10,'Pfingstmontag','DATE_ADD(EASTERDATE(), INTERVAL 50 DAY)','0000-00-00'),(11,'Fronleichnam','DATE_ADD(EASTERDATE(), INTERVAL 60 DAY)','0000-00-00'),(12,'Bundesfeier (Schweiz)','DATE(\'08-01\')','0000-00-00'),(13,'Mariä Himmelfahrt','DATE(\'08/15\')','0000-00-00'),(14,'Tag der Deutschen Einheit','DATE(\'10/03\')','0000-00-00'),(15,'Nationalfeiertag (Österreich)','DATE(\'10/26\')','0000-00-00'),(16,'Reformationstag','DATE(\'10/31\')','0000-00-00'),(17,'Allerheiligen','DATE(\'11/01\')','0000-00-00'),(18,'Buß- und Bettag','SUBDATE(DATE(\'11-23\'), DAYOFWEEK(DATE(\'11-23\'))+IF(DAYOFWEEK(DATE(\'11-23\'))>4,-4,3))','0000-00-00'),(19,'Mariä Empfängnis','DATE(\'12/8\')','0000-00-00'),(20,'Heiligabend','DATE(\'12/24\')','0000-00-00'),(21,'1. Weihnachtstag','DATE(\'12/25\')','0000-00-00'),(22,'2. Weihnachtstag (Stephanstag)','DATE(\'12/26\')','0000-00-00'),(23,'Sylvester','DATE(\'12/31\')','0000-00-00');

--
-- Table structure for table `s_premium_shippingcosts`
--

CREATE TABLE `s_premium_shippingcosts` (
  `id` int(11) unsigned NOT NULL AUTO_INCREMENT,
  `from` decimal(10,3) unsigned NOT NULL,
  `value` decimal(10,2) NOT NULL,
  `factor` decimal(10,2) NOT NULL,
  `dispatchID` int(11) unsigned NOT NULL,
  PRIMARY KEY (`id`),
  UNIQUE KEY `from` (`from`,`dispatchID`)
) ENGINE=InnoDB AUTO_INCREMENT=242 DEFAULT CHARSET=utf8 COLLATE=utf8_unicode_ci;

--
-- Dumping data for table `s_premium_shippingcosts`
--

INSERT INTO `s_premium_shippingcosts` VALUES (240,0.000,10.59,0.00,9),(241,30.001,22.49,0.00,9);

--
-- Table structure for table `s_schema_version`
--

CREATE TABLE `s_schema_version` (
  `version` int(11) NOT NULL,
  `start_date` datetime NOT NULL,
  `complete_date` datetime DEFAULT NULL,
  `name` varchar(255) COLLATE utf8_unicode_ci NOT NULL,
  `error_msg` varchar(255) COLLATE utf8_unicode_ci DEFAULT NULL,
  PRIMARY KEY (`version`)
) ENGINE=InnoDB DEFAULT CHARSET=utf8 COLLATE=utf8_unicode_ci;

--
-- Dumping data for table `s_schema_version`
--

INSERT INTO `s_schema_version` VALUES (101,'2014-09-24 09:40:05','2014-09-24 09:40:05','add-extended-editor-field',NULL),(102,'2014-09-24 09:40:05','2014-09-24 09:40:05','add-new-emotions',NULL),(103,'2014-09-24 09:40:05','2014-09-24 09:40:05','add-field-blog-teaser',NULL),(104,'2014-09-24 09:40:05','2014-09-24 09:40:05','add-field-blog-thumbnail-size',NULL),(105,'2014-09-24 09:40:05','2014-09-24 09:40:05','s_core_sessions_backend',NULL),(106,'2014-09-24 09:40:05','2014-09-24 09:40:05','add-path-to-categories',NULL),(107,'2014-09-24 09:40:05','2014-09-24 09:40:05','remove-legacy-cache-config',NULL),(108,'2014-09-24 09:40:05','2014-09-24 09:40:05','add-category-listing-indexes',NULL),(109,'2014-09-24 09:40:05','2014-09-24 09:40:05','add-translations',NULL),(110,'2014-09-24 09:40:05','2014-09-24 09:40:05','add-disabled-cache-field',NULL),(111,'2014-09-24 09:40:05','2014-09-24 09:40:06','add-password-encoder',NULL),(112,'2014-09-24 09:40:06','2014-09-24 09:40:06','link-cache-menu-to-the-new-performance-module',NULL),(113,'2014-09-24 09:40:06','2014-09-24 09:40:06','adds-performance-sql',NULL),(114,'2014-09-24 09:40:06','2014-09-24 09:40:06','add-new-top-seller',NULL),(115,'2014-09-24 09:40:06','2014-09-24 09:40:06','add-denormalized-category-table',NULL),(116,'2014-09-24 09:40:06','2014-09-24 09:40:06','optimize-emotion-queries',NULL),(117,'2014-09-24 09:40:06','2014-09-24 09:40:06','add-article-detail-page-indexes',NULL),(118,'2014-09-24 09:40:06','2014-09-24 09:40:06','optimize-property-backend-queries',NULL),(119,'2014-09-24 09:40:06','2014-09-24 09:40:06','add-batchmode-option',NULL),(120,'2014-09-24 09:40:06','2014-09-24 09:40:06','add-cache-log',NULL),(121,'2014-09-24 09:40:06','2014-09-24 09:40:06','fix-cache-label',NULL),(122,'2014-09-24 09:40:06','2014-09-24 09:40:06','optimize-search-index-queries',NULL),(123,'2014-09-24 09:40:06','2014-09-24 09:40:06','add-dummy-plugins',NULL),(124,'2014-09-24 09:40:06','2014-09-24 09:40:06','remove-router-url-cache',NULL),(125,'2014-09-24 09:40:06','2014-09-24 09:40:06','adds-filter-performance-sql',NULL),(126,'2014-09-24 09:40:06','2014-09-24 09:40:06','update-cache-menu-items',NULL),(127,'2014-09-24 09:40:06','2014-09-24 09:40:06','install-http-plugin',NULL),(128,'2014-09-24 09:40:06','2014-09-24 09:40:06','adds-community-store-resource',NULL),(129,'2014-09-24 09:40:06','2014-09-24 09:40:06','fix-mailer-config-help-text-typo',NULL),(130,'2014-09-24 09:40:06','2014-09-24 09:40:06','fix-typo-in-no-script-notices-snippet',NULL),(131,'2014-09-24 09:40:06','2014-09-24 09:40:06','add-top-seller-index',NULL),(132,'2014-09-24 09:40:06','2014-09-24 09:40:06','remove-similar-shown-listener',NULL),(133,'2014-09-24 09:40:06','2014-09-24 09:40:06','add-esd-payment-status-config',NULL),(134,'2014-09-24 09:40:06','2014-09-24 09:40:06','add-http-cache-cleanup-cronjob',NULL),(135,'2014-09-24 09:40:06','2014-09-24 09:40:06','add-main-image-listing-config',NULL),(136,'2014-09-24 09:40:06','2014-09-24 09:40:06','add-send-order-mail-config',NULL),(137,'2014-09-24 09:40:06','2014-09-24 09:40:06','remove-lastarticles-save-time',NULL),(138,'2014-09-24 09:40:06','2014-09-24 09:40:06','fix-typo-last-articles-headline',NULL),(139,'2014-09-24 09:40:06','2014-09-24 09:40:06','remove-plugin-form-from-config',NULL),(140,'2014-09-24 09:40:06','2014-09-24 09:40:06','fix-emotion-grid-id',NULL),(141,'2014-09-24 09:40:06','2014-09-24 09:40:06','add-force-canonical-http-config',NULL),(142,'2014-09-24 09:40:06','2014-09-24 09:40:06','add-listing-description-config',NULL),(143,'2014-09-24 09:40:06','2014-09-24 09:40:06','deactivate-router-to-lower-scope',NULL),(144,'2014-09-24 09:40:06','2014-09-24 09:40:06','add-require-phone-field-config',NULL),(145,'2014-09-24 09:40:06','2014-09-24 09:40:06','fix-default-incorrect-translation',NULL),(146,'2014-09-24 09:40:06','2014-09-24 09:40:06','http-cache-events',NULL),(147,'2014-09-24 09:40:06','2014-09-24 09:40:06','translations',NULL),(148,'2014-09-24 09:40:06','2014-09-24 09:40:06','payment-method-refactor',NULL),(149,'2014-09-24 09:40:06','2014-09-24 09:40:06','add-sepa-database-items',NULL),(150,'2014-09-24 09:40:06','2014-09-24 09:40:06','add-checkout-payment-info-change-config',NULL),(151,'2014-09-24 09:40:06','2014-09-24 09:40:06','add-missing-emotion-field-types',NULL),(200,'2014-09-24 09:40:06','2014-09-24 09:40:06','drop-unused-factory-table',NULL),(201,'2014-09-24 09:40:06','2014-09-24 09:40:06','add-supplier-seo',NULL),(202,'2014-09-24 09:40:06','2014-09-24 09:40:06','unregister-routerold-dead-event',NULL),(203,'2014-09-24 09:40:06','2014-09-24 09:40:06','add-http-cache-clear-event',NULL),(204,'2014-09-24 09:40:06','2014-09-24 09:40:06','add-supplier-seo-template',NULL),(205,'2014-09-24 09:40:06','2014-09-24 09:40:06','date-time-picker-label-update',NULL),(206,'2014-09-24 09:40:06','2014-09-24 09:40:07','change-image-attributes',NULL),(207,'2014-09-24 09:40:07','2014-09-24 09:40:07','product-feed-export',NULL),(208,'2014-09-24 09:40:07','2014-09-24 09:40:07','snippet-handling-refactoring',NULL),(209,'2014-09-24 09:40:07','2014-09-24 09:40:07','add-meta-title',NULL),(210,'2014-09-24 09:40:07','2014-09-24 09:40:07','add-meta-title-to-blog',NULL),(211,'2014-09-24 09:40:07','2014-09-24 09:40:07','add-always-secure',NULL),(212,'2014-09-24 09:40:07','2014-09-24 09:40:07','product-feed-export',NULL),(213,'2014-09-24 09:40:07','2014-09-24 09:40:07','update-payment-methods-plugin',NULL),(214,'2014-09-24 09:40:07','2014-09-24 09:40:07','add-debit-fields-to-payment-data',NULL),(215,'2014-09-24 09:40:07','2014-09-24 09:40:07','enlarge-zipcode-and-streetnumber-user',NULL),(216,'2014-09-24 09:40:07','2014-09-24 09:40:07','enlarge-zipcode-and-streetnumber-billing',NULL),(217,'2014-09-24 09:40:07','2014-09-24 09:40:07','enlarge-zipcode-and-streetnumber-billing_shipping',NULL),(218,'2014-09-24 09:40:07','2014-09-24 09:40:07','remove-old-debug-plugins',NULL),(219,'2014-09-24 09:40:07','2014-09-24 09:40:07','customer-payment-data-editing-in-be',NULL),(220,'2014-09-24 09:40:07','2014-09-24 09:40:07','add-payment-data-restriction',NULL),(221,'2014-09-24 09:40:07','2014-09-24 09:40:07','remove-log-plugin',NULL),(222,'2014-09-24 09:40:07','2014-09-24 09:40:07','add-logmail-config',NULL),(223,'2014-09-24 09:40:07','2014-09-24 09:40:07','add-statistic-config',NULL),(224,'2014-09-24 09:40:07','2014-09-24 09:40:07','add-statistic-impression-table',NULL),(225,'2014-09-24 09:40:07','2014-09-24 09:40:07','fix-emotion-required-fields',NULL),(226,'2014-09-24 09:40:07','2014-09-24 09:40:07','add-tellafriend-remove-option',NULL),(227,'2014-09-24 09:40:07','2014-09-24 09:40:07','fix-canonical-force-http-translation',NULL),(228,'2014-09-24 09:40:07','2014-09-24 09:40:07','add-canonical-force-http-description',NULL),(229,'2014-09-24 09:40:07','2014-09-24 09:40:07','fix-last-articles-plugin-config-form',NULL),(230,'2014-09-24 09:40:07','2014-09-24 09:40:07','fix-emotion-mandatory-fields',NULL),(231,'2014-09-24 09:40:07','2014-09-24 09:40:07','update-redirectDownload-config-var',NULL),(301,'2014-09-24 09:40:07','2014-09-24 09:40:07','drop-unused-cms-content-table',NULL),(302,'2014-09-24 09:40:07','2014-09-24 09:40:07','add-secure-cron',NULL),(303,'2014-09-24 09:40:07','2014-09-24 09:40:07','add-seo-categories',NULL),(304,'2014-09-24 09:40:07','2014-09-24 09:40:08','widget-system-refactoring',NULL),(305,'2014-09-24 09:40:08','2014-09-24 09:40:08','add-product-feed-caching',NULL),(306,'2014-09-24 09:40:08','2014-09-24 09:40:08','update-secure-cron-description',NULL),(307,'2014-09-24 09:40:08','2014-09-24 09:40:08','install-swag-update',NULL),(308,'2014-09-24 09:40:08','2014-09-24 09:40:08','increase-session-id-fields',NULL),(309,'2014-09-24 09:40:08','2014-09-24 09:40:08','merchant-email-translation',NULL),(310,'2014-09-24 09:40:08','2014-09-24 09:40:08','swagupdate-translations',NULL),(311,'2014-09-24 09:40:08','2014-09-24 09:40:08','subshop-maintenance-support',NULL),(312,'2014-09-24 09:40:08','2014-09-24 09:40:08','update-search-form-translation',NULL),(313,'2014-09-24 09:40:08','2014-09-24 09:40:08','add-order-detail-fields',NULL),(314,'2014-09-24 09:40:08','2014-09-24 09:40:08','add-order-detail-pack-unit',NULL),(315,'2014-09-24 09:40:08','2014-09-24 09:40:08','update-shipping-address-country-field-labels',NULL);

--
-- Table structure for table `s_search_fields`
--

CREATE TABLE `s_search_fields` (
  `id` int(11) unsigned NOT NULL AUTO_INCREMENT,
  `name` varchar(255) COLLATE utf8_unicode_ci NOT NULL,
  `relevance` int(11) NOT NULL,
  `field` varchar(255) COLLATE utf8_unicode_ci NOT NULL,
  `tableID` int(11) NOT NULL,
  PRIMARY KEY (`id`),
  UNIQUE KEY `field` (`field`,`tableID`),
  KEY `tableID` (`tableID`)
) ENGINE=InnoDB AUTO_INCREMENT=9 DEFAULT CHARSET=utf8 COLLATE=utf8_unicode_ci;

--
-- Dumping data for table `s_search_fields`
--

INSERT INTO `s_search_fields` VALUES (1,'Kategorie-Keywords',10,'metakeywords',2),(2,'Kategorie-Überschrift',70,'description',2),(3,'Artikel-Name',400,'name',1),(4,'Artikel-Keywords',10,'keywords',1),(5,'Artikel-Bestellnummer',50,'ordernumber',4),(6,'Hersteller-Name',45,'name',3),(7,'Artikel-Name Übersetzung',50,'name',5),(8,'Artikel-Keywords Übersetzung',10,'keywords',5);

--
-- Table structure for table `s_search_index`
--

CREATE TABLE `s_search_index` (
  `keywordID` int(11) NOT NULL,
  `fieldID` int(11) NOT NULL,
  `elementID` int(11) NOT NULL,
  PRIMARY KEY (`keywordID`,`fieldID`,`elementID`),
  KEY `clean_up_index` (`keywordID`,`fieldID`)
) ENGINE=InnoDB DEFAULT CHARSET=utf8 COLLATE=utf8_unicode_ci;

--
-- Dumping data for table `s_search_index`
--

INSERT INTO `s_search_index` VALUES (771,2,1),(772,2,3),(780,1,173),(780,2,280),(780,3,70),(780,3,71),(780,3,72),(780,3,73),(780,3,191),(780,3,237),(780,3,257),(780,3,358),(780,4,302),(784,2,33),(784,2,68),(784,2,127),(784,2,192),(784,2,276),(784,2,286),(784,3,33),(784,3,35),(784,3,38),(784,3,39),(784,3,40),(784,3,41),(784,3,42),(784,3,43),(784,3,49),(784,3,50),(784,3,51),(784,3,135),(784,3,173),(784,3,174),(784,3,185),(784,3,186),(784,4,31),(784,4,32),(784,4,33),(784,4,34),(784,4,35),(784,4,36),(784,4,37),(784,4,38),(784,4,39),(784,4,40),(784,4,41),(784,4,42),(784,4,43),(784,4,86),(784,4,88),(784,4,135),(784,4,185),(784,4,186),(786,1,39),(786,2,87),(786,4,253),(787,2,30),(1959,2,50),(1959,2,72),(1959,3,33),(1959,3,46),(1959,3,70),(1995,2,58),(1995,2,75),(1995,2,93),(1995,3,20),(1995,3,39),(1995,3,68),(1995,3,73),(1995,3,76),(1995,4,39),(1996,2,73),(1996,2,85),(1996,3,44),(1996,3,55),(1996,3,71),(1996,3,133),(1997,1,144),(1997,2,76),(1997,3,74),(2148,2,31),(2149,2,31),(2152,2,34),(2152,2,221),(2152,2,287),(2152,3,23),(2152,3,53),(2152,3,283),(2152,3,284),(2152,3,285),(2152,3,286),(2152,3,287),(2152,3,288),(2152,3,290),(2152,3,291),(2152,3,292),(2152,3,293),(2153,2,35),(2154,2,35),(2154,2,134),(2154,3,112),(2155,2,36),(2156,2,44),(2156,2,45),(2156,2,46),(2156,2,69),(2156,2,70),(2156,2,88),(2156,2,95),(2156,2,121),(2156,2,122),(2156,2,140),(2156,2,141),(2156,2,256),(2156,3,20),(2156,3,21),(2156,3,25),(2156,3,26),(2156,3,28),(2156,3,67),(2156,3,126),(2156,3,128),(2156,3,129),(2156,3,130),(2156,3,131),(2156,3,154),(2156,3,155),(2156,3,156),(2156,3,157),(2156,3,225),(2156,3,312),(2156,3,350),(2156,3,353),(2156,3,361),(2156,4,67),(2157,2,33),(2157,2,44),(2157,2,45),(2157,2,46),(2157,2,69),(2157,2,70),(2157,2,88),(2157,2,95),(2157,2,121),(2157,2,122),(2157,2,140),(2157,2,141),(2157,2,176),(2157,2,192),(2157,2,256),(2157,2,276),(2157,3,20),(2157,3,21),(2157,3,25),(2157,3,26),(2157,3,28),(2157,3,35),(2157,3,39),(2157,3,40),(2157,3,41),(2157,3,42),(2157,3,43),(2157,3,67),(2157,3,126),(2157,3,128),(2157,3,129),(2157,3,130),(2157,3,131),(2157,3,135),(2157,3,154),(2157,3,155),(2157,3,156),(2157,3,157),(2157,3,173),(2157,3,174),(2157,3,185),(2157,3,225),(2157,3,312),(2157,3,350),(2157,3,353),(2157,3,361),(2157,4,31),(2157,4,32),(2157,4,33),(2157,4,34),(2157,4,35),(2157,4,36),(2157,4,37),(2157,4,38),(2157,4,39),(2157,4,40),(2157,4,41),(2157,4,42),(2157,4,43),(2157,4,67),(2157,4,86),(2157,4,88),(2157,4,135),(2157,4,185),(2157,4,186),(2158,2,38),(2159,1,43),(2159,1,164),(2159,1,173),(2159,2,43),(2159,2,173),(2159,2,212),(2159,3,154),(2159,3,155),(2159,3,156),(2159,3,157),(2159,3,173),(2159,3,174),(2159,3,175),(2159,4,35),(2159,4,43),(2159,4,54),(2159,4,55),(2159,4,56),(2159,4,57),(2159,4,58),(2159,4,59),(2159,4,60),(2159,4,61),(2159,4,62),(2159,4,67),(2159,4,253),(2159,4,305),(2160,1,144),(2160,2,40),(2160,2,240),(2160,2,286),(2160,3,86),(2160,3,88),(2160,3,162),(2160,3,224),(2160,3,226),(2160,3,227),(2160,3,333),(2160,3,335),(2160,4,86),(2160,4,87),(2160,4,88),(2161,2,40),(2161,2,164),(2163,2,42),(2339,2,48),(2339,3,31),(2340,2,44),(2340,2,71),(2340,2,121),(2340,2,140),(2340,3,20),(2340,3,25),(2340,3,69),(2340,3,103),(2340,3,128),(2340,3,154),(2340,3,155),(2341,2,45),(2341,2,46),(2341,2,86),(2341,2,122),(2341,2,141),(2341,3,21),(2341,3,26),(2341,3,28),(2341,3,56),(2341,3,129),(2341,3,130),(2341,3,131),(2341,3,156),(2341,3,157),(2341,3,176),(2341,3,179),(2341,3,279),(2341,3,280),(2341,3,281),(2341,3,282),(2341,3,283),(2341,3,284),(2341,3,350),(2341,4,56),(2341,4,270),(2341,4,271),(2341,4,277),(2342,2,46),(2342,2,53),(2342,2,149),(2342,2,160),(2342,3,38),(2342,3,48),(2342,3,130),(2342,3,131),(2342,3,145),(2342,3,308),(2342,4,38),(2343,2,47),(2343,2,123),(2343,3,22),(2343,4,270),(2343,4,271),(2344,2,47),(2344,2,112),(2344,2,123),(2344,3,22),(2344,3,29),(2344,3,30),(2344,3,114),(2345,2,64),(2345,2,65),(2345,2,66),(2345,2,124),(2345,2,130),(2345,3,92),(2345,3,93),(2345,3,94),(2345,3,95),(2345,3,96),(2345,3,97),(2345,3,98),(2345,3,99),(2345,3,100),(2345,3,101),(2345,4,92),(2345,4,93),(2345,4,94),(2345,4,101),(2346,2,65),(2346,2,147),(2346,2,148),(2346,2,156),(2346,2,157),(2346,2,163),(2346,2,205),(2346,3,92),(2346,3,138),(2346,3,139),(2346,3,142),(2346,3,146),(2346,3,255),(2347,2,64),(2347,3,93),(2347,4,92),(2347,4,93),(2348,2,66),(2348,3,94),(2348,4,94),(2349,2,129),(2349,3,91),(2349,4,91),(2356,2,22),(2357,2,32),(2357,2,207),(2358,2,43),(2359,2,49),(2359,3,32),(2360,2,51),(2360,3,34),(2361,2,52),(2361,2,81),(2361,2,92),(2361,2,110),(2361,3,37),(2361,3,64),(2361,3,88),(2361,3,115),(2361,4,88),(2362,2,54),(2362,3,43),(2363,2,55),(2363,3,35),(2364,2,56),(2364,2,115),(2364,3,41),(2364,3,120),(2364,3,122),(2364,3,175),(2364,4,41),(2365,2,57),(2365,3,42),(2365,4,42),(2366,2,59),(2366,3,40),(2366,4,40),(2367,2,60),(2367,2,81),(2367,2,91),(2367,3,36),(2367,3,88),(2367,4,36),(2367,4,40),(2367,4,87),(2367,4,88),(2368,2,60),(2368,3,36),(2368,4,36),(2369,2,61),(2369,3,44),(2370,2,62),(2370,2,195),(2370,2,257),(2370,2,258),(2370,2,259),(2370,3,48),(2370,3,129),(2370,3,269),(2370,3,298),(2370,3,299),(2370,3,300),(2370,3,301),(2370,3,362),(2371,2,67),(2371,3,102),(2371,3,364),(2371,4,92),(2371,4,93),(2371,4,94),(2371,4,102),(2372,1,39),(2372,2,67),(2372,3,55),(2372,3,102),(2372,3,364),(2372,4,102),(2373,2,70),(2373,2,94),(2373,2,130),(2373,2,180),(2373,2,224),(2373,2,243),(2373,2,251),(2373,2,260),(2373,2,288),(2373,4,101),(2374,2,74),(2374,3,72),(2375,2,77),(2375,3,85),(2375,4,85),(2376,2,78),(2376,3,87),(2376,3,228),(2376,3,323),(2377,2,79),(2377,3,87),(2377,4,87),(2377,5,1593),(2378,2,80),(2378,3,86),(2378,4,86),(2378,5,1592),(2379,2,82),(2379,2,87),(2379,3,57),(2379,3,58),(2379,3,59),(2379,3,60),(2379,3,61),(2379,3,62),(2379,3,63),(2379,3,89),(2379,4,57),(2379,4,58),(2379,4,59),(2379,4,60),(2379,4,61),(2379,4,62),(2379,4,277),(2380,1,144),(2380,1,179),(2380,2,82),(2380,2,179),(2380,3,89),(2380,3,193),(2380,3,329),(2380,4,89),(2381,2,83),(2381,2,91),(2381,2,235),(2381,3,66),(2381,3,317),(2382,2,84),(2382,3,54),(2382,4,54),(2382,4,55),(2382,4,253),(2383,1,39),(2383,2,88),(2383,3,55),(2383,3,57),(2383,3,59),(2383,3,60),(2383,3,61),(2383,3,62),(2383,4,54),(2383,4,55),(2383,4,56),(2383,4,57),(2383,4,58),(2383,4,59),(2383,4,60),(2383,4,61),(2383,4,62),(2383,4,67),(2383,4,253),(2384,2,89),(2385,2,90),(2385,3,65),(2386,1,234),(2386,2,93),(2386,3,68),(2387,2,95),(2387,3,54),(2387,3,55),(2387,3,56),(2387,3,57),(2387,3,58),(2387,3,59),(2387,3,60),(2387,3,61),(2387,3,62),(2387,3,63),(2387,3,64),(2387,3,65),(2387,3,66),(2387,3,67),(2387,3,68),(2387,3,225),(2387,3,348),(2387,3,350),(2387,3,353),(2387,4,54),(2387,4,55),(2387,4,56),(2387,4,57),(2387,4,58),(2387,4,59),(2387,4,60),(2387,4,61),(2387,4,62),(2387,4,67),(2387,4,253),(2388,2,96),(2388,2,232),(2388,2,233),(2388,3,313),(2388,3,314),(2389,2,97),(2390,2,98),(2390,3,80),(2390,3,81),(2391,2,99),(2391,3,82),(2391,3,83),(2391,4,82),(2391,4,83),(2392,1,174),(2392,2,99),(2392,3,82),(2392,3,83),(2392,3,158),(2392,3,159),(2392,3,160),(2392,3,161),(2392,4,82),(2392,4,83),(2392,4,158),(2392,4,159),(2392,4,160),(2392,4,161),(2392,4,162),(2392,4,163),(2393,2,100),(2393,3,84),(2393,4,84),(2394,2,101),(2395,2,102),(2395,3,104),(2396,2,103),(2396,2,253),(2397,2,103),(2398,2,104),(2398,3,75),(2399,2,104),(2399,3,75),(2399,3,82),(2399,4,317),(2399,4,344),(2400,2,105),(2400,2,106),(2400,2,193),(2400,2,249),(2400,3,76),(2400,3,77),(2400,3,78),(2400,3,79),(2400,3,217),(2400,3,234),(2400,3,241),(2400,3,318),(2400,3,319),(2400,3,320),(2400,3,321),(2400,3,322),(2400,3,323),(2400,4,170),(2400,5,3578),(2400,5,3672),(2400,5,3673),(2400,5,3674),(2400,5,3675),(2400,5,3676),(2400,5,3677),(2401,2,105),(2401,2,193),(2401,2,249),(2401,3,49),(2401,3,50),(2401,3,51),(2401,3,76),(2401,3,77),(2401,3,78),(2401,3,161),(2401,3,217),(2401,3,234),(2401,3,241),(2401,3,312),(2401,3,318),(2401,3,319),(2401,3,320),(2401,3,321),(2401,3,322),(2401,3,323),(2401,4,170),(2402,2,105),(2402,2,106),(2402,3,76),(2402,3,77),(2402,3,78),(2402,3,79),(2404,1,174),(2404,2,107),(2404,2,148),(2404,2,157),(2404,2,221),(2404,2,235),(2404,2,242),(2404,2,249),(2404,2,250),(2404,2,251),(2404,2,252),(2404,2,282),(2404,2,283),(2404,3,51),(2404,3,53),(2404,3,106),(2404,3,112),(2404,3,146),(2404,3,162),(2404,3,163),(2404,3,168),(2404,3,169),(2404,3,170),(2404,3,171),(2404,3,212),(2404,3,213),(2404,3,214),(2404,3,215),(2404,3,216),(2404,3,218),(2404,3,219),(2404,3,220),(2404,3,222),(2404,3,223),(2404,3,224),(2404,3,230),(2404,3,231),(2404,3,232),(2404,3,233),(2404,3,234),(2404,3,283),(2404,3,284),(2404,3,285),(2404,3,286),(2404,3,287),(2404,3,288),(2404,3,289),(2404,3,290),(2404,3,291),(2404,3,292),(2404,3,293),(2404,3,312),(2404,3,317),(2404,3,318),(2404,3,319),(2404,3,320),(2404,3,321),(2404,3,322),(2404,3,323),(2404,3,325),(2404,3,327),(2404,3,335),(2404,3,343),(2404,3,345),(2404,3,346),(2404,3,349),(2404,3,352),(2404,4,170),(2404,4,248),(2404,4,302),(2404,4,317),(2404,4,335),(2404,5,3578),(2404,5,3672),(2404,5,3673),(2404,5,3674),(2404,5,3675),(2404,5,3676),(2404,5,3677),(2405,2,107),(2405,2,108),(2405,3,107),(2406,2,108),(2406,3,23),(2407,2,109),(2407,3,113),(2408,2,109),(2408,2,110),(2408,2,111),(2408,2,112),(2408,2,113),(2408,2,114),(2408,3,113),(2408,3,114),(2408,3,115),(2408,3,116),(2408,3,117),(2408,3,119),(2409,1,43),(2409,2,110),(2409,2,111),(2409,2,112),(2409,2,115),(2409,2,116),(2409,2,202),(2409,3,114),(2409,3,115),(2409,3,116),(2409,3,120),(2409,3,122),(2409,3,123),(2409,3,140),(2409,3,248),(2409,3,249),(2409,3,250),(2409,3,251),(2409,3,252),(2409,3,302),(2409,4,302),(2410,2,111),(2410,3,59),(2410,3,60),(2410,3,116),(2410,3,130),(2410,3,270),(2410,3,299),(2410,4,59),(2410,4,60),(2410,4,270),(2412,2,113),(2412,2,114),(2412,3,117),(2412,3,119),(2413,2,114),(2413,2,143),(2413,2,167),(2413,2,193),(2413,3,119),(2413,3,148),(2413,3,238),(2413,4,270),(2413,4,271),(2414,2,115),(2414,3,120),(2414,3,122),(2415,2,116),(2415,3,123),(2416,2,120),(2416,4,102),(2417,2,128),(2455,5,1654),(2455,5,1877),(2455,5,2182),(2455,5,2483),(2455,5,2556),(2455,5,2859),(2455,5,2889),(2455,5,3022),(2455,5,3095),(2455,5,3135),(2455,5,3207),(2455,5,3353),(2455,5,3479),(2455,5,3629),(2455,5,3656),(2455,5,3728),(2455,5,3741),(2455,5,3938),(2455,5,3968),(2455,5,4002),(2456,5,1655),(2456,5,1878),(2456,5,2183),(2456,5,2557),(2456,5,2860),(2456,5,2890),(2456,5,3023),(2456,5,3096),(2456,5,3136),(2456,5,3208),(2456,5,3252),(2456,5,3354),(2456,5,3480),(2456,5,3590),(2456,5,3630),(2456,5,3657),(2456,5,3939),(2456,5,3969),(2456,5,4003),(2457,3,325),(2457,5,1656),(2457,5,1879),(2457,5,2184),(2457,5,2558),(2457,5,2861),(2457,5,2891),(2457,5,3024),(2457,5,3097),(2457,5,3137),(2457,5,3209),(2457,5,3253),(2457,5,3355),(2457,5,3481),(2457,5,3591),(2457,5,3631),(2457,5,3658),(2457,5,3940),(2457,5,3970),(2457,5,4004),(2458,5,1657),(2458,5,1880),(2458,5,2185),(2458,5,2580),(2458,5,2862),(2458,5,2892),(2458,5,3025),(2458,5,3098),(2458,5,3138),(2458,5,3210),(2458,5,3254),(2458,5,3356),(2458,5,3482),(2458,5,3592),(2458,5,3632),(2458,5,3659),(2458,5,3941),(2458,5,3971),(2458,5,4005),(2459,5,1658),(2459,5,1881),(2459,5,2186),(2459,5,2581),(2459,5,2863),(2459,5,2893),(2459,5,3026),(2459,5,3099),(2459,5,3139),(2459,5,3211),(2459,5,3255),(2459,5,3357),(2459,5,3483),(2459,5,3633),(2459,5,3660),(2459,5,3942),(2459,5,3972),(2459,5,4006),(2460,5,1666),(2460,5,1882),(2460,5,2187),(2460,5,2561),(2460,5,2864),(2460,5,2894),(2460,5,3027),(2460,5,3100),(2460,5,3140),(2460,5,3212),(2460,5,3358),(2460,5,3484),(2460,5,3594),(2460,5,3634),(2460,5,3661),(2460,5,3943),(2460,5,4007),(2461,5,1667),(2461,5,1883),(2461,5,2188),(2461,5,2562),(2461,5,2865),(2461,5,2895),(2461,5,3028),(2461,5,3101),(2461,5,3141),(2461,5,3213),(2461,5,3359),(2461,5,3485),(2461,5,3595),(2461,5,3635),(2461,5,3944),(2461,5,4008),(2462,5,1668),(2462,5,1884),(2462,5,2189),(2462,5,2563),(2462,5,2866),(2462,5,2896),(2462,5,3029),(2462,5,3102),(2462,5,3142),(2462,5,3214),(2462,5,3258),(2462,5,3360),(2462,5,3486),(2462,5,3636),(2462,5,3945),(2462,5,4009),(2463,3,352),(2463,5,1669),(2463,5,2190),(2463,5,2582),(2463,5,2867),(2463,5,2897),(2463,5,3030),(2463,5,3103),(2463,5,3143),(2463,5,3215),(2463,5,3259),(2463,5,3361),(2463,5,3487),(2463,5,3597),(2463,5,3637),(2463,5,3946),(2463,5,4010),(2464,5,1670),(2464,5,2191),(2464,5,2583),(2464,5,2868),(2464,5,2898),(2464,5,3031),(2464,5,3104),(2464,5,3144),(2464,5,3216),(2464,5,3260),(2464,5,3362),(2464,5,3488),(2464,5,3638),(2464,5,3947),(2464,5,4011),(2466,3,322),(2466,5,1671),(2466,5,2192),(2466,5,2566),(2466,5,2869),(2466,5,2899),(2466,5,3032),(2466,5,3105),(2466,5,3145),(2466,5,3217),(2466,5,3261),(2466,5,3363),(2466,5,3489),(2466,5,3639),(2466,5,3948),(2466,5,4012),(2467,3,293),(2467,5,1672),(2467,5,2193),(2467,5,2567),(2467,5,2870),(2467,5,2900),(2467,5,3033),(2467,5,3106),(2467,5,3146),(2467,5,3364),(2467,5,3490),(2467,5,3640),(2467,5,3949),(2467,5,4013),(2468,5,2194),(2468,5,2568),(2468,5,2871),(2468,5,2901),(2468,5,3034),(2468,5,3107),(2468,5,3147),(2468,5,3365),(2468,5,3491),(2468,5,3641),(2468,5,3950),(2468,5,3973),(2468,5,4014),(2469,5,2195),(2469,5,2584),(2469,5,2872),(2469,5,2902),(2469,5,3035),(2469,5,3108),(2469,5,3148),(2469,5,3264),(2469,5,3366),(2469,5,3492),(2469,5,3642),(2469,5,3951),(2469,5,3974),(2469,5,4015),(2474,5,1322),(2474,5,1874),(2474,5,1892),(2474,5,1901),(2474,5,2179),(2474,5,2206),(2474,5,2480),(2474,5,2553),(2474,5,2856),(2474,5,2886),(2474,5,3019),(2474,5,3092),(2474,5,3132),(2474,5,3204),(2474,5,3248),(2474,5,3350),(2474,5,3476),(2474,5,3626),(2474,5,3653),(2474,5,3671),(2474,5,3684),(2474,5,3714),(2474,5,3725),(2474,5,3738),(2474,5,3751),(2474,5,3935),(2474,5,3965),(2475,5,1652),(2475,5,1875),(2475,5,1893),(2475,5,1902),(2475,5,2180),(2475,5,2207),(2475,5,2481),(2475,5,2578),(2475,5,2857),(2475,5,2887),(2475,5,3020),(2475,5,3093),(2475,5,3133),(2475,5,3205),(2475,5,3249),(2475,5,3351),(2475,5,3477),(2475,5,3627),(2475,5,3654),(2475,5,3685),(2475,5,3726),(2475,5,3739),(2475,5,3752),(2475,5,3936),(2475,5,3966),(2476,5,1653),(2476,5,1876),(2476,5,2181),(2476,5,2208),(2476,5,2482),(2476,5,2579),(2476,5,2858),(2476,5,2888),(2476,5,3021),(2476,5,3094),(2476,5,3134),(2476,5,3206),(2476,5,3352),(2476,5,3478),(2476,5,3588),(2476,5,3628),(2476,5,3655),(2476,5,3727),(2476,5,3740),(2476,5,3937),(2476,5,3967),(2476,5,4001),(2528,3,23),(2602,5,2196),(2602,5,2585),(2602,5,2873),(2602,5,2903),(2602,5,3036),(2602,5,3109),(2602,5,3149),(2602,5,3221),(2602,5,3265),(2602,5,3367),(2602,5,3493),(2602,5,3952),(2602,5,3975),(2602,5,4016),(2603,5,2197),(2603,5,2571),(2603,5,2874),(2603,5,2904),(2603,5,3037),(2603,5,3110),(2603,5,3150),(2603,5,3222),(2603,5,3266),(2603,5,3368),(2603,5,3494),(2603,5,3953),(2603,5,3976),(2603,5,4017),(2604,5,2198),(2604,5,2572),(2604,5,2875),(2604,5,2905),(2604,5,3038),(2604,5,3111),(2604,5,3151),(2604,5,3223),(2604,5,3267),(2604,5,3369),(2604,5,3495),(2604,5,3954),(2604,5,3977),(2604,5,4018),(2608,3,59),(2608,4,59),(2608,5,2588),(2608,5,2909),(2608,5,2918),(2608,5,3042),(2608,5,3115),(2608,5,3155),(2608,5,3227),(2608,5,3271),(2608,5,3373),(2608,5,3499),(2608,5,3981),(2613,3,49),(2613,3,234),(2613,5,2593),(2613,5,2914),(2613,5,2923),(2613,5,3047),(2613,5,3120),(2613,5,3160),(2613,5,3232),(2613,5,3276),(2613,5,3378),(2613,5,3504),(2613,5,3986),(2623,3,60),(2623,3,346),(2623,5,3057),(2623,5,3170),(2623,5,3388),(2623,5,3514),(2628,3,50),(2628,5,3062),(2628,5,3175),(2628,5,3291),(2628,5,3393),(2628,5,3519),(2799,3,273),(2799,3,274),(2800,3,23),(2800,3,49),(2800,3,50),(2801,3,25),(2801,3,26),(2801,3,28),(2801,3,29),(2801,3,30),(2802,1,39),(2802,1,234),(2802,2,221),(2802,3,23),(2802,3,25),(2802,3,26),(2802,3,28),(2802,3,29),(2802,3,30),(2802,3,53),(2802,3,198),(2802,3,202),(2802,3,225),(2802,3,267),(2802,3,268),(2802,3,273),(2802,3,274),(2802,3,277),(2802,3,283),(2802,3,284),(2802,3,285),(2802,3,286),(2802,3,287),(2802,3,288),(2802,3,289),(2802,3,290),(2802,3,291),(2802,3,292),(2802,3,293),(2802,3,294),(2802,3,295),(2802,3,296),(2802,3,297),(2802,3,307),(2802,3,323),(2802,4,42),(2802,4,87),(2802,4,88),(2802,4,101),(2802,4,102),(2803,3,28),(2804,3,29),(2805,3,30),(2806,1,41),(2806,2,36),(2806,2,61),(2806,2,62),(2806,2,68),(2806,2,78),(2806,2,102),(2806,2,126),(2806,2,127),(2806,2,166),(2806,2,167),(2806,2,170),(2806,2,172),(2806,2,228),(2806,2,231),(2806,2,276),(2806,2,284),(2806,3,31),(2806,3,33),(2806,3,34),(2806,3,37),(2806,3,38),(2806,3,44),(2806,3,48),(2806,3,49),(2806,3,50),(2806,3,51),(2806,3,86),(2806,3,87),(2806,3,104),(2806,3,134),(2806,3,136),(2806,3,147),(2806,3,148),(2806,3,151),(2806,3,152),(2806,3,175),(2806,3,186),(2806,3,226),(2806,3,227),(2806,3,228),(2806,3,307),(2806,4,31),(2806,4,34),(2806,4,36),(2806,4,38),(2806,4,39),(2806,4,86),(2806,4,88),(2806,4,135),(2806,4,186),(2807,3,45),(2808,2,277),(2808,3,45),(2808,3,132),(2808,3,338),(2809,3,46),(2810,3,57),(2810,4,57),(2811,3,58),(2811,4,58),(2812,3,61),(2812,3,131),(2812,3,272),(2812,3,301),(2812,4,61),(2813,2,238),(2813,3,62),(2813,3,331),(2814,3,62),(2814,4,62),(2815,1,43),(2815,2,33),(2815,2,69),(2815,2,139),(2815,3,63),(2815,3,249),(2815,3,255),(2815,3,270),(2815,3,271),(2815,3,272),(2815,3,299),(2815,3,300),(2815,3,301),(2815,3,330),(2815,3,347),(2815,4,31),(2815,4,32),(2815,4,33),(2815,4,34),(2815,4,35),(2815,4,36),(2815,4,37),(2815,4,38),(2815,4,43),(2815,4,58),(2815,4,84),(2815,4,86),(2815,4,186),(2815,4,248),(2815,4,270),(2815,4,271),(2815,4,302),(2816,1,22),(2816,3,69),(2816,3,103),(2816,3,198),(2816,3,249),(2816,3,250),(2816,4,302),(2817,2,140),(2817,2,141),(2817,3,77),(2817,3,128),(2817,3,129),(2817,3,154),(2817,3,155),(2818,3,78),(2819,2,106),(2819,3,79),(2820,3,80),(2821,3,81),(2824,4,82),(2824,4,83),(2825,1,174),(2825,2,256),(2825,4,82),(2825,4,83),(2825,4,84),(2827,4,84),(2828,3,356),(2828,4,82),(2828,4,83),(2829,4,82),(2829,4,83),(2830,3,83),(2830,3,328),(2830,3,338),(2830,4,42),(2830,4,82),(2830,4,83),(2831,4,82),(2831,4,83),(2832,4,82),(2832,4,83),(2832,4,84),(2833,4,82),(2833,4,83),(2833,5,1586),(2834,2,169),(2834,2,256),(2834,3,150),(2834,3,361),(2834,4,82),(2834,4,83),(2835,2,256),(2835,4,82),(2835,4,83),(2835,4,84),(2835,4,344),(2836,4,82),(2836,4,83),(2837,4,82),(2837,4,83),(2838,4,84),(2839,4,31),(2839,4,32),(2839,4,33),(2839,4,37),(2839,4,38),(2839,4,42),(2839,4,84),(2839,4,344),(2840,4,85),(2841,1,227),(2841,4,85),(2842,1,144),(2842,4,85),(2842,4,89),(2843,1,144),(2843,2,144),(2843,2,238),(2843,2,273),(2843,3,105),(2843,3,137),(2843,3,140),(2843,3,142),(2843,3,143),(2843,3,144),(2843,3,145),(2843,3,202),(2843,3,331),(2843,3,332),(2843,3,333),(2843,3,334),(2843,4,85),(2843,4,89),(2844,4,85),(2844,4,86),(2844,4,87),(2845,4,85),(2845,5,1591),(2846,4,85),(2847,4,85),(2847,4,89),(2848,4,86),(2848,4,87),(2849,1,144),(2849,4,86),(2849,4,87),(2849,4,88),(2850,4,86),(2850,4,135),(2851,4,86),(2851,4,88),(2852,4,33),(2852,4,34),(2852,4,36),(2852,4,86),(2852,4,88),(2853,1,227),(2853,2,213),(2853,3,261),(2853,3,306),(2853,4,32),(2853,4,33),(2853,4,34),(2853,4,35),(2853,4,36),(2853,4,37),(2853,4,38),(2853,4,40),(2853,4,41),(2853,4,42),(2853,4,43),(2853,4,86),(2853,4,87),(2853,4,88),(2853,4,91),(2853,4,135),(2853,4,185),(2853,4,186),(2853,4,303),(2853,4,306),(2854,4,87),(2855,3,31),(2855,3,32),(2855,3,34),(2855,3,36),(2855,3,37),(2855,4,31),(2855,4,32),(2855,4,33),(2855,4,34),(2855,4,35),(2855,4,36),(2855,4,37),(2855,4,38),(2855,4,39),(2855,4,40),(2855,4,42),(2855,4,43),(2855,4,87),(2855,4,135),(2855,4,185),(2855,4,186),(2856,4,87),(2857,2,142),(2857,2,188),(2857,3,134),(2857,3,135),(2857,3,211),(2857,3,222),(2857,3,236),(2857,3,343),(2857,4,88),(2857,4,236),(2858,4,88),(2858,5,1595),(2859,4,88),(2859,5,1594),(2860,4,89),(2861,4,89),(2862,4,89),(2863,3,95),(2864,3,96),(2865,3,97),(2866,3,98),(2866,3,262),(2867,3,99),(2868,3,99),(2868,3,100),(2869,3,100),(2870,3,101),(2870,4,101),(2871,3,101),(2871,4,101),(2872,3,103),(3032,6,1),(3035,5,1518),(3036,5,1515),(3037,5,1596),(3038,5,1597),(3039,5,1521),(3040,5,1522),(3041,5,1528),(3042,5,1525),(3043,5,1519),(3044,5,1523),(3045,5,1524),(3046,5,1600),(3047,5,1599),(3048,5,1598),(3049,5,1531),(3050,5,1601),(3051,5,1535),(3052,5,1546),(3053,5,1545),(3054,5,1547),(3055,5,2275),(3056,5,2278),(3057,5,1548),(3058,5,1532),(3059,5,1680),(3060,5,1530),(3061,5,1628),(3064,5,1544),(3065,5,1541),(3066,5,1538),(3067,5,1537),(3068,5,1536),(3069,5,1630),(3070,5,1542),(3071,5,1543),(3072,5,1533),(3074,5,1552),(3075,5,1550),(3076,5,1551),(3077,5,1589),(3078,5,1590),(3079,5,1587),(3080,5,1588),(3085,5,1585),(3086,5,1315),(3086,5,1316),(3086,5,1317),(3086,5,1318),(3086,5,1319),(3086,5,1320),(3086,5,1321),(3086,5,1322),(3086,5,1652),(3086,5,1653),(3086,5,1654),(3086,5,1655),(3086,5,1656),(3086,5,1657),(3086,5,1658),(3086,5,1666),(3086,5,1667),(3086,5,1668),(3086,5,1669),(3086,5,1670),(3086,5,1671),(3086,5,1672),(3086,5,3973),(3086,5,3974),(3086,5,3975),(3086,5,3976),(3086,5,3977),(3086,5,3978),(3086,5,3979),(3086,5,3980),(3086,5,3981),(3086,5,3982),(3086,5,3983),(3086,5,3984),(3086,5,3985),(3086,5,3986),(3086,5,3987),(3087,3,120),(3087,3,199),(3087,3,248),(3087,3,350),(3087,5,1316),(3087,5,1529),(3087,5,1681),(3087,5,1741),(3087,5,1868),(3087,5,1886),(3087,5,1895),(3087,5,2122),(3087,5,2149),(3087,5,2166),(3087,5,2173),(3087,5,2200),(3087,5,2283),(3087,5,2333),(3087,5,2337),(3087,5,2438),(3087,5,2472),(3087,5,2547),(3087,5,2850),(3087,5,2880),(3087,5,3013),(3087,5,3086),(3087,5,3126),(3087,5,3198),(3087,5,3242),(3087,5,3344),(3087,5,3470),(3087,5,3567),(3087,5,3605),(3087,5,3609),(3087,5,3612),(3087,5,3615),(3087,5,3620),(3087,5,3647),(3087,5,3665),(3087,5,3672),(3087,5,3678),(3087,5,3687),(3087,5,3692),(3087,5,3696),(3087,5,3701),(3087,5,3708),(3087,5,3716),(3087,5,3719),(3087,5,3731),(3087,5,3732),(3087,5,3743),(3087,5,3745),(3087,5,3754),(3087,5,3761),(3087,5,3764),(3087,5,3768),(3087,5,3929),(3087,5,3959),(3087,5,3988),(3087,5,3991),(3087,5,4019),(3087,5,4021),(3088,2,257),(3088,3,299),(3088,3,300),(3088,3,301),(3088,3,302),(3088,3,362),(3088,5,1317),(3088,5,1869),(3088,5,1887),(3088,5,1896),(3088,5,2123),(3088,5,2167),(3088,5,2174),(3088,5,2201),(3088,5,2477),(3088,5,2548),(3088,5,2851),(3088,5,2881),(3088,5,3014),(3088,5,3087),(3088,5,3127),(3088,5,3199),(3088,5,3243),(3088,5,3345),(3088,5,3471),(3088,5,3568),(3088,5,3610),(3088,5,3613),(3088,5,3616),(3088,5,3621),(3088,5,3648),(3088,5,3666),(3088,5,3673),(3088,5,3679),(3088,5,3688),(3088,5,3693),(3088,5,3697),(3088,5,3702),(3088,5,3709),(3088,5,3717),(3088,5,3720),(3088,5,3733),(3088,5,3746),(3088,5,3755),(3088,5,3765),(3088,5,3769),(3088,5,3930),(3088,5,3960),(3088,5,3989),(3088,5,3992),(3088,5,4020),(3088,5,4022),(3089,2,195),(3089,2,258),(3089,2,259),(3089,3,122),(3089,3,129),(3089,3,269),(3089,3,285),(3089,3,287),(3089,3,299),(3089,3,300),(3089,3,301),(3089,5,1318),(3089,5,1870),(3089,5,1888),(3089,5,1897),(3089,5,2168),(3089,5,2175),(3089,5,2202),(3089,5,2474),(3089,5,2576),(3089,5,2852),(3089,5,2882),(3089,5,3015),(3089,5,3088),(3089,5,3128),(3089,5,3200),(3089,5,3346),(3089,5,3472),(3089,5,3582),(3089,5,3617),(3089,5,3622),(3089,5,3649),(3089,5,3667),(3089,5,3674),(3089,5,3680),(3089,5,3689),(3089,5,3698),(3089,5,3703),(3089,5,3710),(3089,5,3721),(3089,5,3734),(3089,5,3747),(3089,5,3756),(3089,5,3766),(3089,5,3770),(3089,5,3931),(3089,5,3961),(3089,5,3990),(3090,2,258),(3090,3,353),(3090,5,1319),(3090,5,1871),(3090,5,1889),(3090,5,1898),(3090,5,2125),(3090,5,2169),(3090,5,2176),(3090,5,2203),(3090,5,2478),(3090,5,2577),(3090,5,2853),(3090,5,2883),(3090,5,3016),(3090,5,3089),(3090,5,3129),(3090,5,3201),(3090,5,3347),(3090,5,3473),(3090,5,3618),(3090,5,3623),(3090,5,3650),(3090,5,3668),(3090,5,3675),(3090,5,3681),(3090,5,3690),(3090,5,3704),(3090,5,3711),(3090,5,3722),(3090,5,3735),(3090,5,3748),(3090,5,3757),(3090,5,3932),(3090,5,3962),(3091,2,258),(3091,3,286),(3091,3,288),(3091,5,1320),(3091,5,1872),(3091,5,1890),(3091,5,1899),(3091,5,2170),(3091,5,2177),(3091,5,2204),(3091,5,2476),(3091,5,2551),(3091,5,2854),(3091,5,2884),(3091,5,3017),(3091,5,3090),(3091,5,3130),(3091,5,3202),(3091,5,3246),(3091,5,3348),(3091,5,3474),(3091,5,3624),(3091,5,3651),(3091,5,3669),(3091,5,3676),(3091,5,3682),(3091,5,3705),(3091,5,3712),(3091,5,3723),(3091,5,3736),(3091,5,3749),(3091,5,3758),(3091,5,3933),(3091,5,3963),(3092,2,259),(3092,3,265),(3092,5,1321),(3092,5,1873),(3092,5,1891),(3092,5,1900),(3092,5,2127),(3092,5,2171),(3092,5,2178),(3092,5,2205),(3092,5,2479),(3092,5,2552),(3092,5,2855),(3092,5,2885),(3092,5,3018),(3092,5,3091),(3092,5,3131),(3092,5,3203),(3092,5,3247),(3092,5,3349),(3092,5,3475),(3092,5,3585),(3092,5,3625),(3092,5,3652),(3092,5,3670),(3092,5,3677),(3092,5,3683),(3092,5,3713),(3092,5,3724),(3092,5,3737),(3092,5,3750),(3092,5,3759),(3092,5,3934),(3092,5,3964),(3127,5,1681),(3129,5,1529),(3137,5,1621),(3138,5,1622),(3139,5,1623),(3140,5,1626),(3141,5,1625),(3142,5,1624),(3143,5,1627),(4527,5,1513),(4528,5,2534),(4901,5,1510),(4902,5,1784),(4903,5,1507),(4904,5,1504),(4905,5,1508),(4906,5,1509),(5651,5,1368),(5652,5,1369),(5653,5,1479),(5654,5,1478),(5655,5,1687),(5656,5,1685),(5657,5,1686),(5658,5,1451),(5659,5,1386),(5660,5,1446),(5661,5,1448),(5662,5,1452),(5663,5,1447),(5664,5,1449),(5665,5,1453),(5666,5,1450),(5667,5,1467),(5668,5,1466),(5669,5,1469),(5670,5,1468),(5671,5,1455),(5672,5,1454),(5673,5,1689),(5674,5,1688),(5675,5,1391),(5676,5,1392),(5677,5,1393),(5678,5,1390),(5679,5,1493),(5680,5,1494),(5681,5,1496),(5682,5,1497),(5683,5,1501),(5684,5,1500),(5685,5,1457),(5686,5,1458),(5687,5,1459),(5688,5,1456),(5689,5,1474),(5690,5,1472),(5691,5,1383),(5692,5,1384),(5693,5,1385),(5694,5,1373),(5695,5,1380),(5696,5,1381),(5697,5,1382),(5698,5,1462),(5699,5,1464),(5700,5,1465),(5701,5,1460),(5702,5,1463),(5703,5,1461),(5704,5,1476),(5705,5,1477),(5706,5,1475),(5707,5,1372),(5708,5,1370),(5709,5,1371),(5710,5,1470),(5711,5,1471),(5712,5,1367),(5713,5,1483),(5714,5,1484),(5715,5,1491),(5716,5,1492),(5717,5,1486),(5718,5,1490),(6074,5,1340),(6075,5,1342),(6076,5,1344),(6077,5,1346),(6078,5,1339),(6079,5,1341),(6080,5,1343),(6081,5,1345),(6082,5,4023),(6083,5,1334),(6084,5,1335),(6095,5,1360),(6096,5,1362),(6097,5,1364),(6098,5,1366),(6099,5,1347),(6100,5,1361),(6101,5,1363),(6102,5,1365),(6726,1,173),(6726,3,104),(6726,3,154),(6726,3,155),(6726,3,156),(6726,3,157),(6726,3,173),(6726,3,174),(6726,3,175),(6726,3,248),(6726,3,302),(6727,3,105),(6965,5,1682),(6966,5,1683),(6967,5,1684),(6968,5,1549),(7869,5,1645),(20240,1,39),(20240,2,39),(20240,2,125),(20240,4,253),(22511,2,131),(22511,2,135),(23279,2,250),(23279,2,282),(23279,3,106),(23280,3,107),(23280,3,189),(23281,3,108),(23282,3,109),(23283,3,109),(23284,3,120),(23284,3,122),(23285,3,124),(23286,3,124),(23286,3,125),(23287,3,124),(23288,3,125),(23545,5,1712),(23546,5,1722),(23547,5,1723),(23548,5,1715),(23549,5,1716),(23550,5,1717),(23551,5,1718),(23552,5,1719),(23553,5,1720),(23554,5,1721),(23555,5,1703),(23556,5,1708),(23557,5,1709),(23558,5,1710),(23559,5,1711),(23560,5,1731),(23561,5,1732),(23562,5,1751),(23563,5,1749),(23564,5,1752),(23565,5,1750),(23566,5,1737),(23567,5,1738),(23568,5,1733),(23569,5,1734),(23570,5,1735),(23571,5,1736),(23572,5,1691),(23573,5,1692),(23574,5,1693),(23575,5,1694),(23576,5,1695),(23577,5,1724),(23578,5,1725),(23579,5,1726),(23580,5,1727),(23581,5,1728),(23582,5,1729),(23583,5,1730),(23584,5,1744),(23585,5,1746),(23586,5,1739),(23586,5,1741),(23587,5,1742),(23588,5,1743),(23589,5,1696),(23590,5,1697),(23591,5,1698),(23592,5,1699),(23593,5,1700),(23594,5,1701),(23595,5,1702),(23596,5,1748),(23597,5,1747),(23812,3,127),(23974,2,139),(23974,3,270),(23974,3,271),(23974,3,272),(23974,3,299),(23974,3,300),(23974,3,301),(23974,3,330),(23974,3,347),(23974,3,348),(23974,3,353),(23974,4,270),(23974,4,271),(24078,5,1753),(24080,5,1755),(24081,5,1756),(24082,5,1757),(24616,5,1758),(24617,5,1759),(24618,5,1760),(24618,5,3988),(24618,5,3989),(24618,5,3990),(24621,5,1772),(24622,5,1774),(24623,5,1773),(24627,5,1775),(24628,5,1777),(24629,5,1776),(24633,5,1778),(24634,5,1780),(24635,5,1779),(24639,5,1781),(24640,5,1783),(24641,5,1782),(24914,3,90),(24915,1,41),(24915,3,90),(24915,4,92),(24915,4,93),(24915,4,94),(30267,5,1512),(30567,2,202),(30567,3,132),(30568,2,202),(30568,3,132),(30568,3,134),(30568,3,248),(30568,3,249),(30568,3,250),(30568,3,251),(30568,3,252),(30568,3,302),(30568,4,302),(30569,3,133),(30570,2,142),(30570,3,135),(30570,3,212),(30570,3,213),(30570,3,214),(30570,3,215),(30570,3,216),(30570,3,355),(30840,5,1795),(30841,5,1796),(30842,5,1797),(30843,5,1791),(30844,5,1792),(30845,5,1793),(30846,5,1794),(30847,5,1788),(30848,5,1786),(30849,5,1789),(30850,5,1787),(30851,5,1790),(30852,5,1799),(30853,5,1800),(30854,5,1798),(30855,5,1801),(30856,5,1803),(30857,5,1802),(30858,5,1804),(31159,3,136),(31160,2,145),(31160,2,154),(31160,3,137),(31161,2,145),(31161,2,154),(31161,3,137),(31328,2,146),(31328,2,155),(31328,3,143),(31329,2,146),(31329,2,155),(31329,3,143),(31329,3,193),(31330,2,150),(31330,2,159),(31330,3,144),(31330,5,1829),(31331,2,151),(31331,2,162),(31332,2,152),(31332,2,158),(31332,3,141),(31333,2,153),(31333,2,161),(31333,3,180),(31444,5,1806),(31445,5,1807),(31446,5,1805),(31447,5,1808),(31767,2,163),(31767,3,138),(31767,3,139),(31767,3,263),(31768,3,140),(32059,5,1811),(32060,5,1812),(32061,5,1813),(32062,5,1830),(32063,5,1831),(32064,5,1832),(32065,5,1833),(32066,5,1834),(32067,5,1825),(32068,5,1826),(32069,5,1827),(32070,5,1828),(32071,5,1818),(32072,5,1814),(32073,5,1820),(32074,5,1819),(32075,5,1822),(32076,5,1821),(32077,5,1824),(32078,5,1823),(32079,5,1809),(32080,5,1810),(32697,5,1835),(33044,2,166),(33044,3,147),(33045,2,166),(33045,2,167),(33045,2,168),(33045,2,169),(33045,2,170),(33045,2,171),(33045,2,172),(33045,3,147),(33045,3,148),(33045,3,149),(33045,3,150),(33045,3,152),(33045,3,153),(33221,2,164),(33339,5,1836),(33687,2,168),(33687,3,149),(33688,2,170),(33688,3,151),(33689,3,151),(33690,2,172),(33690,3,152),(33691,2,171),(33691,3,153),(33869,2,173),(33995,5,1840),(33996,5,1842),(33997,5,1839),(33998,5,1841),(33999,5,1838),(34000,5,1837),(34349,3,154),(34349,3,156),(34349,3,173),(34349,3,175),(34349,3,256),(34350,2,205),(34350,3,155),(34350,3,157),(34350,3,174),(34350,3,258),(34660,5,1843),(34661,5,1845),(34662,5,1846),(34663,5,1853),(34664,5,1854),(34665,5,1855),(34666,5,1847),(34667,5,1848),(34668,5,1849),(34669,5,1856),(34670,5,1857),(34671,5,1858),(34672,5,1850),(34673,5,1851),(34674,5,1852),(34675,5,1859),(34676,5,1860),(34677,5,1861),(34678,5,1862),(34678,5,1868),(34678,5,1869),(34678,5,1870),(34678,5,1871),(34678,5,1872),(34678,5,1873),(34678,5,1874),(34678,5,1875),(34678,5,1876),(34678,5,1877),(34678,5,1878),(34678,5,1879),(34678,5,1880),(34678,5,1881),(34678,5,1882),(34678,5,1883),(34678,5,1884),(34679,5,1885),(34679,5,1886),(34679,5,1887),(34679,5,1888),(34679,5,1889),(34679,5,1890),(34679,5,1891),(34679,5,1892),(34679,5,1893),(34680,5,1894),(34680,5,1895),(34680,5,1896),(34680,5,1897),(34680,5,1898),(34680,5,1899),(34680,5,1900),(34680,5,1901),(34680,5,1902),(35035,3,158),(35036,1,174),(35036,2,248),(35036,3,158),(35036,3,159),(35036,3,160),(35036,3,342),(35036,4,158),(35036,4,159),(35036,4,160),(35036,4,161),(35036,4,162),(35036,4,163),(35222,1,174),(35222,2,174),(35349,5,1903),(35725,3,159),(35726,3,160),(35726,3,298),(35727,3,161),(35729,1,179),(35729,2,179),(35729,3,163),(35729,3,184),(35730,1,174),(35730,3,162),(35730,3,163),(35730,3,164),(35730,3,165),(35730,4,158),(35730,4,159),(35730,4,160),(35730,4,161),(35730,4,162),(35730,4,163),(35731,3,162),(35731,3,164),(35732,3,165),(35733,3,166),(35733,3,167),(35734,3,167),(35735,3,168),(35736,3,168),(35736,4,170),(35737,3,169),(35737,3,282),(35738,3,169),(35738,3,170),(35738,3,171),(35738,3,218),(35738,3,219),(35738,3,224),(35738,3,325),(35738,3,343),(35738,3,349),(35738,3,352),(35738,4,170),(35739,3,170),(35739,3,182),(35739,3,332),(35739,3,343),(35739,3,349),(35740,3,171),(35741,2,222),(35741,3,171),(35741,3,208),(35741,3,209),(35741,3,277),(35741,3,279),(35741,3,280),(35741,3,281),(35741,3,283),(36056,5,1911),(36057,5,1910),(36058,5,1909),(36059,5,1908),(36060,5,1907),(36061,5,1906),(36062,5,1945),(36063,5,1946),(36064,5,1944),(36065,5,1913),(36066,5,1914),(36067,5,1915),(36068,5,1951),(36069,5,1947),(36070,5,1948),(36071,5,1949),(36072,5,1950),(36073,5,1953),(36074,5,1954),(36075,5,1955),(36076,5,1956),(36077,5,1957),(36078,5,1958),(36079,5,1959),(36080,5,1952),(36082,5,1920),(36083,5,1921),(36084,5,1916),(36085,5,1917),(36086,5,1918),(36087,5,1919),(36088,5,1912),(36089,5,1924),(36090,5,1925),(36091,5,1926),(36092,5,1927),(36093,5,1922),(36094,5,1923),(36095,5,1931),(36096,5,1930),(36097,5,1929),(36098,5,1928),(36099,5,1935),(36100,5,1934),(36101,5,1933),(36102,5,1932),(36103,5,1939),(36104,5,1938),(36105,5,1937),(36106,5,1936),(36107,5,1943),(36108,5,1942),(36109,5,1941),(36110,5,1940),(36111,5,1905),(36112,5,1904),(36489,3,172),(36821,5,1961),(36822,5,1962),(36823,5,1963),(36824,5,1964),(38027,3,176),(38027,3,280),(38027,3,334),(38028,3,176),(38029,2,203),(38029,2,226),(38029,3,176),(38029,3,177),(38029,3,178),(38029,3,179),(38029,3,180),(38029,3,231),(38029,3,233),(38029,3,253),(38029,3,298),(38029,4,253),(38029,4,298),(38030,3,176),(38030,3,179),(38030,3,188),(38030,4,277),(38031,3,177),(38032,3,177),(38034,3,179),(38035,3,179),(38036,3,180),(38037,2,226),(38037,3,178),(38037,3,180),(38037,3,229),(38037,3,230),(38037,3,231),(38037,3,233),(38037,3,279),(38037,3,280),(38037,3,281),(38037,3,282),(38037,3,283),(38037,3,284),(38037,3,298),(38037,4,170),(38037,4,277),(38037,4,298),(38038,2,175),(38038,3,181),(38038,3,182),(38038,3,183),(38038,3,199),(38038,3,209),(38038,3,211),(38038,3,221),(38038,4,277),(38039,3,181),(38040,3,181),(38040,3,182),(38040,3,334),(38041,3,183),(38041,4,277),(38248,2,175),(38248,3,184),(38248,3,187),(38377,5,2046),(38378,5,2047),(38379,5,2042),(38380,5,2043),(38381,5,2044),(38382,5,2045),(38383,5,2026),(38393,5,1974),(38394,5,1975),(38395,5,1976),(38396,5,1977),(38397,5,1978),(38398,5,1979),(38435,5,2025),(38436,5,2019),(38437,5,2020),(38438,5,2021),(38439,5,2022),(38440,5,2024),(38441,5,2023),(38442,5,2040),(38443,5,2041),(38444,5,2035),(38445,5,2036),(38446,5,2037),(38447,5,2038),(38448,5,2039),(38449,5,2034),(38450,5,2032),(38451,5,2033),(38452,5,2027),(38453,5,2028),(38454,5,2029),(38455,5,2030),(38456,5,2031),(38894,3,184),(38895,2,176),(38895,2,177),(38895,3,185),(38895,3,186),(38896,2,177),(38896,3,186),(38897,3,187),(38898,3,189),(38898,3,190),(38899,3,189),(38899,3,190),(38900,3,190),(38901,3,191),(38902,3,191),(38903,3,192),(38903,3,194),(38903,3,208),(38903,3,218),(38903,3,219),(38904,3,192),(38905,3,193),(38906,3,194),(38907,3,195),(38908,3,195),(38908,3,328),(38909,3,196),(38911,3,198),(38912,3,198),(38912,3,277),(38913,3,199),(38914,3,199),(38914,3,200),(38915,3,200),(38915,3,208),(38915,3,209),(38915,3,211),(38915,3,307),(38915,4,170),(38916,3,202),(38917,3,202),(38917,3,328),(38918,3,202),(38919,3,203),(38920,3,203),(38921,3,204),(38922,3,204),(38923,3,205),(38924,3,205),(38925,3,207),(38925,3,214),(38926,2,252),(38926,3,212),(38926,3,215),(38926,3,216),(38927,3,212),(38928,3,213),(38929,3,215),(38930,3,216),(38931,3,217),(38931,4,62),(38932,3,218),(38933,2,204),(38933,2,242),(38933,3,219),(38933,3,254),(38933,3,341),(38934,3,220),(38934,3,222),(38935,3,221),(38936,3,221),(38937,3,223),(39160,2,178),(39161,1,181),(39161,2,181),(39161,4,317),(39294,5,2111),(39295,5,2112),(39296,5,2107),(39297,5,2108),(39298,5,2109),(39299,5,2110),(39300,5,2113),(39301,5,2114),(39302,5,2216),(39303,5,2215),(39304,5,2139),(39305,5,2140),(39306,5,2141),(39307,5,2142),(39308,5,2143),(39309,5,2146),(39310,5,2144),(39311,5,2145),(39312,5,2097),(39313,5,2098),(39314,5,2091),(39315,5,2092),(39316,5,2093),(39317,5,2094),(39318,5,2095),(39319,5,2096),(39320,5,2086),(39321,5,2087),(39322,5,2088),(39323,5,2058),(39324,5,2059),(39325,5,2060),(39326,5,2061),(39327,5,2062),(39328,5,2063),(39329,5,2064),(39330,5,2065),(39331,5,2066),(39332,5,2067),(39333,5,2134),(39334,5,2135),(39335,5,2212),(39336,5,2213),(39337,5,2214),(39338,5,2048),(39339,5,2049),(39340,5,2050),(39341,5,2138),(39342,5,2224),(39343,5,2225),(39344,5,2226),(39345,5,2227),(39346,5,2228),(39347,5,2229),(39348,5,2230),(39349,5,2231),(39350,5,2232),(39351,5,2233),(39352,5,2234),(39353,5,2235),(39354,5,2236),(39355,5,2237),(39356,5,2238),(39357,5,2239),(39358,5,2242),(39359,5,2243),(39360,5,2244),(39361,5,2245),(39362,5,2246),(39363,5,2247),(39364,5,2156),(39365,5,2157),(39366,5,2158),(39367,5,2251),(39368,5,2249),(39369,5,2250),(39370,5,2254),(39371,5,2252),(39372,5,2253),(39373,5,2257),(39374,5,2255),(39375,5,2256),(39376,5,2258),(39377,5,2259),(39378,5,2260),(39379,5,2261),(39380,5,2262),(39381,5,2265),(39382,5,2263),(39383,5,2264),(39384,5,2248),(39385,5,2217),(39386,5,2218),(39387,5,2219),(39388,5,2220),(39389,5,2221),(39390,5,2222),(39391,5,2223),(39392,5,2165),(39392,5,2166),(39392,5,2167),(39392,5,2168),(39392,5,2169),(39392,5,2170),(39392,5,2171),(39393,5,2159),(39394,5,2161),(39395,5,2162),(39396,5,2164),(39397,5,2163),(39398,5,2115),(39399,5,2117),(39400,5,2116),(39401,5,2118),(39402,5,2150),(39403,5,2151),(39404,5,2152),(39405,5,2153),(39406,5,2154),(39407,5,2155),(39408,5,2137),(39409,5,2132),(39410,5,2133),(39411,5,2131),(39412,5,2080),(39413,5,2081),(39414,5,2082),(39415,5,2083),(39416,5,2084),(39417,5,2085),(39418,5,2074),(39419,5,2075),(39420,5,2076),(39421,5,2077),(39422,5,2078),(39423,5,2079),(39424,5,2056),(39425,5,2057),(39426,5,2053),(39427,5,2054),(39428,5,2055),(39429,5,2052),(39430,5,2051),(39431,5,2147),(39431,5,2149),(39432,5,2211),(39433,5,2210),(39434,5,2209),(39435,5,2068),(39436,5,2069),(39437,5,2070),(39438,5,2071),(39439,5,2072),(39440,5,2073),(39441,5,2172),(39441,5,2173),(39441,5,2174),(39441,5,2175),(39441,5,2176),(39441,5,2177),(39441,5,2178),(39441,5,2179),(39441,5,2180),(39441,5,2181),(39441,5,2182),(39441,5,2183),(39441,5,2184),(39441,5,2185),(39441,5,2186),(39441,5,2187),(39441,5,2188),(39441,5,2189),(39441,5,2190),(39441,5,2191),(39441,5,2192),(39441,5,2193),(39441,5,2194),(39441,5,2195),(39441,5,2196),(39441,5,2197),(39441,5,2198),(39442,5,2199),(39442,5,2200),(39442,5,2201),(39442,5,2202),(39442,5,2203),(39442,5,2204),(39442,5,2205),(39442,5,2206),(39442,5,2207),(39442,5,2208),(39443,5,2101),(39444,5,2102),(39445,5,2099),(39446,5,2100),(39447,5,2105),(39448,5,2106),(39449,5,2103),(39450,5,2104),(39451,5,2122),(39451,5,2123),(39451,5,2125),(39451,5,2127),(39452,5,2130),(39453,5,2128),(39454,5,2129),(39972,3,225),(39972,4,225),(40378,5,1574),(40379,5,2276),(40380,5,2277),(40381,5,1558),(40382,5,1562),(40383,5,1566),(40384,5,1649),(40392,5,2266),(40393,5,2267),(40394,5,2269),(40395,5,2268),(40400,5,1647),(40401,5,1651),(41073,3,226),(41073,3,337),(41074,3,226),(41075,3,226),(41075,3,227),(41076,3,227),(41076,3,245),(41479,5,2284),(41480,5,2280),(41481,5,2281),(41482,5,2279),(41483,5,2282),(41483,5,2283),(42184,3,229),(42184,3,230),(42185,2,283),(42185,3,177),(42185,3,178),(42185,3,229),(42185,3,230),(42185,3,232),(42185,3,234),(42185,3,318),(42185,3,319),(42185,3,320),(42185,3,321),(42185,3,322),(42185,3,345),(42185,3,346),(42185,4,277),(42186,3,231),(42186,5,3067),(42186,5,3180),(42186,5,3296),(42186,5,3398),(42186,5,3524),(42187,3,232),(42187,5,2592),(42187,5,2913),(42187,5,2922),(42187,5,3046),(42187,5,3119),(42187,5,3159),(42187,5,3231),(42187,5,3377),(42187,5,3503),(42187,5,3985),(42188,3,233),(42188,3,318),(42188,5,3443),(42189,5,3331),(42189,5,3433),(42189,5,3559),(42190,3,235),(42463,1,182),(42463,2,182),(42464,1,182),(42464,2,183),(42465,2,184),(42466,2,185),(42467,2,186),(42468,2,187),(42603,5,2316),(42604,5,2317),(42605,5,2318),(42606,5,2308),(42607,5,2309),(42608,5,2310),(42609,5,2311),(42610,5,2315),(42611,5,2312),(42612,5,2313),(42614,5,2303),(42615,5,2304),(42616,5,2305),(42617,5,2306),(42618,5,2307),(42620,5,2320),(42621,5,2321),(42622,5,2285),(42623,5,2288),(42624,5,2291),(42625,5,2286),(42626,5,2289),(42627,5,2292),(42628,5,2294),(42629,5,2297),(42630,5,2300),(42631,5,2295),(42632,5,2298),(42633,5,2301),(42634,5,2296),(42635,5,2299),(42636,5,2302),(42637,5,2287),(42638,5,2290),(42639,5,2293),(42640,5,2325),(42641,5,2322),(42642,5,2323),(42643,5,2324),(45679,1,41),(45679,2,41),(45679,2,188),(45679,3,91),(45679,3,92),(45679,3,93),(45679,3,94),(45679,3,236),(45679,3,262),(45679,4,91),(45679,4,92),(45679,4,93),(45679,4,94),(45679,4,101),(45679,4,236),(46100,5,2326),(46101,5,2327),(46102,5,2328),(46103,5,2329),(46104,5,2330),(46105,5,2331),(48025,3,237),(48026,3,237),(48448,5,2332),(48448,5,2333),(49201,2,190),(49201,3,238),(49201,3,239),(49202,3,239),(49203,2,191),(49203,3,240),(49486,2,189),(49486,2,190),(49486,2,191),(49486,2,192),(49486,2,193),(49487,2,189),(49488,2,192),(49632,5,2334),(49632,5,2337),(49633,5,2335),(49634,5,2336),(49635,5,2344),(49636,5,2338),(49637,5,2341),(49638,5,2339),(49639,5,2342),(49640,5,2340),(49641,5,2343),(50680,2,194),(50680,2,285),(50828,5,2345),(52459,5,1602),(52460,5,2351),(52461,5,2352),(52462,5,2354),(52463,5,2353),(52464,5,2355),(52465,5,2356),(52466,5,2357),(52467,5,2358),(52468,5,2360),(52469,5,2359),(52470,5,2361),(52471,5,2362),(52472,5,2363),(52473,5,2364),(52474,5,2366),(52475,5,2365),(52476,5,2367),(52477,5,2368),(52478,5,2369),(52479,5,2370),(52480,5,2372),(52481,5,2371),(52482,5,2373),(52483,5,2374),(52484,5,2375),(52485,5,2376),(52486,5,2378),(52487,5,2377),(52488,5,2379),(52489,5,2380),(52490,5,2381),(52491,5,2382),(52492,5,2384),(52493,5,2383),(52494,5,2385),(52495,5,2386),(52496,5,2387),(52497,5,2388),(52498,5,2390),(52499,5,2389),(52500,5,2391),(57387,5,1609),(57388,5,2392),(57389,5,2393),(57390,5,2395),(57391,5,2394),(57392,5,2396),(57393,5,2397),(57394,5,2398),(57395,5,2399),(57396,5,2401),(57397,5,2400),(57398,5,2402),(57399,5,2403),(57400,5,2404),(57401,5,2405),(57402,5,2407),(57403,5,2406),(57404,5,2408),(57405,5,2409),(57406,5,2410),(57407,5,2411),(57408,5,2413),(57409,5,2412),(57410,5,2414),(57411,5,2415),(57412,5,2416),(57413,5,2417),(57414,5,2419),(57415,5,2418),(57416,5,2420),(58644,5,1618),(58645,5,2421),(58646,5,2422),(58647,5,2424),(58648,5,2423),(58649,5,2425),(58650,5,2426),(58651,5,2427),(58652,5,2428),(58653,5,2430),(58654,5,2429),(58655,5,2431),(58656,5,2432),(58657,5,2433),(58658,5,2434),(58659,5,2436),(58660,5,2435),(58661,5,2437),(59916,5,1539),(59916,5,2438),(65837,3,197),(68377,2,198),(68377,3,242),(68378,1,41),(68378,3,243),(68378,3,299),(68378,3,300),(68378,3,301),(68378,4,94),(68378,4,102),(68378,4,236),(68379,3,243),(68379,3,299),(68379,3,300),(68379,3,301),(68380,3,243),(68381,3,244),(68382,1,182),(68382,2,199),(68382,3,244),(68667,2,196),(68668,1,182),(68668,2,197),(68668,3,246),(68669,2,200),(68820,3,265),(68820,5,2472),(68820,5,2474),(68820,5,2476),(68820,5,2477),(68820,5,2478),(68820,5,2479),(68820,5,2480),(68820,5,2481),(68820,5,2482),(68820,5,2483),(68821,5,2469),(68822,5,2439),(68823,5,2440),(68824,5,2441),(68825,5,2442),(68826,5,2443),(68827,5,2444),(68828,5,2445),(68829,5,2446),(68830,5,2447),(68831,5,2448),(68832,5,2449),(68833,5,2450),(68834,5,2451),(68835,5,2452),(68836,5,2453),(68837,5,2454),(68838,5,2455),(68839,5,2456),(68840,5,2457),(68841,5,2458),(68842,5,2459),(68843,5,2460),(68844,5,2461),(68845,5,2462),(68846,5,2463),(68847,5,2464),(68848,5,2465),(68849,5,2466),(68850,5,2467),(68851,5,2468),(69690,3,245),(70135,5,2484),(70136,5,2471),(77592,2,201),(77592,3,247),(77593,2,201),(77593,3,247),(78041,5,2485),(78914,1,234),(78914,3,252),(79368,5,2487),(79369,5,2490),(79370,5,2488),(79371,5,2489),(81576,1,164),(81576,2,203),(81576,2,204),(81576,2,209),(81576,3,260),(81576,4,54),(81576,4,55),(81576,4,62),(81576,4,253),(81577,3,253),(81577,3,254),(81577,4,253),(81578,3,255),(82036,5,2491),(82037,5,2492),(82038,5,2493),(82039,5,2494),(82040,5,2495),(82041,5,2496),(85608,3,256),(85608,3,258),(85608,5,3326),(85608,5,3428),(85608,5,3554),(85609,3,256),(85609,3,258),(85609,3,259),(85609,3,260),(85610,2,208),(85610,3,256),(85610,3,258),(85610,3,259),(85610,3,260),(85611,2,211),(85611,3,257),(85612,2,239),(85612,3,259),(85612,3,328),(85613,3,259),(85614,3,260),(85916,2,208),(85916,2,209),(85916,2,210),(85917,2,210),(86081,5,2500),(86082,5,2498),(86083,5,2499),(86084,5,2497),(86085,5,2502),(86086,5,2503),(86087,5,2501),(86088,5,2504),(86089,5,2505),(86090,5,2506),(86091,5,2507),(86092,5,2508),(86093,5,2509),(86094,5,2525),(86095,5,2510),(86096,5,2526),(86097,5,2518),(86098,5,2527),(86099,5,2519),(86100,5,2528),(86101,5,2520),(86102,5,2529),(86103,5,2521),(86104,5,2530),(86105,5,2522),(90060,2,212),(91443,1,41),(91443,2,213),(91444,2,214),(91445,2,216),(91445,2,225),(91446,1,173),(91446,2,217),(91446,3,54),(91446,3,56),(91446,3,253),(91446,3,254),(91446,4,54),(91446,4,55),(91446,4,56),(91446,4,57),(91446,4,59),(91446,4,67),(91447,1,43),(91447,1,181),(91447,2,218),(91447,3,248),(91447,3,302),(91447,4,302),(91448,2,218),(91928,5,2533),(104256,1,41),(104256,2,272),(104257,1,41),(104258,1,41),(104259,1,41),(104259,4,92),(104259,4,93),(104259,4,94),(104259,4,102),(104260,1,41),(104260,2,271),(104260,4,94),(104261,1,41),(104262,1,41),(104263,1,41),(104264,1,41),(108456,1,144),(108457,1,144),(108458,1,144),(108459,1,144),(108459,1,181),(109556,4,82),(109556,4,83),(109557,4,158),(109557,4,159),(109557,4,160),(109557,4,161),(109557,4,162),(109557,4,163),(109558,4,158),(109558,4,159),(109558,4,160),(109558,4,161),(109558,4,162),(109558,4,163),(109559,1,174),(109559,4,158),(109559,4,159),(109559,4,160),(109559,4,161),(109559,4,162),(109559,4,163),(109560,4,158),(109560,4,159),(109560,4,160),(109560,4,161),(109560,4,162),(109560,4,163),(109561,4,158),(109561,4,159),(109561,4,160),(109561,4,161),(109561,4,162),(109561,4,163),(109562,1,194),(109562,4,158),(109562,4,159),(109562,4,160),(109562,4,161),(109562,4,162),(109562,4,163),(109562,4,269),(109562,4,277),(109563,4,158),(109563,4,159),(109563,4,160),(109563,4,161),(109563,4,162),(109563,4,163),(109564,4,158),(109564,4,159),(109564,4,160),(109564,4,161),(109564,4,162),(109564,4,163),(109565,4,158),(109565,4,159),(109565,4,160),(109565,4,161),(109565,4,162),(109565,4,163),(109566,4,158),(109566,4,159),(109566,4,160),(109566,4,161),(109566,4,162),(109566,4,163),(109567,4,158),(109567,4,159),(109567,4,160),(109567,4,161),(109567,4,162),(109567,4,163),(109568,4,158),(109568,4,159),(109568,4,160),(109568,4,161),(109568,4,162),(109568,4,163),(109569,4,158),(109569,4,159),(109569,4,160),(109569,4,161),(109569,4,162),(109569,4,163),(109570,4,158),(109570,4,159),(109570,4,160),(109570,4,161),(109570,4,162),(109570,4,163),(109874,1,164),(109874,3,329),(109875,1,164),(109876,1,164),(109877,1,164),(109878,1,173),(109879,1,173),(109879,4,35),(109879,4,43),(109880,1,173),(109881,1,173),(109882,1,173),(109883,1,174),(109883,2,231),(109884,1,22),(109884,1,179),(109885,1,179),(109885,2,279),(109886,1,179),(109887,1,179),(110994,4,31),(110995,2,240),(110995,3,333),(110995,4,31),(110996,1,39),(110996,4,35),(110996,4,43),(110997,4,35),(110997,4,43),(110997,4,58),(110998,4,38),(110999,4,38),(111000,4,39),(111001,4,40),(111001,4,236),(111002,2,223),(111002,3,278),(111002,3,282),(111002,4,40),(111002,4,236),(111003,4,41),(111004,4,41),(111005,4,41),(111006,4,42),(111007,4,42),(111008,4,43),(111009,4,43),(111010,4,135),(111011,4,185),(111012,4,185),(111012,4,186),(111013,4,185),(111013,4,186),(111333,1,39),(111334,1,39),(111335,1,182),(111336,1,182),(111337,1,182),(111338,1,182),(112461,4,54),(112462,3,58),(112462,3,67),(112462,3,251),(112462,4,54),(112462,4,55),(112462,4,56),(112462,4,57),(112462,4,58),(112462,4,59),(112462,4,60),(112462,4,61),(112462,4,62),(112462,4,67),(112463,4,54),(112463,4,55),(112463,4,253),(112464,4,54),(112464,4,55),(112464,4,57),(112464,4,58),(112464,4,59),(112464,4,60),(112464,4,61),(112464,4,62),(112464,4,67),(112464,4,253),(112465,4,56),(112466,4,60),(112467,4,60),(112468,4,61),(112469,4,62),(112470,4,92),(112470,4,93),(112470,4,236),(112471,4,92),(112471,4,93),(112472,4,92),(112472,4,93),(112472,4,94),(112473,4,91),(112473,4,92),(112473,4,93),(112473,4,94),(112473,4,236),(112474,4,92),(112474,4,93),(112474,4,94),(112818,1,22),(112819,1,22),(112820,1,22),(112821,1,22),(112822,1,43),(112823,1,43),(112823,3,20),(112823,3,23),(112823,3,53),(112823,3,270),(112823,3,271),(112823,3,272),(112823,3,299),(112823,3,300),(112823,3,301),(112823,3,326),(112823,3,347),(112824,1,181),(112825,1,181),(112826,1,181),(112827,1,181),(112827,3,317),(112827,3,344),(112827,4,317),(112827,4,344),(112828,1,181),(112828,4,317),(113048,5,1527),(113049,5,1785),(113050,5,1514),(113051,5,2535),(113960,4,91),(113961,4,91),(113962,3,311),(113962,4,94),(113962,4,102),(113963,2,254),(113963,3,354),(113963,3,356),(113963,3,357),(113963,3,359),(113963,4,101),(113964,4,101),(113965,4,102),(113966,4,236),(113967,4,236),(113968,3,262),(113969,3,263),(113970,3,264),(113971,3,265),(113972,3,266),(113973,3,266),(113974,3,267),(113975,3,267),(113976,3,268),(113977,3,268),(113978,1,194),(113978,3,269),(113978,3,362),(113978,4,269),(113979,1,194),(113979,4,269),(113979,5,2546),(113979,5,2547),(113979,5,2548),(113979,5,2551),(113979,5,2552),(113979,5,2553),(113979,5,2556),(113979,5,2557),(113979,5,2558),(113979,5,2561),(113979,5,2562),(113979,5,2563),(113979,5,2566),(113979,5,2567),(113979,5,2568),(113979,5,2571),(113979,5,2572),(113979,5,2573),(113979,5,2576),(113979,5,2577),(113979,5,2578),(113979,5,2579),(113979,5,2580),(113979,5,2581),(113979,5,2582),(113979,5,2583),(113979,5,2584),(113979,5,2585),(113979,5,2586),(113979,5,2587),(113979,5,2588),(113979,5,2589),(113979,5,2590),(113979,5,2591),(113979,5,2592),(113979,5,2593),(113980,1,194),(113980,4,269),(113981,4,269),(113982,1,194),(113982,4,269),(113983,1,194),(113983,2,255),(113983,4,269),(113984,1,194),(113984,4,269),(113985,4,269),(113986,1,194),(113986,4,269),(113987,1,194),(113987,4,269),(113988,1,194),(113988,4,269),(113989,1,194),(113989,4,269),(113990,1,194),(113990,4,269),(113991,1,194),(113991,4,269),(113992,1,194),(113992,4,269),(113992,5,2546),(113992,5,2547),(113992,5,2548),(113992,5,2551),(113992,5,2552),(113992,5,2553),(113992,5,2556),(113992,5,2557),(113992,5,2558),(113992,5,2561),(113992,5,2562),(113992,5,2563),(113992,5,2566),(113992,5,2567),(113992,5,2568),(113992,5,2571),(113992,5,2572),(113992,5,2573),(113992,5,2576),(113992,5,2577),(113992,5,2578),(113992,5,2579),(113992,5,2580),(113992,5,2581),(113992,5,2582),(113992,5,2583),(113992,5,2584),(113992,5,2585),(113992,5,2586),(113992,5,2587),(113992,5,2588),(113992,5,2589),(113992,5,2590),(113992,5,2591),(113992,5,2592),(113992,5,2593),(114583,5,2546),(114583,5,2547),(114583,5,2548),(114583,5,2551),(114583,5,2552),(114583,5,2553),(114583,5,2556),(114583,5,2557),(114583,5,2558),(114583,5,2561),(114583,5,2562),(114583,5,2563),(114583,5,2566),(114583,5,2567),(114583,5,2568),(114583,5,2571),(114583,5,2572),(114583,5,2573),(114583,5,2576),(114583,5,2577),(114583,5,2578),(114583,5,2579),(114583,5,2580),(114583,5,2581),(114583,5,2582),(114583,5,2583),(114583,5,2584),(114583,5,2585),(114583,5,2586),(114583,5,2587),(114583,5,2588),(114583,5,2589),(114583,5,2590),(114583,5,2591),(114583,5,2592),(114583,5,2593),(114585,5,2536),(114586,5,2545),(114587,5,2543),(114588,5,2542),(114589,5,2544),(114590,5,2537),(114591,5,2540),(114592,5,2541),(114593,5,2539),(114594,5,2538),(114595,5,2573),(114595,5,2876),(114595,5,2906),(114595,5,3039),(114595,5,3112),(114595,5,3152),(114595,5,3224),(114595,5,3370),(114595,5,3496),(114595,5,3955),(114595,5,3978),(114596,5,2586),(114596,5,2877),(114596,5,2907),(114596,5,3040),(114596,5,3113),(114596,5,3153),(114596,5,3225),(114596,5,3371),(114596,5,3497),(114596,5,3956),(114596,5,3979),(114597,5,2587),(114597,5,2878),(114597,5,2908),(114597,5,3041),(114597,5,3114),(114597,5,3154),(114597,5,3226),(114597,5,3270),(114597,5,3372),(114597,5,3498),(114597,5,3957),(114597,5,3980),(114598,5,2589),(114598,5,2910),(114598,5,2919),(114598,5,3043),(114598,5,3116),(114598,5,3156),(114598,5,3228),(114598,5,3272),(114598,5,3374),(114598,5,3500),(114598,5,3982),(114599,5,2590),(114599,5,2911),(114599,5,2920),(114599,5,3044),(114599,5,3117),(114599,5,3157),(114599,5,3229),(114599,5,3273),(114599,5,3375),(114599,5,3501),(114599,5,3983),(114600,5,2591),(114600,5,2912),(114600,5,2921),(114600,5,3045),(114600,5,3118),(114600,5,3158),(114600,5,3230),(114600,5,3376),(114600,5,3502),(114600,5,3984),(115519,3,271),(115519,3,300),(115519,4,271),(115916,1,194),(115917,1,194),(115918,1,194),(115919,1,194),(115920,1,194),(115921,1,194),(115922,1,194),(115923,1,194),(115924,1,194),(116169,5,2606),(116170,5,2607),(116171,5,2608),(116172,5,2609),(116173,5,2603),(116174,5,2604),(116175,5,2605),(116176,5,2610),(116177,5,2594),(116178,5,2597),(116179,5,2600),(116180,5,2595),(116181,5,2598),(116182,5,2601),(116183,5,2596),(116184,5,2599),(116185,5,2602),(116186,5,2625),(116187,5,2630),(116188,5,2620),(116189,5,2635),(116190,5,2638),(116191,5,2626),(116192,5,2631),(116193,5,2621),(116194,5,2636),(116195,5,2639),(116196,5,2627),(116197,5,2632),(116198,5,2622),(116199,5,2637),(116200,5,2640),(116201,5,2628),(116202,5,2633),(116203,5,2623),(116204,5,2611),(116205,5,2614),(116206,5,2617),(116207,5,2612),(116208,5,2615),(116209,5,2618),(116210,5,2613),(116211,5,2616),(116212,5,2619),(116213,5,2629),(116214,5,2634),(116215,5,2624),(117150,4,225),(118781,3,126),(118782,3,273),(118783,3,273),(118784,3,273),(118784,3,274),(118785,3,273),(118786,3,274),(118787,3,274),(118788,3,274),(119439,5,1754),(119440,5,2641),(119441,5,2642),(119441,5,4021),(119441,5,4022),(126003,5,2319),(140099,3,21),(140099,3,130),(140099,3,131),(141737,3,63),(141737,4,54),(141737,4,55),(141737,4,56),(141737,4,57),(141737,4,58),(141737,4,59),(141737,4,60),(141737,4,61),(141737,4,62),(141738,3,147),(141738,3,148),(141738,3,149),(141738,3,150),(141738,3,152),(141738,3,153),(141739,3,151),(143381,4,56),(153251,3,275),(153251,3,276),(153251,3,279),(153251,3,280),(153251,3,281),(153251,3,282),(153251,3,283),(153251,3,284),(153252,3,275),(153253,2,219),(153253,3,275),(153253,3,276),(153254,2,219),(153254,3,275),(153254,3,276),(153255,4,275),(153256,4,275),(153257,4,275),(153258,4,275),(153259,4,275),(153260,4,275),(153261,4,275),(153262,3,276),(153931,5,2643),(153932,5,2644),(154912,3,277),(154912,3,278),(154912,4,277),(154913,3,277),(154913,3,278),(154913,4,277),(154914,3,285),(154914,3,286),(154914,3,287),(154914,3,288),(154914,3,290),(154914,3,291),(154914,3,292),(154914,3,293),(154914,3,294),(154914,3,295),(154914,3,296),(154914,3,297),(154914,4,277),(154915,4,277),(154916,4,277),(154917,4,277),(154918,4,277),(154918,4,305),(154919,4,277),(154920,3,279),(154921,3,279),(154921,3,280),(154921,3,281),(154921,3,282),(154921,3,283),(154921,3,284),(154922,3,281),(154923,3,283),(154925,3,284),(154926,3,284),(155353,2,220),(155353,3,289),(155610,5,2675),(155611,5,2661),(155611,5,2662),(155611,5,2668),(155611,5,2669),(155611,5,2675),(155611,5,2676),(155611,5,2682),(155611,5,2683),(155611,5,2689),(155611,5,2690),(155611,5,2696),(155611,5,2697),(155612,5,2696),(155613,5,2668),(155614,5,2689),(155615,5,2661),(155616,5,2682),(155617,5,2676),(155618,5,2697),(155619,5,2669),(155620,5,2690),(155621,5,2662),(155622,5,2683),(155623,5,2673),(155624,5,2694),(155625,5,2666),(155626,5,2687),(155627,5,2659),(155628,5,2680),(155629,5,2674),(155630,5,2695),(155631,5,2667),(155632,5,2688),(155633,5,2660),(155634,5,2681),(155635,5,2677),(155636,5,2698),(155637,5,2670),(155638,5,2691),(155639,5,2663),(155640,5,2684),(155641,5,2678),(155642,5,2699),(155643,5,2671),(155644,5,2692),(155645,5,2664),(155646,5,2685),(155647,5,2679),(155648,5,2700),(155649,5,2672),(155650,5,2693),(155651,5,2665),(155652,5,2686),(155653,5,2647),(155654,5,2647),(155654,5,2648),(155654,5,2654),(155654,5,2655),(155655,5,2654),(155656,5,2648),(155657,5,2655),(155658,5,2645),(155659,5,2652),(155660,5,2646),(155661,5,2653),(155662,5,2649),(155663,5,2656),(155664,5,2650),(155665,5,2657),(155666,5,2651),(155667,5,2658),(155668,5,2705),(155669,5,2706),(155670,5,2703),(155671,5,2704),(155672,5,2701),(155673,5,2702),(156655,3,285),(156655,3,286),(156655,3,287),(156655,3,288),(156656,2,241),(156656,3,287),(156656,3,288),(156657,3,289),(156658,3,289),(156658,3,290),(156658,3,291),(156658,3,292),(156658,3,293),(156659,3,289),(156660,3,290),(156661,3,291),(156662,3,292),(156663,3,294),(156664,3,295),(156664,3,297),(156665,3,295),(156666,3,296),(156667,3,297),(156668,3,297),(157369,5,2719),(157370,5,2718),(157371,5,2716),(157372,5,2717),(157373,5,2707),(157374,5,2708),(157375,5,2709),(157376,5,2710),(157377,5,2715),(157378,5,2712),(157379,5,2711),(157380,5,2713),(157381,5,2714),(170832,3,298),(170833,4,298),(170834,4,298),(170835,4,298),(171550,5,2720),(171551,5,2833),(171552,5,2842),(171553,5,2834),(171554,5,2843),(171555,5,2835),(171556,5,2844),(171557,5,2832),(171558,5,2841),(171559,5,1965),(171560,5,2836),(171561,5,2828),(171562,5,2837),(171563,5,2831),(171564,5,2840),(171565,5,2829),(171566,5,2838),(171567,5,2830),(171568,5,2839),(172690,3,299),(172690,3,351),(172690,4,305),(172691,3,300),(172691,3,301),(173412,5,2845),(173413,5,2846),(173414,5,2847),(177609,1,227),(177610,1,227),(177611,1,227),(177612,1,227),(177613,1,227),(177614,1,227),(177614,3,304),(177614,4,303),(177615,1,227),(177615,2,230),(177615,3,303),(177615,3,308),(177615,4,303),(177616,1,227),(177617,1,227),(177618,1,227),(177619,1,227),(177620,1,227),(177621,1,227),(177622,1,227),(177623,1,227),(177624,1,227),(177625,1,227),(177626,1,227),(177627,2,227),(177628,2,228),(177628,3,303),(177628,3,304),(177628,3,305),(177628,3,306),(177628,3,307),(177628,4,305),(177629,2,229),(177629,4,305),(179032,4,248),(179033,4,248),(179034,4,248),(179034,4,302),(179035,4,302),(179036,4,302),(179037,4,302),(179037,5,2848),(179038,4,302),(179039,4,302),(179040,3,303),(179041,3,303),(179041,5,2849),(179041,5,2850),(179041,5,2851),(179041,5,2852),(179041,5,2853),(179041,5,2854),(179041,5,2855),(179041,5,2856),(179041,5,2857),(179041,5,2858),(179041,5,2859),(179041,5,2860),(179041,5,2861),(179041,5,2862),(179041,5,2863),(179041,5,2864),(179041,5,2865),(179041,5,2866),(179041,5,2867),(179041,5,2868),(179041,5,2869),(179041,5,2870),(179041,5,2871),(179041,5,2872),(179041,5,2873),(179041,5,2874),(179041,5,2875),(179041,5,2876),(179041,5,2877),(179041,5,2878),(179041,5,2918),(179041,5,2919),(179041,5,2920),(179041,5,2921),(179041,5,2922),(179041,5,2923),(179042,3,304),(179043,3,304),(179043,5,2879),(179043,5,2880),(179043,5,2881),(179043,5,2882),(179043,5,2883),(179043,5,2884),(179043,5,2885),(179043,5,2886),(179043,5,2887),(179043,5,2888),(179043,5,2889),(179043,5,2890),(179043,5,2891),(179043,5,2892),(179043,5,2893),(179043,5,2894),(179043,5,2895),(179043,5,2896),(179043,5,2897),(179043,5,2898),(179043,5,2899),(179043,5,2900),(179043,5,2901),(179043,5,2902),(179043,5,2903),(179043,5,2904),(179043,5,2905),(179043,5,2906),(179043,5,2907),(179043,5,2908),(179043,5,2909),(179043,5,2910),(179043,5,2911),(179043,5,2912),(179043,5,2913),(179043,5,2914),(179043,5,2915),(179043,5,2916),(179043,5,2917),(179792,5,2915),(179792,5,3048),(179792,5,3121),(179792,5,3161),(179792,5,3233),(179792,5,3277),(179792,5,3379),(179792,5,3505),(179792,5,3987),(179793,5,2916),(179793,5,3049),(179793,5,3122),(179793,5,3162),(179793,5,3234),(179793,5,3278),(179793,5,3380),(179793,5,3506),(179794,5,2917),(179794,5,3050),(179794,5,3123),(179794,5,3163),(179794,5,3235),(179794,5,3279),(179794,5,3381),(179794,5,3507),(179795,5,2486),(182850,3,305),(182851,3,305),(182851,4,305),(182852,3,305),(182852,4,305),(182853,4,305),(182854,4,305),(182855,4,305),(182855,4,306),(182856,4,305),(182857,4,305),(182858,4,305),(182859,4,305),(182860,4,305),(182861,4,305),(182862,3,306),(182863,3,306),(182864,4,306),(182865,4,306),(182866,3,307),(182867,3,307),(182868,3,308),(182869,3,308),(182870,3,308),(182871,3,309),(182871,3,311),(182872,2,261),(182872,2,262),(182872,3,309),(182872,3,363),(182873,3,309),(182874,3,309),(182874,3,311),(182874,5,3469),(182874,5,3470),(182874,5,3471),(182874,5,3472),(182874,5,3473),(182874,5,3474),(182874,5,3475),(182874,5,3476),(182874,5,3477),(182874,5,3478),(182874,5,3479),(182874,5,3480),(182874,5,3481),(182874,5,3482),(182874,5,3483),(182874,5,3484),(182874,5,3485),(182874,5,3486),(182874,5,3487),(182874,5,3488),(182874,5,3489),(182874,5,3490),(182874,5,3491),(182874,5,3492),(182874,5,3493),(182874,5,3494),(182874,5,3495),(182874,5,3496),(182874,5,3497),(182874,5,3498),(182874,5,3499),(182874,5,3500),(182874,5,3501),(182874,5,3502),(182874,5,3503),(182874,5,3504),(182874,5,3505),(182874,5,3506),(182874,5,3507),(182874,5,3508),(182874,5,3509),(182874,5,3510),(182874,5,3511),(182874,5,3512),(182874,5,3513),(182874,5,3514),(182874,5,3515),(182874,5,3516),(182874,5,3517),(182874,5,3518),(182874,5,3519),(182874,5,3520),(182874,5,3521),(182874,5,3522),(182874,5,3523),(182874,5,3524),(182874,5,3525),(182874,5,3526),(182874,5,3527),(182874,5,3528),(182874,5,3529),(182874,5,3530),(182874,5,3531),(182874,5,3532),(182874,5,3533),(182874,5,3534),(182874,5,3535),(182874,5,3536),(182874,5,3537),(182874,5,3538),(182874,5,3539),(182874,5,3540),(182874,5,3541),(182874,5,3542),(182874,5,3543),(182874,5,3544),(182874,5,3545),(182874,5,3546),(182874,5,3547),(182874,5,3548),(182874,5,3549),(182874,5,3550),(182874,5,3551),(182874,5,3552),(182874,5,3553),(182874,5,3554),(182874,5,3555),(182874,5,3556),(182874,5,3557),(182874,5,3558),(182874,5,3559),(182874,5,3560),(182874,5,3561),(182874,5,3562),(182874,5,3563),(182875,3,310),(182876,3,310),(182877,3,310),(183639,5,3236),(183639,5,3242),(183639,5,3243),(183639,5,3246),(183639,5,3247),(183639,5,3248),(183639,5,3249),(183639,5,3252),(183639,5,3253),(183639,5,3254),(183639,5,3255),(183639,5,3258),(183639,5,3259),(183639,5,3260),(183639,5,3261),(183639,5,3264),(183639,5,3265),(183639,5,3266),(183639,5,3267),(183639,5,3270),(183639,5,3271),(183639,5,3272),(183639,5,3273),(183639,5,3276),(183639,5,3277),(183639,5,3278),(183639,5,3279),(183639,5,3282),(183639,5,3283),(183639,5,3284),(183639,5,3285),(183639,5,3288),(183639,5,3289),(183639,5,3290),(183639,5,3291),(183639,5,3294),(183639,5,3295),(183639,5,3296),(183639,5,3297),(183639,5,3300),(183639,5,3301),(183639,5,3302),(183639,5,3303),(183639,5,3306),(183639,5,3307),(183639,5,3308),(183639,5,3309),(183639,5,3312),(183639,5,3313),(183639,5,3314),(183639,5,3315),(183639,5,3318),(183639,5,3319),(183639,5,3320),(183639,5,3321),(183639,5,3324),(183639,5,3325),(183639,5,3326),(183639,5,3327),(183639,5,3330),(183639,5,3331),(183639,5,3332),(183639,5,3333),(183639,5,3336),(183640,5,3053),(183640,5,3166),(183640,5,3282),(183640,5,3384),(183640,5,3510),(183641,5,3054),(183641,5,3167),(183641,5,3283),(183641,5,3385),(183641,5,3511),(183642,5,3055),(183642,5,3168),(183642,5,3284),(183642,5,3386),(183642,5,3512),(183643,5,3056),(183643,5,3169),(183643,5,3285),(183643,5,3387),(183643,5,3513),(183644,5,3059),(183644,5,3172),(183644,5,3288),(183644,5,3390),(183644,5,3516),(183645,5,3060),(183645,5,3173),(183645,5,3289),(183645,5,3391),(183645,5,3517),(183646,5,3061),(183646,5,3174),(183646,5,3290),(183646,5,3392),(183646,5,3518),(183647,5,3065),(183647,5,3178),(183647,5,3294),(183647,5,3396),(183647,5,3522),(183648,5,3066),(183648,5,3179),(183648,5,3295),(183648,5,3397),(183648,5,3523),(183649,5,3068),(183649,5,3181),(183649,5,3297),(183649,5,3399),(183649,5,3525),(183650,5,3071),(183650,5,3184),(183650,5,3300),(183650,5,3402),(183650,5,3528),(183651,5,3072),(183651,5,3185),(183651,5,3301),(183651,5,3403),(183651,5,3529),(183652,5,3073),(183652,5,3186),(183652,5,3302),(183652,5,3404),(183652,5,3530),(183653,5,3074),(183653,5,3187),(183653,5,3303),(183653,5,3405),(183653,5,3531),(183654,5,3077),(183654,5,3190),(183654,5,3306),(183654,5,3408),(183654,5,3534),(183655,5,3078),(183655,5,3191),(183655,5,3307),(183655,5,3409),(183655,5,3535),(183656,5,3079),(183656,5,3192),(183656,5,3308),(183656,5,3410),(183656,5,3536),(183657,5,3080),(183657,5,3193),(183657,5,3309),(183657,5,3411),(183657,5,3537),(183658,5,3083),(183658,5,3196),(183658,5,3312),(183658,5,3414),(183658,5,3540),(183659,5,3084),(183659,5,3313),(183659,5,3415),(183659,5,3541),(183660,5,3314),(183660,5,3416),(183660,5,3542),(183661,5,3315),(183661,5,3417),(183661,5,3543),(183662,5,3318),(183662,5,3420),(183662,5,3546),(183663,5,3319),(183663,5,3421),(183663,5,3547),(183664,5,3320),(183664,5,3422),(183664,5,3548),(183665,5,3321),(183665,5,3423),(183665,5,3549),(183666,5,3324),(183666,5,3426),(183666,5,3552),(183667,5,3325),(183667,5,3427),(183667,5,3553),(183668,5,3327),(183668,5,3429),(183668,5,3555),(183669,5,3330),(183669,5,3432),(183669,5,3558),(183670,5,3332),(183670,5,3434),(183670,5,3560),(183671,5,3333),(183671,5,3435),(183671,5,3561),(183672,5,3336),(183672,5,3438),(183673,5,3197),(183673,5,3198),(183673,5,3199),(183673,5,3200),(183673,5,3201),(183673,5,3202),(183673,5,3203),(183673,5,3204),(183673,5,3205),(183673,5,3206),(183673,5,3207),(183673,5,3208),(183673,5,3209),(183673,5,3210),(183673,5,3211),(183673,5,3212),(183673,5,3213),(183673,5,3214),(183673,5,3215),(183673,5,3216),(183673,5,3217),(183673,5,3221),(183673,5,3222),(183673,5,3223),(183673,5,3224),(183673,5,3225),(183673,5,3226),(183673,5,3227),(183673,5,3228),(183673,5,3229),(183673,5,3230),(183673,5,3231),(183673,5,3232),(183673,5,3233),(183673,5,3234),(183673,5,3235),(183674,5,3085),(183674,5,3086),(183674,5,3087),(183674,5,3088),(183674,5,3089),(183674,5,3090),(183674,5,3091),(183674,5,3092),(183674,5,3093),(183674,5,3094),(183674,5,3095),(183674,5,3096),(183674,5,3097),(183674,5,3098),(183674,5,3099),(183674,5,3100),(183674,5,3101),(183674,5,3102),(183674,5,3103),(183674,5,3104),(183674,5,3105),(183674,5,3106),(183674,5,3107),(183674,5,3108),(183674,5,3109),(183674,5,3110),(183674,5,3111),(183674,5,3112),(183674,5,3113),(183674,5,3114),(183674,5,3115),(183674,5,3116),(183674,5,3117),(183674,5,3118),(183674,5,3119),(183674,5,3120),(183674,5,3121),(183674,5,3122),(183674,5,3123),(183674,5,3124),(183675,5,3051),(183675,5,3124),(183675,5,3164),(183675,5,3382),(183675,5,3508),(183676,5,3337),(183676,5,3344),(183676,5,3345),(183676,5,3346),(183676,5,3347),(183676,5,3348),(183676,5,3349),(183676,5,3350),(183676,5,3351),(183676,5,3352),(183676,5,3353),(183676,5,3354),(183676,5,3355),(183676,5,3356),(183676,5,3357),(183676,5,3358),(183676,5,3359),(183676,5,3360),(183676,5,3361),(183676,5,3362),(183676,5,3363),(183676,5,3364),(183676,5,3365),(183676,5,3366),(183676,5,3367),(183676,5,3368),(183676,5,3369),(183676,5,3370),(183676,5,3371),(183676,5,3372),(183676,5,3373),(183676,5,3374),(183676,5,3375),(183676,5,3376),(183676,5,3377),(183676,5,3378),(183676,5,3379),(183676,5,3380),(183676,5,3381),(183676,5,3382),(183676,5,3383),(183676,5,3384),(183676,5,3385),(183676,5,3386),(183676,5,3387),(183676,5,3388),(183676,5,3389),(183676,5,3390),(183676,5,3391),(183676,5,3392),(183676,5,3393),(183676,5,3394),(183676,5,3395),(183676,5,3396),(183676,5,3397),(183676,5,3398),(183676,5,3399),(183676,5,3400),(183676,5,3401),(183676,5,3402),(183676,5,3403),(183676,5,3404),(183676,5,3405),(183676,5,3406),(183676,5,3407),(183676,5,3408),(183676,5,3409),(183676,5,3410),(183676,5,3411),(183676,5,3412),(183676,5,3413),(183676,5,3414),(183676,5,3415),(183676,5,3416),(183676,5,3417),(183676,5,3418),(183676,5,3419),(183676,5,3420),(183676,5,3421),(183676,5,3422),(183676,5,3423),(183676,5,3424),(183676,5,3425),(183676,5,3426),(183676,5,3427),(183676,5,3428),(183676,5,3429),(183676,5,3430),(183676,5,3431),(183676,5,3432),(183676,5,3433),(183676,5,3434),(183676,5,3435),(183676,5,3436),(183676,5,3437),(183676,5,3438),(183676,5,3439),(183676,5,3440),(183676,5,3441),(183676,5,3442),(183676,5,3443),(183676,5,3444),(183676,5,3445),(183676,5,3446),(183676,5,3447),(183676,5,3448),(183676,5,3449),(183676,5,3450),(183676,5,3451),(183676,5,3452),(183676,5,3453),(183676,5,3454),(183676,5,3455),(183676,5,3456),(183676,5,3457),(183676,5,3458),(183676,5,3459),(183676,5,3460),(183676,5,3461),(183676,5,3462),(183676,5,3463),(183676,5,3464),(183676,5,3465),(183676,5,3466),(183676,5,3467),(183676,5,3468),(183677,5,3444),(183678,5,3445),(183679,5,3446),(183680,5,3447),(183681,5,3448),(183682,5,3449),(183683,5,3450),(183684,5,3451),(183685,5,3452),(183686,5,3453),(183687,5,3454),(183688,5,3455),(183689,5,3456),(183690,5,3457),(183691,5,3458),(183692,3,312),(183692,5,3459),(183693,5,3460),(183694,5,3461),(183695,5,3462),(183696,3,345),(183696,5,3463),(183697,5,3464),(183698,5,3465),(183699,5,3466),(183700,5,3467),(183701,5,3468),(183702,5,3052),(183702,5,3165),(183702,5,3383),(183702,5,3509),(183703,5,3058),(183703,5,3171),(183703,5,3389),(183703,5,3515),(183704,5,3063),(183704,5,3176),(183704,5,3394),(183704,5,3520),(183705,5,3064),(183705,5,3177),(183705,5,3395),(183705,5,3521),(183706,5,3069),(183706,5,3182),(183706,5,3400),(183706,5,3526),(183707,5,3070),(183707,5,3183),(183707,5,3401),(183707,5,3527),(183708,5,3075),(183708,5,3188),(183708,5,3406),(183708,5,3532),(183709,5,3076),(183709,5,3189),(183709,5,3407),(183709,5,3533),(183710,5,3081),(183710,5,3194),(183710,5,3412),(183710,5,3538),(183711,5,3082),(183711,5,3195),(183711,5,3413),(183711,5,3539),(183712,3,319),(183712,5,3418),(183712,5,3544),(183713,5,3419),(183713,5,3545),(183714,5,3424),(183714,5,3550),(183715,5,3425),(183715,5,3551),(183716,5,3430),(183716,5,3556),(183717,5,3431),(183717,5,3557),(183718,5,3436),(183718,5,3562),(183719,5,3437),(183719,5,3563),(183720,5,3439),(183721,5,3440),(183722,5,3441),(183723,5,3442),(183724,5,3013),(183724,5,3014),(183724,5,3015),(183724,5,3016),(183724,5,3017),(183724,5,3018),(183724,5,3019),(183724,5,3020),(183724,5,3021),(183724,5,3022),(183724,5,3023),(183724,5,3024),(183724,5,3025),(183724,5,3026),(183724,5,3027),(183724,5,3028),(183724,5,3029),(183724,5,3030),(183724,5,3031),(183724,5,3032),(183724,5,3033),(183724,5,3034),(183724,5,3035),(183724,5,3036),(183724,5,3037),(183724,5,3038),(183724,5,3039),(183724,5,3040),(183724,5,3041),(183724,5,3042),(183724,5,3043),(183724,5,3044),(183724,5,3045),(183724,5,3046),(183724,5,3047),(183724,5,3048),(183724,5,3049),(183724,5,3050),(183724,5,3051),(183724,5,3052),(183724,5,3053),(183724,5,3054),(183724,5,3055),(183724,5,3056),(183724,5,3057),(183724,5,3058),(183724,5,3059),(183724,5,3060),(183724,5,3061),(183724,5,3062),(183724,5,3063),(183724,5,3064),(183724,5,3065),(183724,5,3066),(183724,5,3067),(183724,5,3068),(183724,5,3069),(183724,5,3070),(183724,5,3071),(183724,5,3072),(183724,5,3073),(183724,5,3074),(183724,5,3075),(183724,5,3076),(183724,5,3077),(183724,5,3078),(183724,5,3079),(183724,5,3080),(183724,5,3081),(183724,5,3082),(183724,5,3083),(183724,5,3084),(183725,5,3125),(183725,5,3126),(183725,5,3127),(183725,5,3128),(183725,5,3129),(183725,5,3130),(183725,5,3131),(183725,5,3132),(183725,5,3133),(183725,5,3134),(183725,5,3135),(183725,5,3136),(183725,5,3137),(183725,5,3138),(183725,5,3139),(183725,5,3140),(183725,5,3141),(183725,5,3142),(183725,5,3143),(183725,5,3144),(183725,5,3145),(183725,5,3146),(183725,5,3147),(183725,5,3148),(183725,5,3149),(183725,5,3150),(183725,5,3151),(183725,5,3152),(183725,5,3153),(183725,5,3154),(183725,5,3155),(183725,5,3156),(183725,5,3157),(183725,5,3158),(183725,5,3159),(183725,5,3160),(183725,5,3161),(183725,5,3162),(183725,5,3163),(183725,5,3164),(183725,5,3165),(183725,5,3166),(183725,5,3167),(183725,5,3168),(183725,5,3169),(183725,5,3170),(183725,5,3171),(183725,5,3172),(183725,5,3173),(183725,5,3174),(183725,5,3175),(183725,5,3176),(183725,5,3177),(183725,5,3178),(183725,5,3179),(183725,5,3180),(183725,5,3181),(183725,5,3182),(183725,5,3183),(183725,5,3184),(183725,5,3185),(183725,5,3186),(183725,5,3187),(183725,5,3188),(183725,5,3189),(183725,5,3190),(183725,5,3191),(183725,5,3192),(183725,5,3193),(183725,5,3194),(183725,5,3195),(183725,5,3196),(193009,3,303),(193010,3,312),(193011,2,232),(193011,3,313),(193012,2,233),(193012,3,314),(193806,5,3564),(193807,5,3565),(193808,5,3569),(193809,5,3566),(193809,5,3567),(193809,5,3568),(195568,1,234),(195569,1,234),(195569,3,362),(195570,1,234),(195571,1,234),(195571,2,234),(195572,1,234),(195573,2,234),(221726,4,317),(221726,4,344),(221727,4,317),(221728,4,317),(221729,4,317),(222537,5,3572),(225844,3,320),(225845,3,321),(226658,5,3573),(226659,5,3576),(226660,5,3575),(226661,5,3574),(228725,5,3577),(228725,5,3678),(228725,5,3679),(228725,5,3680),(228725,5,3681),(228725,5,3682),(228725,5,3683),(228725,5,3684),(228725,5,3685),(232050,3,234),(234120,3,323),(238262,3,324),(238263,3,324),(238264,3,324),(238793,2,236),(239083,5,3600),(239083,5,3665),(239083,5,3666),(239083,5,3667),(239083,5,3668),(239083,5,3669),(239083,5,3670),(239083,5,3671),(239084,5,3579),(239084,5,3582),(239084,5,3585),(239084,5,3588),(239084,5,3590),(239084,5,3591),(239084,5,3592),(239084,5,3594),(239084,5,3595),(239084,5,3597),(239085,2,237),(239085,3,326),(239086,2,237),(239086,3,326),(239910,5,3601),(245334,3,327),(245335,3,327),(245336,3,327),(246162,5,3602),(257856,3,328),(257857,3,328),(258686,5,3603),(262867,5,3604),(262867,5,3605),(270404,3,330),(271236,5,3606),(272498,2,238),(272498,3,331),(272499,3,332),(273042,2,239),(273043,2,239),(273044,2,241),(273341,5,3611),(273341,5,3612),(273341,5,3613),(273342,5,3607),(273343,5,3608),(273343,5,3609),(273343,5,3610),(273344,5,3614),(273344,5,3615),(273344,5,3616),(273344,5,3617),(273344,5,3618),(278825,2,248),(278825,3,335),(278825,3,339),(278825,3,341),(278825,3,342),(278825,4,335),(278826,2,242),(278826,2,246),(278826,2,247),(278826,4,335),(278827,3,336),(278828,3,336),(278829,3,336),(278829,3,337),(278830,3,337),(279675,5,3643),(279676,5,3619),(279676,5,3620),(279676,5,3621),(279676,5,3622),(279676,5,3623),(279676,5,3624),(279676,5,3625),(279676,5,3626),(279676,5,3627),(279676,5,3628),(279676,5,3629),(279676,5,3630),(279676,5,3631),(279676,5,3632),(279676,5,3633),(279676,5,3634),(279676,5,3635),(279676,5,3636),(279676,5,3637),(279676,5,3638),(279676,5,3639),(279676,5,3640),(279676,5,3641),(279676,5,3642),(279677,5,3644),(281794,5,3645),(283064,3,300),(283064,3,301),(289427,2,247),(289427,3,339),(289977,2,42),(289978,2,244),(289978,2,245),(289978,2,290),(289979,2,246),(289979,3,340),(289979,3,342),(290283,5,3646),(290283,5,3647),(290283,5,3648),(290283,5,3649),(290283,5,3650),(290283,5,3651),(290283,5,3652),(290283,5,3653),(290283,5,3654),(290283,5,3655),(290283,5,3656),(290283,5,3657),(290283,5,3658),(290283,5,3659),(290283,5,3660),(290283,5,3661),(291554,3,340),(291555,3,341),(292414,5,3663),(292415,5,3664),(292416,5,3662),(296374,2,251),(309191,4,170),(309192,4,170),(313467,4,177),(313468,4,177),(313469,4,177),(313470,4,177),(313471,4,177),(313472,4,177),(313473,4,177),(313474,4,177),(313475,4,177),(313476,4,177),(313477,4,177),(313478,4,177),(313479,4,177),(313480,3,232),(314345,5,3686),(314345,5,3687),(314345,5,3688),(314345,5,3689),(314345,5,3690),(337139,3,344),(337140,4,344),(337141,4,344),(338020,5,3691),(338020,5,3692),(338020,5,3693),(344489,3,345),(344489,3,346),(346252,5,3694),(356167,5,3695),(356167,5,3696),(356167,5,3697),(356167,5,3698),(357444,3,347),(358328,5,3706),(358329,5,3699),(358329,5,3701),(358329,5,3702),(358329,5,3703),(358329,5,3704),(358329,5,3705),(361770,3,349),(362655,5,3707),(362655,5,3708),(362655,5,3709),(362655,5,3710),(362655,5,3711),(362655,5,3712),(362655,5,3713),(362655,5,3714),(374760,3,350),(374760,3,353),(374761,3,350),(374761,3,353),(375647,5,3715),(375647,5,3716),(375647,5,3717),(381264,3,351),(381265,3,351),(381266,2,253),(381266,3,351),(381266,5,3718),(381266,5,3719),(381266,5,3720),(381266,5,3721),(381266,5,3722),(381266,5,3723),(381266,5,3724),(381266,5,3725),(381266,5,3726),(381266,5,3727),(381266,5,3728),(381267,4,351),(381268,4,351),(381269,4,351),(381270,4,351),(381271,4,351),(381272,4,351),(381273,4,351),(386523,5,3729),(389988,3,353),(390889,5,3730),(390889,5,3731),(441144,5,1960),(441144,5,3732),(441144,5,3733),(441144,5,3734),(441144,5,3735),(441144,5,3736),(441144,5,3737),(441144,5,3738),(441144,5,3739),(441144,5,3740),(441144,5,3741),(452070,3,354),(452071,3,355),(452974,5,3742),(452974,5,3743),(452975,5,3744),(452975,5,3745),(452975,5,3746),(452975,5,3747),(452975,5,3748),(452975,5,3749),(452975,5,3750),(452975,5,3751),(452975,5,3752),(460830,3,357),(460831,3,358),(460832,3,359),(461426,2,207),(461737,5,3760),(461737,5,3761),(461738,5,3753),(461738,5,3754),(461738,5,3755),(461738,5,3756),(461738,5,3757),(461738,5,3758),(461738,5,3759),(461739,5,3763),(461740,5,3762),(463934,5,3764),(463934,5,3765),(463934,5,3766),(465225,3,360),(465226,3,360),(465227,3,360),(465228,3,360),(465229,3,360),(466137,5,3771),(466138,5,3767),(466138,5,3768),(466138,5,3769),(466138,5,3770),(477166,3,362),(478085,5,3792),(478085,5,3929),(478085,5,3930),(478085,5,3931),(478085,5,3932),(478085,5,3933),(478085,5,3934),(478085,5,3935),(478085,5,3936),(478085,5,3937),(478085,5,3938),(478085,5,3939),(478085,5,3940),(478085,5,3941),(478085,5,3942),(478085,5,3943),(478085,5,3944),(478085,5,3945),(478085,5,3946),(478085,5,3947),(478085,5,3948),(478085,5,3949),(478085,5,3950),(478085,5,3951),(478085,5,3952),(478085,5,3953),(478085,5,3954),(478085,5,3955),(478085,5,3956),(478085,5,3957),(479379,3,363),(479380,3,363),(479381,2,261),(479381,2,262),(479381,3,363),(480303,5,3958),(480303,5,3959),(480303,5,3960),(480303,5,3961),(480303,5,3962),(480303,5,3963),(480303,5,3964),(480303,5,3965),(480303,5,3966),(480303,5,3967),(480303,5,3968),(480303,5,3969),(480303,5,3970),(480303,5,3971),(480303,5,3972),(551918,2,265),(551919,2,266),(551920,2,267),(551921,2,268),(551922,2,269),(551923,2,270),(551924,2,274),(551925,2,275),(551926,2,278),(551927,2,281),(551928,2,286),(551929,3,364),(552535,2,289),(552867,5,1331),(552867,5,3991),(552867,5,3992),(552868,5,4019),(552868,5,4020),(552869,5,4001),(552869,5,4002),(552869,5,4003),(552869,5,4004),(552869,5,4005),(552869,5,4006),(552869,5,4007),(552869,5,4008),(552869,5,4009),(552869,5,4010),(552869,5,4011),(552869,5,4012),(552869,5,4013),(552869,5,4014),(552869,5,4015),(552869,5,4016),(552869,5,4017),(552869,5,4018);

--
-- Table structure for table `s_search_keywords`
--

CREATE TABLE `s_search_keywords` (
  `id` int(11) unsigned NOT NULL AUTO_INCREMENT,
  `keyword` varchar(255) COLLATE utf8_unicode_ci NOT NULL,
  `soundex` varchar(255) COLLATE utf8_unicode_ci DEFAULT NULL,
  PRIMARY KEY (`id`),
  UNIQUE KEY `keyword` (`keyword`),
  KEY `soundex` (`soundex`)
) ENGINE=InnoDB AUTO_INCREMENT=556133 DEFAULT CHARSET=utf8 COLLATE=utf8_unicode_ci;

--
-- Dumping data for table `s_search_keywords`
--

INSERT INTO `s_search_keywords` VALUES (771,'root',NULL),(772,'deutsch',NULL),(780,'prospektstander',NULL),(784,'roll',NULL),(786,'theken',NULL),(787,'bannerdisplays',NULL),(1959,'basic',NULL),(1995,'deluxe',NULL),(1996,'easy',NULL),(1997,'infostand',NULL),(2148,'digitale',NULL),(2149,'losungen',NULL),(2152,'beleuchtung',NULL),(2153,'schilder',NULL),(2154,'wandrahmen',NULL),(2155,'lx',NULL),(2156,'pop',NULL),(2157,'up',NULL),(2158,'transportkoffer',NULL),(2159,'messe',NULL),(2160,'outdoor',NULL),(2161,'systeme',NULL),(2163,'lichtsaulen',NULL),(2339,'standard',NULL),(2340,'mag',NULL),(2341,'textil',NULL),(2342,'premium',NULL),(2343,'faltwand',NULL),(2344,'flex',NULL),(2345,'skyflag',NULL),(2346,'wind',NULL),(2347,'drop',NULL),(2348,'square',NULL),(2349,'decoflagge',NULL),(2356,'prospekhalter',NULL),(2357,'spezial',NULL),(2358,'displays',NULL),(2359,'plus',NULL),(2360,'future',NULL),(2361,'massiv',NULL),(2362,'slide',NULL),(2363,'exclusive',NULL),(2364,'xl',NULL),(2365,'mini',NULL),(2366,'doppel',NULL),(2367,'double',NULL),(2368,'side',NULL),(2369,'l',NULL),(2370,'x',NULL),(2371,'flagge',NULL),(2372,'mobile',NULL),(2373,'zubehor',NULL),(2374,'zickzack',NULL),(2375,'strassenboard',NULL),(2376,'aussen',NULL),(2377,'tornado',NULL),(2378,'thunder',NULL),(2379,'alu',NULL),(2380,'aufsteller',NULL),(2381,'lux',NULL),(2382,'promo',NULL),(2383,'theke',NULL),(2384,'rednerpult',NULL),(2385,'cesar',NULL),(2386,'hard',NULL),(2387,'counter',NULL),(2388,'trolly',NULL),(2389,'beachban',NULL),(2390,'klettband',NULL),(2391,'spiral',NULL),(2392,'vitrine',NULL),(2393,'rundsockel',NULL),(2394,'glucksrader',NULL),(2395,'fix',NULL),(2396,'fussboden',NULL),(2397,'schaumstoff',NULL),(2398,'licht',NULL),(2399,'saule',NULL),(2400,'box',NULL),(2401,'light',NULL),(2402,'reflect',NULL),(2404,'led',NULL),(2405,'rahmen',NULL),(2406,'halogen',NULL),(2407,'desktop',NULL),(2408,'ipad',NULL),(2409,'stand',NULL),(2410,'curved',NULL),(2412,'novela',NULL),(2413,'wall',NULL),(2414,'monitor',NULL),(2415,'tv',NULL),(2416,'nachdruck',NULL),(2417,'lxbanner',NULL),(2455,'10',NULL),(2456,'11',NULL),(2457,'12',NULL),(2458,'13',NULL),(2459,'14',NULL),(2460,'15',NULL),(2461,'16',NULL),(2462,'17',NULL),(2463,'18',NULL),(2464,'19',NULL),(2466,'20',NULL),(2467,'21',NULL),(2468,'22',NULL),(2469,'23',NULL),(2474,'7',NULL),(2475,'8',NULL),(2476,'9',NULL),(2528,'150',NULL),(2602,'24',NULL),(2603,'25',NULL),(2604,'26',NULL),(2608,'30',NULL),(2613,'35',NULL),(2623,'45',NULL),(2628,'50',NULL),(2799,'strahler',NULL),(2800,'watt',NULL),(2801,'digitaldruck',NULL),(2802,'fur',NULL),(2803,'seiten',NULL),(2804,'paneel',NULL),(2805,'blende',NULL),(2806,'banner',NULL),(2807,'flexi',NULL),(2808,'lbanner',NULL),(2809,'xbanner',NULL),(2810,'6eck',NULL),(2811,'sphere',NULL),(2812,'straight',NULL),(2813,'holz',NULL),(2814,'rechteck',NULL),(2815,'display',NULL),(2816,'prospekthalter',NULL),(2817,'slim',NULL),(2818,'small',NULL),(2819,'graphic',NULL),(2820,'klett',NULL),(2821,'flausch',NULL),(2824,'faltvitrine',NULL),(2825,'infosaule',NULL),(2827,'round',NULL),(2828,'twist',NULL),(2829,'twister',NULL),(2830,'tisch',NULL),(2831,'pirouet',NULL),(2832,'rundsaule',NULL),(2833,'svkl',NULL),(2834,'tower',NULL),(2835,'werbesaule',NULL),(2836,'werbeturm',NULL),(2837,'werbevitrine',NULL),(2838,'rs400',NULL),(2839,'werbedisplay',NULL),(2840,'aussenschild',NULL),(2841,'aussenwerbung',NULL),(2842,'gehwegaufsteller',NULL),(2843,'kundenstopper',NULL),(2844,'outdoordisplay',NULL),(2845,'sba1',NULL),(2846,'streetboard',NULL),(2847,'werbeschild',NULL),(2848,'aussenbanner',NULL),(2849,'aussenbereich',NULL),(2850,'doppelseitiges',NULL),(2851,'outdoorsystem',NULL),(2852,'rollbanner',NULL),(2853,'werbebanner',NULL),(2854,'hurrican',NULL),(2855,'rollup',NULL),(2856,'sytem',NULL),(2857,'doppelseitig',NULL),(2858,'odm100',NULL),(2859,'odm85',NULL),(2860,'aluaufsteller',NULL),(2861,'turaufsteller',NULL),(2862,'turstopper',NULL),(2863,'erdbohrer',NULL),(2864,'erdspiess',NULL),(2865,'kreuzfuss',NULL),(2866,'wassersack',NULL),(2867,'6kg',NULL),(2868,'metalplatte',NULL),(2869,'12kg',NULL),(2870,'24l',NULL),(2871,'wassertank',NULL),(2872,'visit',NULL),(3032,'klevermesse',NULL),(3035,'alu6eckh',NULL),(3036,'alu6eckwe',NULL),(3037,'alua1',NULL),(3038,'alua2',NULL),(3039,'alucc30',NULL),(3040,'alucc45',NULL),(3041,'aludc',NULL),(3042,'alurc',NULL),(3043,'alusc',NULL),(3044,'alusc1',NULL),(3045,'alusc2',NULL),(3046,'beachl',NULL),(3047,'beachm',NULL),(3048,'beachs',NULL),(3049,'cesarc',NULL),(3050,'df207',NULL),(3051,'hdc',NULL),(3052,'insa3',NULL),(3053,'insa4',NULL),(3054,'insa4a',NULL),(3055,'klettf20',NULL),(3056,'klettk20',NULL),(3057,'ls150',NULL),(3058,'luxc1',NULL),(3059,'luxc2',NULL),(3060,'massivc',NULL),(3061,'mf415',NULL),(3064,'phdeluxe',NULL),(3065,'pheasy',NULL),(3066,'phmaga4',NULL),(3067,'phmaga5',NULL),(3068,'phmaga5l',NULL),(3069,'phmagv',NULL),(3070,'phzza',NULL),(3071,'phzzw',NULL),(3072,'popupc1',NULL),(3074,'rgb',NULL),(3075,'rlbsl',NULL),(3076,'rlbsm',NULL),(3077,'rs100',NULL),(3078,'rs120',NULL),(3079,'rs40',NULL),(3080,'rs80',NULL),(3085,'svgr',NULL),(3086,'sw10019',NULL),(3087,'1',NULL),(3088,'2',NULL),(3089,'3',NULL),(3090,'4',NULL),(3091,'5',NULL),(3092,'6',NULL),(3127,'sw10055',NULL),(3129,'sw10060',NULL),(3137,'szeb',NULL),(3138,'szes',NULL),(3139,'szkf',NULL),(3140,'szmp12',NULL),(3141,'szmp6',NULL),(3142,'szws',NULL),(3143,'szwt24',NULL),(4527,'texcb',NULL),(4528,'texcw',NULL),(4901,'easycb',NULL),(4902,'easycw',NULL),(4903,'popupled50b',NULL),(4904,'popupled50s',NULL),(4905,'popupled50w',NULL),(4906,'procount',NULL),(5651,'flexdr',NULL),(5652,'flexdrb',NULL),(5653,'lbeasy100',NULL),(5654,'lbeasy80',NULL),(5655,'lbflexi100',NULL),(5656,'lbflexi80',NULL),(5657,'lbflexi85',NULL),(5658,'rbbasic1f100',NULL),(5659,'rbbasic1f60',NULL),(5660,'rbbasic1f80',NULL),(5661,'rbbasic1f85',NULL),(5662,'rbbasic2f100',NULL),(5663,'rbbasic2f80',NULL),(5664,'rbbasic2f85',NULL),(5665,'rbbasicb100',NULL),(5666,'rbbasicb85',NULL),(5667,'rbdeluxe100',NULL),(5668,'rbdeluxe85',NULL),(5669,'rbdop100',NULL),(5670,'rbdop85',NULL),(5671,'rbds100',NULL),(5672,'rbds85',NULL),(5673,'rbexclu100',NULL),(5674,'rbexclu85',NULL),(5675,'rbfut100',NULL),(5676,'rbfut120',NULL),(5677,'rbfut150',NULL),(5678,'rbfut85',NULL),(5679,'rbl35',NULL),(5680,'rbl50b',NULL),(5681,'rbl50s',NULL),(5682,'rbled3b',NULL),(5683,'rbled3s',NULL),(5684,'rbled3w',NULL),(5685,'rbmassiv100',NULL),(5686,'rbmassiv120',NULL),(5687,'rbmassiv150',NULL),(5688,'rbmassiv85',NULL),(5689,'rbminia3',NULL),(5690,'rbminia4',NULL),(5691,'rbplus100',NULL),(5692,'rbplus120',NULL),(5693,'rbplus150',NULL),(5694,'rbplus40',NULL),(5695,'rbplus60',NULL),(5696,'rbplus80',NULL),(5697,'rbplus85',NULL),(5698,'rbpre100',NULL),(5699,'rbpre120',NULL),(5700,'rbpre150',NULL),(5701,'rbpre85',NULL),(5702,'rbpreb100',NULL),(5703,'rbpreb85',NULL),(5704,'rbsl100',NULL),(5705,'rbsl120',NULL),(5706,'rbsl85',NULL),(5707,'rbstand100',NULL),(5708,'rbstand80',NULL),(5709,'rbstand85',NULL),(5710,'rbxl150',NULL),(5711,'rbxl200',NULL),(5712,'textdrs',NULL),(5713,'xbbasic60',NULL),(5714,'xbbasic80',NULL),(5715,'xbprem100',NULL),(5716,'xbprem120',NULL),(5717,'xbprem60',NULL),(5718,'xbprem80',NULL),(6074,'fmagcdr23',NULL),(6075,'fmagcdr33',NULL),(6076,'fmagcdr43',NULL),(6077,'fmagcdr53',NULL),(6078,'fmagsdr23',NULL),(6079,'fmagsdr33',NULL),(6080,'fmagsdr43',NULL),(6081,'fmagsdr53',NULL),(6082,'mf540',NULL),(6083,'popup150b',NULL),(6084,'popup150s',NULL),(6095,'textilcdr23',NULL),(6096,'textilcdr33',NULL),(6097,'textilcdr43',NULL),(6098,'textilcdr53',NULL),(6099,'textilsdr23',NULL),(6100,'textilsdr33',NULL),(6101,'textilsdr43',NULL),(6102,'textilsdr53',NULL),(6726,'set',NULL),(6727,'triangel',NULL),(6965,'fixb',NULL),(6966,'kst100',NULL),(6967,'kst200',NULL),(6968,'rlbd',NULL),(7869,'ptexs23',NULL),(20240,'messetheken',NULL),(22511,'blog',NULL),(23279,'bilderrahmen',NULL),(23280,'snap',NULL),(23281,'bildrahmen',NULL),(23282,'alurahmen',NULL),(23283,'keder',NULL),(23284,'teilig',NULL),(23285,'folie',NULL),(23286,'glucksrad',NULL),(23287,'ohne',NULL),(23288,'klebefolie',NULL),(23545,'aluwra1',NULL),(23546,'aluwra100',NULL),(23547,'aluwra100200',NULL),(23548,'aluwra2',NULL),(23549,'aluwra3',NULL),(23550,'aluwra4',NULL),(23551,'aluwra50',NULL),(23552,'aluwra60',NULL),(23553,'aluwra6080',NULL),(23554,'aluwra70',NULL),(23555,'bra0',NULL),(23556,'bra1',NULL),(23557,'bra2',NULL),(23558,'bra3',NULL),(23559,'bra4',NULL),(23560,'di1000sz',NULL),(23561,'di1000w',NULL),(23562,'glucks60mf',NULL),(23563,'glucks60of',NULL),(23564,'glucks80mf',NULL),(23565,'glucks80of',NULL),(23566,'isc100sz',NULL),(23567,'isc100w',NULL),(23568,'isf1000s',NULL),(23569,'ism1000w',NULL),(23570,'ism100sz',NULL),(23571,'ism100w',NULL),(23572,'lba0',NULL),(23573,'lba1',NULL),(23574,'lba2',NULL),(23575,'lba3',NULL),(23576,'lba4',NULL),(23577,'lwa0',NULL),(23578,'lwa1',NULL),(23579,'lwa2',NULL),(23580,'lwa3',NULL),(23581,'lwa4',NULL),(23582,'lwb1',NULL),(23583,'lwb2',NULL),(23584,'msxl1',NULL),(23585,'msxl3',NULL),(23586,'ni100sz',NULL),(23587,'niw100sz',NULL),(23588,'niw100w',NULL),(23589,'sra0',NULL),(23590,'sra1',NULL),(23591,'sra2',NULL),(23592,'sra3',NULL),(23593,'sra4',NULL),(23594,'srb1',NULL),(23595,'srb2',NULL),(23596,'tvss',NULL),(23597,'tvssz',NULL),(23812,'trollycase',NULL),(23974,'zipper',NULL),(24078,'phzzm',NULL),(24080,'ptex23m',NULL),(24081,'ptex33l',NULL),(24082,'ptex53xl',NULL),(24616,'amag23c',NULL),(24617,'atex33s',NULL),(24618,'ptexp23c',NULL),(24621,'ptexp23s',NULL),(24622,'ptexp23sms',NULL),(24623,'ptexp23sos',NULL),(24627,'ptexp33s',NULL),(24628,'ptexp33sms',NULL),(24629,'ptexp33sos',NULL),(24633,'ptexp43s',NULL),(24634,'ptexp43sms',NULL),(24635,'ptexp43sos',NULL),(24639,'ptexp53s',NULL),(24640,'ptexp53sms',NULL),(24641,'ptexp53sos',NULL),(24914,'ban',NULL),(24915,'beach',NULL),(30267,'easych',NULL),(30567,'neu',NULL),(30568,'quick',NULL),(30569,'swap',NULL),(30570,'smart',NULL),(30840,'es100',NULL),(30841,'es120',NULL),(30842,'es150',NULL),(30843,'es30',NULL),(30844,'es60',NULL),(30845,'es80',NULL),(30846,'es90',NULL),(30847,'lq100',NULL),(30848,'lq60',NULL),(30849,'lq70',NULL),(30850,'lq80',NULL),(30851,'lq90',NULL),(30852,'qbdop100',NULL),(30853,'qbdop70',NULL),(30854,'qbdop80',NULL),(30855,'qbdop90',NULL),(30856,'rbs100',NULL),(30857,'rbs80',NULL),(30858,'rbs90',NULL),(31159,'kederprofile',NULL),(31160,'brand',NULL),(31161,'sign',NULL),(31328,'pro',NULL),(31329,'swing',NULL),(31330,'arcade',NULL),(31331,'centerstand',NULL),(31332,'fahrradstander',NULL),(31333,'vario',NULL),(31444,'bk100',NULL),(31445,'bk120',NULL),(31446,'bk80',NULL),(31447,'kbs',NULL),(31767,'rotator',NULL),(31768,'center',NULL),(32059,'cs100',NULL),(32060,'cs200',NULL),(32061,'fst100',NULL),(32062,'premium1',NULL),(32063,'premium2',NULL),(32064,'premium3',NULL),(32065,'premium4',NULL),(32066,'premium5',NULL),(32067,'swing1',NULL),(32068,'swing2',NULL),(32069,'swing3',NULL),(32070,'swing4',NULL),(32071,'wind1s',NULL),(32072,'wind1sz',NULL),(32073,'wind2s',NULL),(32074,'wind2sz',NULL),(32075,'wind3s',NULL),(32076,'wind3sz',NULL),(32077,'wind4s',NULL),(32078,'wind4sz',NULL),(32079,'wr',NULL),(32080,'wr100',NULL),(32697,'wled',NULL),(33044,'single',NULL),(33045,'xtruss',NULL),(33221,'traversen',NULL),(33339,'xtsb10',NULL),(33687,'ushape',NULL),(33688,'corner',NULL),(33689,'xtrus',NULL),(33690,'triple',NULL),(33691,'lshape',NULL),(33869,'sets',NULL),(33995,'xtcb10',NULL),(33996,'xtls10',NULL),(33997,'xtt10',NULL),(33998,'xttb10',NULL),(33999,'xtus10',NULL),(34000,'xtwb10',NULL),(34349,'i',NULL),(34350,'ii',NULL),(34660,'mspm3ca',NULL),(34661,'mspm3ch',NULL),(34662,'mspm3cm',NULL),(34663,'mspm3sa',NULL),(34664,'mspm3sh',NULL),(34665,'mspm3sm',NULL),(34666,'mspm4ca',NULL),(34667,'mspm4ch',NULL),(34668,'mspm4cm',NULL),(34669,'mspm4sa',NULL),(34670,'mspm4sh',NULL),(34671,'mspm4sm',NULL),(34672,'mspm5ca',NULL),(34673,'mspm5ch',NULL),(34674,'mspm5cm',NULL),(34675,'mspm5sa',NULL),(34676,'mspm5sh',NULL),(34677,'mspm5sm',NULL),(34678,'mspmag3c',NULL),(34679,'mspt3s',NULL),(34680,'mspt3sa',NULL),(35035,'500',NULL),(35036,'glas',NULL),(35222,'vitrinen',NULL),(35349,'vit500',NULL),(35725,'800',NULL),(35726,'1000',NULL),(35727,'city',NULL),(35729,'info',NULL),(35730,'schaukasten',NULL),(35731,'plakat',NULL),(35732,'schiebetur',NULL),(35733,'schreibtafel',NULL),(35734,'edel',NULL),(35735,'convex',NULL),(35736,'lightbox',NULL),(35737,'50mm',NULL),(35738,'leuchtrahmen',NULL),(35739,'25mm',NULL),(35740,'35mm',NULL),(35741,'einseitig',NULL),(36056,'clv12df',NULL),(36057,'clv12ef',NULL),(36058,'clv12ew',NULL),(36059,'clvdf',NULL),(36060,'clvef',NULL),(36061,'clvew',NULL),(36062,'es400',NULL),(36063,'es600',NULL),(36064,'es700',NULL),(36065,'isled44',NULL),(36066,'isled64',NULL),(36067,'isled94',NULL),(36068,'lcl500',NULL),(36069,'lcla1',NULL),(36070,'lcla2',NULL),(36071,'lcla3',NULL),(36072,'lcla4',NULL),(36073,'ledr25a0',NULL),(36074,'ledr25a1',NULL),(36075,'ledr25a2',NULL),(36076,'ledr25a3',NULL),(36077,'ledr25a4',NULL),(36078,'ledr25a500',NULL),(36079,'ledr25a700',NULL),(36080,'ledr50',NULL),(36082,'ps500',NULL),(36083,'ps700',NULL),(36084,'psa0',NULL),(36085,'psa1',NULL),(36086,'psa2',NULL),(36087,'psa3',NULL),(36088,'psled',NULL),(36089,'ss124',NULL),(36090,'ss154',NULL),(36091,'ss184',NULL),(36092,'ss214',NULL),(36093,'ss84',NULL),(36094,'ss94',NULL),(36095,'st300sis',NULL),(36096,'st300siw',NULL),(36097,'st300szs',NULL),(36098,'st300szw',NULL),(36099,'st400sis',NULL),(36100,'st400siw',NULL),(36101,'st400szs',NULL),(36102,'st400szw',NULL),(36103,'st600sis',NULL),(36104,'st600siw',NULL),(36105,'st600szs',NULL),(36106,'st600szw',NULL),(36107,'st800sis',NULL),(36108,'st800siw',NULL),(36109,'st800szs',NULL),(36110,'st800szw',NULL),(36111,'vit1000',NULL),(36112,'vit800',NULL),(36489,'fussbodenschaumstoff',NULL),(36821,'fb200',NULL),(36822,'msrbi',NULL),(36823,'msrbii',NULL),(36824,'msxlbi',NULL),(38027,'32mm',NULL),(38028,'bay',NULL),(38029,'maxi',NULL),(38030,'spannrahmen',NULL),(38031,'34mm',NULL),(38032,'gulf',NULL),(38034,'15mm',NULL),(38035,'river',NULL),(38036,'60mm',NULL),(38037,'frame',NULL),(38038,'klapprahmen',NULL),(38039,'sicherungsschraube',NULL),(38040,'wasserfester',NULL),(38041,'fenster',NULL),(38248,'einschubrahmen',NULL),(38377,'fk57',NULL),(38378,'fk710',NULL),(38379,'fka1',NULL),(38380,'fka2',NULL),(38381,'fka3',NULL),(38382,'fka4',NULL),(38383,'mfv820',NULL),(38393,'tsgm1020',NULL),(38394,'tsgm1030',NULL),(38395,'tsgm1520',NULL),(38396,'tsgm1530',NULL),(38397,'tsgm2020',NULL),(38398,'tsgm2030',NULL),(38435,'tsrm510',NULL),(38436,'tsrma1',NULL),(38437,'tsrma2',NULL),(38438,'tsrma3',NULL),(38439,'tsrma4',NULL),(38440,'tsrmab2',NULL),(38441,'tsrmb1',NULL),(38442,'wkos57',NULL),(38443,'wkos710',NULL),(38444,'wkosa0',NULL),(38445,'wkosa1',NULL),(38446,'wkosa2',NULL),(38447,'wkosa3',NULL),(38448,'wkosa4',NULL),(38449,'wks114',NULL),(38450,'wks57',NULL),(38451,'wks71',NULL),(38452,'wksa0',NULL),(38453,'wksa1',NULL),(38454,'wksa2',NULL),(38455,'wksa3',NULL),(38456,'wksa4',NULL),(38894,'topper',NULL),(38895,'scroll',NULL),(38896,'down',NULL),(38897,'doppelseitiger',NULL),(38898,'klemmleiste',NULL),(38899,'poster',NULL),(38900,'clamp',NULL),(38901,'boden',NULL),(38902,'multiside',NULL),(38903,'acryl',NULL),(38904,'taufsteller',NULL),(38905,'wing',NULL),(38906,'laufsteller',NULL),(38907,'mehrfach',NULL),(38908,'prospektdispenser',NULL),(38909,'tischprospektdispenser',NULL),(38911,'cocktail',NULL),(38912,'wandmontage',NULL),(38913,'5m',NULL),(38914,'deckenabhangeset',NULL),(38915,'leuchtkasten',NULL),(38916,'a4',NULL),(38917,'din',NULL),(38918,'prospektkorb',NULL),(38919,'farbig',NULL),(38920,'kreidemarker',NULL),(38921,'antireflex',NULL),(38922,'petschutzfolie',NULL),(38923,'a1',NULL),(38924,'schreibfolie',NULL),(38925,'netzteil',NULL),(38926,'buchstaben',NULL),(38927,'rot',NULL),(38928,'zahlen',NULL),(38929,'endkappe',NULL),(38930,'zwischenraum',NULL),(38931,'edge',NULL),(38932,'rund',NULL),(38933,'oval',NULL),(38934,'magnetrahmen',NULL),(38935,'ecken',NULL),(38936,'runde',NULL),(38937,'holzrahmen',NULL),(39160,'postersysteme',NULL),(39161,'leuchtwerbung',NULL),(39294,'alaufa134h',NULL),(39295,'alaufa134q',NULL),(39296,'alaufa4h',NULL),(39297,'alaufa4q',NULL),(39298,'alaufa5h',NULL),(39299,'alaufa5q',NULL),(39300,'alaufa6h',NULL),(39301,'alaufa6q',NULL),(39302,'alo',NULL),(39303,'alr',NULL),(39304,'arsfa0',NULL),(39305,'arsfa1',NULL),(39306,'arsfa2',NULL),(39307,'arsfa3',NULL),(39308,'arsfa4',NULL),(39309,'arsfb0',NULL),(39310,'arsfb1',NULL),(39311,'arsfb2',NULL),(39312,'ataufa13h',NULL),(39313,'ataufa13q',NULL),(39314,'ataufa4h',NULL),(39315,'ataufa4q',NULL),(39316,'ataufa5h',NULL),(39317,'ataufa5q',NULL),(39318,'ataufa6h',NULL),(39319,'ataufa6q',NULL),(39320,'bpm2x5a4',NULL),(39321,'bpm3x5a4',NULL),(39322,'bpm4x5a4',NULL),(39323,'dera1h',NULL),(39324,'dera1q',NULL),(39325,'dera2h',NULL),(39326,'dera2q',NULL),(39327,'dera3h',NULL),(39328,'dera3q',NULL),(39329,'dera4h',NULL),(39330,'dera4q',NULL),(39331,'derb2h',NULL),(39332,'derb2q',NULL),(39333,'dk15',NULL),(39334,'dl15',NULL),(39335,'elba3',NULL),(39336,'elba4',NULL),(39337,'elbb6',NULL),(39338,'ertopa3',NULL),(39339,'ertopa4',NULL),(39340,'ertopa5',NULL),(39341,'kmf10',NULL),(39342,'krrea025',NULL),(39343,'krrea030',NULL),(39344,'krrea032',NULL),(39345,'krrea125',NULL),(39346,'krrea130',NULL),(39347,'krrea132',NULL),(39348,'krrea225',NULL),(39349,'krrea230',NULL),(39350,'krrea232',NULL),(39351,'krrea325',NULL),(39352,'krrea330',NULL),(39353,'krrea332',NULL),(39354,'krrea425',NULL),(39355,'krrea430',NULL),(39356,'krrea432',NULL),(39357,'krrea525',NULL),(39358,'krreb125',NULL),(39359,'krreb130',NULL),(39360,'krreb132',NULL),(39361,'krreb225',NULL),(39362,'krreb230',NULL),(39363,'krreb232',NULL),(39364,'laa2',NULL),(39365,'laa3',NULL),(39366,'laa4',NULL),(39367,'ledhra0b',NULL),(39368,'ledhra0e',NULL),(39369,'ledhra0w',NULL),(39370,'ledhra1b',NULL),(39371,'ledhra1e',NULL),(39372,'ledhraw',NULL),(39373,'ledhrb0b',NULL),(39374,'ledhrb0e',NULL),(39375,'ledhrb0w',NULL),(39376,'ledloa0',NULL),(39377,'ledloa1',NULL),(39378,'ledloa2',NULL),(39379,'ledloa3',NULL),(39380,'ledloa4',NULL),(39381,'ledlob0',NULL),(39382,'ledlob1',NULL),(39383,'ledlob2',NULL),(39384,'ledmd',NULL),(39385,'ledmra0',NULL),(39386,'ledmra1',NULL),(39387,'ledmra2',NULL),(39388,'ledmra3',NULL),(39389,'ledmra4',NULL),(39390,'ledmrb1',NULL),(39391,'ledmrb2',NULL),(39392,'lkda3',NULL),(39393,'lkea0',NULL),(39394,'lkea1',NULL),(39395,'lkea3',NULL),(39396,'lkeb0',NULL),(39397,'lkeb2',NULL),(39398,'mpdis3a4',NULL),(39399,'mpdis3a5',NULL),(39400,'mpdis3a6',NULL),(39401,'mpdis4a6',NULL),(39402,'netzt1',NULL),(39403,'netzt2',NULL),(39404,'netzt3',NULL),(39405,'netzt4',NULL),(39406,'netzt5',NULL),(39407,'netzt6',NULL),(39408,'pa4k',NULL),(39409,'pcw2a4',NULL),(39410,'pcw2a5',NULL),(39411,'pcw3a6',NULL),(39412,'pkca1',NULL),(39413,'pkca2',NULL),(39414,'pkca3',NULL),(39415,'pkca4',NULL),(39416,'pkcb1',NULL),(39417,'pkcb2',NULL),(39418,'pksa1',NULL),(39419,'pksa2',NULL),(39420,'pksa3',NULL),(39421,'pksa4',NULL),(39422,'pksb1',NULL),(39423,'pksb2',NULL),(39424,'rbscdown100',NULL),(39425,'rbscdown120',NULL),(39426,'rbscdown70',NULL),(39427,'rbscdown80',NULL),(39428,'rbscdown90',NULL),(39429,'rbscup100',NULL),(39430,'rbscup80',NULL),(39431,'sfa1',NULL),(39432,'slbz',NULL),(39433,'slek',NULL),(39434,'slnetz',NULL),(39435,'spra1',NULL),(39436,'spra2',NULL),(39437,'spra3',NULL),(39438,'spra4',NULL),(39439,'sprb1',NULL),(39440,'sprb2',NULL),(39441,'sw10102',NULL),(39442,'sw10103',NULL),(39443,'swaufa4h',NULL),(39444,'swaufa4q',NULL),(39445,'swaufa5h',NULL),(39446,'swaufa5q',NULL),(39447,'swaufa6h',NULL),(39448,'swaufa6q',NULL),(39449,'swaufa7h',NULL),(39450,'swaufa7q',NULL),(39451,'tpdisa4',NULL),(39452,'visboxbl',NULL),(39453,'visboxsz',NULL),(39454,'visboxtr',NULL),(39972,'tischplatte',NULL),(40378,'klettf25',NULL),(40379,'klettf30',NULL),(40380,'klettf50',NULL),(40381,'klettk25',NULL),(40382,'klettk30',NULL),(40383,'klettk50',NULL),(40384,'petxs43',NULL),(40392,'pmagtpb',NULL),(40393,'pmagtph',NULL),(40394,'pmagtps',NULL),(40395,'pmagtpw',NULL),(40400,'ptexs33',NULL),(40401,'ptexs53',NULL),(41073,'stahl',NULL),(41074,'verzinkter',NULL),(41075,'wand',NULL),(41076,'edelstahl',NULL),(41479,'ab180',NULL),(41480,'owb1000',NULL),(41481,'owb1200',NULL),(41482,'owb800',NULL),(41483,'owbe800',NULL),(42184,'art',NULL),(42185,'textilspannrahmen',NULL),(42186,'55',NULL),(42187,'34',NULL),(42188,'100',NULL),(42189,'90',NULL),(42190,'werbepuzzel',NULL),(42463,'werbeartikel',NULL),(42464,'puzzel',NULL),(42465,'giveaways',NULL),(42466,'kalender',NULL),(42467,'prasentationsmappen',NULL),(42468,'bierdeckel',NULL),(42603,'mfled100a',NULL),(42604,'mfled100b',NULL),(42605,'mfled100c',NULL),(42606,'mfled34a0',NULL),(42607,'mfled34a1',NULL),(42608,'mfled34a2',NULL),(42609,'mfled34a3',NULL),(42610,'mfled34b0',NULL),(42611,'mfled34b1',NULL),(42612,'mfled34b2',NULL),(42614,'mfled55a0',NULL),(42615,'mfled55a1',NULL),(42616,'mfled55a2',NULL),(42617,'mfled55b1',NULL),(42618,'mfled55b2',NULL),(42620,'mfled90b',NULL),(42621,'mfled90c',NULL),(42622,'tafba0',NULL),(42623,'tafba1',NULL),(42624,'tafbb0',NULL),(42625,'tafea0',NULL),(42626,'tafea1',NULL),(42627,'tafeb0',NULL),(42628,'tafledba0',NULL),(42629,'tafledba1',NULL),(42630,'tafledbb0',NULL),(42631,'tafledea0',NULL),(42632,'tafledea1',NULL),(42633,'tafledeb0',NULL),(42634,'tafledpa0',NULL),(42635,'tafledpa1',NULL),(42636,'tafledpb0',NULL),(42637,'tafpa0',NULL),(42638,'tafpa1',NULL),(42639,'tafpb0',NULL),(42640,'wpuzz120',NULL),(42641,'wpuzz24',NULL),(42642,'wpuzz35',NULL),(42643,'wpuzz60',NULL),(45679,'beachflag',NULL),(46100,'bfdssa',NULL),(46101,'bfdssb',NULL),(46102,'bfdssc',NULL),(46103,'bfdssd',NULL),(46104,'bfdsse',NULL),(46105,'bfdssf',NULL),(48025,'falt',NULL),(48026,'metallicdesign',NULL),(48448,'1326002',NULL),(49201,'grandfabric',NULL),(49202,'gebogen',NULL),(49203,'linkwall',NULL),(49486,'expand',NULL),(49487,'produkte',NULL),(49488,'m2',NULL),(49632,'egfs232',NULL),(49633,'egfs305',NULL),(49634,'egfs378',NULL),(49635,'elw9022',NULL),(49636,'gfc167240',NULL),(49637,'gfc167318',NULL),(49638,'gfc175240',NULL),(49639,'gfc175318',NULL),(49640,'gfc176240',NULL),(49641,'gfc176318',NULL),(50680,'zelte',NULL),(50828,'lboxw',NULL),(52459,'sw205eb',NULL),(52460,'sw205es',NULL),(52461,'sw205kf',NULL),(52462,'sw205mp12',NULL),(52463,'sw205mp6',NULL),(52464,'sw205wt',NULL),(52465,'sw255eb',NULL),(52466,'sw255es',NULL),(52467,'sw255kf',NULL),(52468,'sw255mp12',NULL),(52469,'sw255mp6',NULL),(52470,'sw255wt',NULL),(52471,'sw310eb',NULL),(52472,'sw310es',NULL),(52473,'sw310kf',NULL),(52474,'sw310mp12',NULL),(52475,'sw310mp6',NULL),(52476,'sw310wt',NULL),(52477,'sw360eb',NULL),(52478,'sw360es',NULL),(52479,'sw360kf',NULL),(52480,'sw360mp12',NULL),(52481,'sw360mp6',NULL),(52482,'sw360wt',NULL),(52483,'sw415eb',NULL),(52484,'sw415es',NULL),(52485,'sw415kf',NULL),(52486,'sw415mp12',NULL),(52487,'sw415mp6',NULL),(52488,'sw415wt',NULL),(52489,'sw465eb',NULL),(52490,'sw465es',NULL),(52491,'sw465kf',NULL),(52492,'sw465mp12',NULL),(52493,'sw465mp6',NULL),(52494,'sw465wt',NULL),(52495,'sw520eb',NULL),(52496,'sw520es',NULL),(52497,'sw520kf',NULL),(52498,'sw520mp12',NULL),(52499,'sw520mp6',NULL),(52500,'sw520wt',NULL),(57387,'sd235eb',NULL),(57388,'sd235es',NULL),(57389,'sd235kf',NULL),(57390,'sd235mp12',NULL),(57391,'sd235mp6',NULL),(57392,'sd235wt',NULL),(57393,'sd290eb',NULL),(57394,'sd290es',NULL),(57395,'sd290kf',NULL),(57396,'sd290mp12',NULL),(57397,'sd290mp6',NULL),(57398,'sd290wt',NULL),(57399,'sd345eb',NULL),(57400,'sd345es',NULL),(57401,'sd345kf',NULL),(57402,'sd345mp12',NULL),(57403,'sd345mp6',NULL),(57404,'sd345wt',NULL),(57405,'sd400eb',NULL),(57406,'sd400es',NULL),(57407,'sd400kf',NULL),(57408,'sd400mp12',NULL),(57409,'sd400mp6',NULL),(57410,'sd400wt',NULL),(57411,'sd520eb',NULL),(57412,'sd520es',NULL),(57413,'sd520kf',NULL),(57414,'sd520mp12',NULL),(57415,'sd520mp6',NULL),(57416,'sd520wt',NULL),(58644,'ss240eb',NULL),(58645,'ss240es',NULL),(58646,'ss240kf',NULL),(58647,'ss240mp12',NULL),(58648,'ss240mp6',NULL),(58649,'ss240wt',NULL),(58650,'ss350eb',NULL),(58651,'ss350es',NULL),(58652,'ss350kf',NULL),(58653,'ss350mp12',NULL),(58654,'ss350mp6',NULL),(58655,'ss350wt',NULL),(58656,'ss460eb',NULL),(58657,'ss460es',NULL),(58658,'ss460kf',NULL),(58659,'ss460mp12',NULL),(58660,'ss460mp6',NULL),(58661,'ss460wt',NULL),(59916,'sw10067',NULL),(65837,'visitenkartenbox',NULL),(68377,'werbetaschen',NULL),(68378,'druck',NULL),(68379,'inkl',NULL),(68380,'microfasertuch',NULL),(68381,'germany',NULL),(68382,'kugelschreiber',NULL),(68667,'haftnotizen',NULL),(68668,'schlusselanhanger',NULL),(68669,'namensschilder',NULL),(68820,'kg',NULL),(68821,'mft',NULL),(68822,'wt00',NULL),(68823,'wt10',NULL),(68824,'wt11',NULL),(68825,'wt12',NULL),(68826,'wt20',NULL),(68827,'wt21',NULL),(68828,'wt22',NULL),(68829,'wt23',NULL),(68830,'wt30',NULL),(68831,'wt31',NULL),(68832,'wt32',NULL),(68833,'wt33',NULL),(68834,'wt40',NULL),(68835,'wt41',NULL),(68836,'wt42',NULL),(68837,'wt44',NULL),(68838,'wt46',NULL),(68839,'wt47',NULL),(68840,'wt50',NULL),(68841,'wt51',NULL),(68842,'wt52',NULL),(68843,'wt53',NULL),(68844,'wt54',NULL),(68845,'wt55',NULL),(68846,'wt56',NULL),(68847,'wt57',NULL),(68848,'wt58',NULL),(68849,'wt60',NULL),(68850,'wt61',NULL),(68851,'wt70',NULL),(69690,'werkzeugkarte',NULL),(70135,'sa',NULL),(70136,'wk',NULL),(77592,'digital',NULL),(77593,'showcase',NULL),(78041,'ds',NULL),(78914,'koffer',NULL),(79368,'qsdp',NULL),(79369,'qsk',NULL),(79370,'qsph',NULL),(79371,'qst',NULL),(81576,'promotion',NULL),(81577,'rollen',NULL),(81578,'stahlfuss',NULL),(82036,'mptr100',NULL),(82037,'pto',NULL),(82038,'wdsfa0',NULL),(82039,'wdsfa1',NULL),(82040,'wdsfb1',NULL),(82041,'wdsfb2',NULL),(85608,'85',NULL),(85609,'kit',NULL),(85610,'starter',NULL),(85611,'fold',NULL),(85612,'a',NULL),(85613,'iii',NULL),(85614,'iv',NULL),(85916,'kits',NULL),(85917,'home',NULL),(86081,'phf',NULL),(86082,'ski100',NULL),(86083,'ski120',NULL),(86084,'ski85',NULL),(86085,'skii100',NULL),(86086,'skii120',NULL),(86087,'skii85',NULL),(86088,'skiiia',NULL),(86089,'skiiib',NULL),(86090,'skiiic',NULL),(86091,'skiiid',NULL),(86092,'skiiie',NULL),(86093,'skiiif',NULL),(86094,'skivad',NULL),(86095,'skivae',NULL),(86096,'skivbd',NULL),(86097,'skivbe',NULL),(86098,'skivcd',NULL),(86099,'skivce',NULL),(86100,'skivdd',NULL),(86101,'skivde',NULL),(86102,'skived',NULL),(86103,'skivee',NULL),(86104,'skivfd',NULL),(86105,'skivfe',NULL),(90060,'equipment',NULL),(91443,'drucken',NULL),(91444,'ladenausstattung',NULL),(91445,'ausstellungssysteme',NULL),(91446,'promotiontheke',NULL),(91447,'messestand',NULL),(91448,'mobiler',NULL),(91928,'sw10110',NULL),(104256,'beachflags',NULL),(104257,'bedrucken',NULL),(104258,'bestellen',NULL),(104259,'fahne',NULL),(104260,'fahnen',NULL),(104261,'flaggen',NULL),(104262,'flying',NULL),(104263,'gunstig',NULL),(104264,'werbefahnen',NULL),(108456,'plakatstander',NULL),(108457,'stad',NULL),(108458,'strassenaufsteller',NULL),(108459,'werbung',NULL),(109556,'pirouett',NULL),(109557,'abschliessbar',NULL),(109558,'eckvitrine',NULL),(109559,'glasvitrine',NULL),(109560,'glasvitrinen',NULL),(109561,'hangevitrine',NULL),(109562,'kaufen',NULL),(109563,'sammlervitrine',NULL),(109564,'schmuckvitrine',NULL),(109565,'verkaufsvitrine',NULL),(109566,'vi',NULL),(109567,'vitrinenbeleuchtung',NULL),(109568,'vitrinenschrank',NULL),(109569,'vitrinenschranke',NULL),(109570,'wandvitrine',NULL),(109874,'event',NULL),(109875,'reisesystem',NULL),(109876,'standortwechsel',NULL),(109877,'vkfaktion',NULL),(109878,'bannersystem',NULL),(109879,'events',NULL),(109880,'komplettset',NULL),(109881,'messeset',NULL),(109882,'messesystem',NULL),(109883,'schaufenster',NULL),(109884,'flyerhalter',NULL),(109885,'infoaufsteller',NULL),(109886,'prpspekthalter',NULL),(109887,'visitenkartenhalter',NULL),(110994,'budget',NULL),(110995,'eco',NULL),(110996,'messen',NULL),(110997,'werbe',NULL),(110998,'ausstellung',NULL),(110999,'werbeflache',NULL),(111000,'changing',NULL),(111001,'bedruckt',NULL),(111002,'beidseitig',NULL),(111003,'gross',NULL),(111004,'grosses',NULL),(111005,'large',NULL),(111006,'kleines',NULL),(111007,'tischbanner',NULL),(111008,'classic',NULL),(111009,'ty8c',NULL),(111010,'twin',NULL),(111011,'bewegendes',NULL),(111012,'bewegungsbanner',NULL),(111013,'elektrisches',NULL),(111333,'mobiletheken',NULL),(111334,'promotheke',NULL),(111335,'firmeneindruck',NULL),(111336,'personalisierte',NULL),(111337,'selbstgestaltete',NULL),(111338,'werbemittel',NULL),(112461,'kunststofftheke',NULL),(112462,'messetheke',NULL),(112463,'promotional',NULL),(112464,'werbetheke',NULL),(112465,'fabric',NULL),(112466,'gebogene',NULL),(112467,'halbrunde',NULL),(112468,'flexal',NULL),(112469,'gear',NULL),(112470,'blowflag',NULL),(112471,'falg',NULL),(112472,'flag',NULL),(112473,'windbanner',NULL),(112474,'windfahne',NULL),(112818,'flyer',NULL),(112819,'prospekstander',NULL),(112820,'prospekte',NULL),(112821,'werbetrager',NULL),(112822,'messedisplay',NULL),(112823,'messewand',NULL),(112824,'beleuchtete',NULL),(112825,'beleuchteter',NULL),(112826,'lichtkasten',NULL),(112827,'lichtsaule',NULL),(112828,'lichtwerbung',NULL),(113048,'alurcw',NULL),(113049,'easycs',NULL),(113050,'texch',NULL),(113051,'texcs',NULL),(113960,'beachbanner',NULL),(113961,'decoflag',NULL),(113962,'fahnendruck',NULL),(113963,'bodenstander',NULL),(113964,'metallplatte',NULL),(113965,'fahnenmast',NULL),(113966,'zweiseitig',NULL),(113967,'zweiseitiger',NULL),(113968,'bodenkreuz',NULL),(113969,'kunststoffbodendubel',NULL),(113970,'plastikbodenplatte',NULL),(113971,'metallbodenplatte',NULL),(113972,'ecobodenplatte',NULL),(113973,'heavy',NULL),(113974,'beachlags',NULL),(113975,'metallbodendubel',NULL),(113976,'autoreifen',NULL),(113977,'bodenplatte',NULL),(113978,'faltzelt',NULL),(113979,'3x3',NULL),(113980,'3x6',NULL),(113981,'ersatz',NULL),(113982,'faltpavillon',NULL),(113983,'faltzelte',NULL),(113984,'garten',NULL),(113985,'gebraucht',NULL),(113986,'partyzelt',NULL),(113987,'partyzelte',NULL),(113988,'pavillon',NULL),(113989,'pavillons',NULL),(113990,'profi',NULL),(113991,'wasserdicht',NULL),(113992,'zelt',NULL),(114583,'klever',NULL),(114585,'bfbw',NULL),(114586,'bfdba',NULL),(114587,'bfdeb12',NULL),(114588,'bfdeb5',NULL),(114589,'bfdmd',NULL),(114590,'bfeb',NULL),(114591,'bfmp15li',NULL),(114592,'bfmp20li',NULL),(114593,'bfmp6li',NULL),(114594,'bfpb',NULL),(114595,'27',NULL),(114596,'28',NULL),(114597,'29',NULL),(114598,'31',NULL),(114599,'32',NULL),(114600,'33',NULL),(115519,'arch',NULL),(115916,'ersatzdach',NULL),(115917,'festzelt',NULL),(115918,'gartenpavillon',NULL),(115919,'gartenzelt',NULL),(115920,'metall',NULL),(115921,'mieten',NULL),(115922,'pavillions',NULL),(115923,'pavilon',NULL),(115924,'zeltverleih',NULL),(116169,'zda100230',NULL),(116170,'zda150230',NULL),(116171,'zda200230',NULL),(116172,'zda250230',NULL),(116173,'zda300230',NULL),(116174,'zda400230',NULL),(116175,'zda500230',NULL),(116176,'zda600230',NULL),(116177,'zdc300100',NULL),(116178,'zdc300150',NULL),(116179,'zdc300230',NULL),(116180,'zdc400100',NULL),(116181,'zdc400150',NULL),(116182,'zdc400230',NULL),(116183,'zdc500100',NULL),(116184,'zdc500150',NULL),(116185,'zdc500230',NULL),(116186,'zds100100',NULL),(116187,'zds100150',NULL),(116188,'zds100230',NULL),(116189,'zds100250',NULL),(116190,'zds100300',NULL),(116191,'zds150100',NULL),(116192,'zds150150',NULL),(116193,'zds150230',NULL),(116194,'zds150250',NULL),(116195,'zds150300',NULL),(116196,'zds200100',NULL),(116197,'zds200150',NULL),(116198,'zds200230',NULL),(116199,'zds200250',NULL),(116200,'zds200300',NULL),(116201,'zds250100',NULL),(116202,'zds250150',NULL),(116203,'zds250230',NULL),(116204,'zds300100',NULL),(116205,'zds300150',NULL),(116206,'zds300230',NULL),(116207,'zds400100',NULL),(116208,'zds400150',NULL),(116209,'zds400230',NULL),(116210,'zds500100',NULL),(116211,'zds500150',NULL),(116212,'zds500230',NULL),(116213,'zds600100',NULL),(116214,'zds600150',NULL),(116215,'zds600230',NULL),(117150,'deckelplatte',NULL),(118781,'hardcase',NULL),(118782,'30mm',NULL),(118783,'breite',NULL),(118784,'klammer',NULL),(118785,'rohre',NULL),(118786,'53mm',NULL),(118787,'max',NULL),(118788,'wande',NULL),(119439,'puhard',NULL),(119440,'wlct',NULL),(119441,'wlcw',NULL),(126003,'mf90',NULL),(140099,'messefaltwand',NULL),(141737,'tresen',NULL),(141738,'traversensystem',NULL),(141739,'traversensytem',NULL),(143381,'werbecounter',NULL),(153251,'6m',NULL),(153252,'boy',NULL),(153253,'dancer',NULL),(153254,'sky',NULL),(153255,'airdancer',NULL),(153256,'airman',NULL),(153257,'beschriftbar',NULL),(153258,'individuell',NULL),(153259,'vorgaben',NULL),(153260,'werbeluftsaule',NULL),(153261,'windyman',NULL),(153262,'clause',NULL),(153931,'sdboy',NULL),(153932,'sdclaus',NULL),(154912,'aluframe',NULL),(154913,'profilrahmen',NULL),(154914,'aluprofilrahmen',NULL),(154915,'aluspannrahmen',NULL),(154916,'apei1x1',NULL),(154917,'insektenschutz',NULL),(154918,'keilrahmen',NULL),(154919,'textilspannsystem',NULL),(154920,'26mm',NULL),(154921,'stuck',NULL),(154922,'23mm',NULL),(154923,'120mm',NULL),(154925,'180mm',NULL),(154926,'beidbeidseitig',NULL),(155353,'aluprofile',NULL),(155610,'5x2bdmf',NULL),(155611,'apbi1',NULL),(155612,'5x2bdof',NULL),(155613,'5x2edmf',NULL),(155614,'5x2edof',NULL),(155615,'5x2odmf',NULL),(155616,'5x2odof',NULL),(155617,'5x3bdmf',NULL),(155618,'5x3bdof',NULL),(155619,'5x3edmf',NULL),(155620,'5x3edof',NULL),(155621,'5x3odmf',NULL),(155622,'5x3odof',NULL),(155623,'apbi1x1bdmf',NULL),(155624,'apbi1x1bdof',NULL),(155625,'apbi1x1edmf',NULL),(155626,'apbi1x1edof',NULL),(155627,'apbi1x1odmf',NULL),(155628,'apbi1x1odof',NULL),(155629,'apbi1x2bdmf',NULL),(155630,'apbi1x2bdof',NULL),(155631,'apbi1x2edmf',NULL),(155632,'apbi1x2edof',NULL),(155633,'apbi1x2odmf',NULL),(155634,'apbi1x2odof',NULL),(155635,'apbi2x2bdmf',NULL),(155636,'apbi2x2bdof',NULL),(155637,'apbi2x2edmf',NULL),(155638,'apbi2x2edof',NULL),(155639,'apbi2x2odmf',NULL),(155640,'apbi2x2odof',NULL),(155641,'apbi2x3bdmf',NULL),(155642,'apbi2x3bdof',NULL),(155643,'apbi2x3edmf',NULL),(155644,'apbi2x3edof',NULL),(155645,'apbi2x3odmf',NULL),(155646,'apbi2x3odof',NULL),(155647,'apbi3x3bdmf',NULL),(155648,'apbi3x3bdof',NULL),(155649,'apbi3x3edmf',NULL),(155650,'apbi3x3edof',NULL),(155651,'apbi3x3odmf',NULL),(155652,'apbi3x3odof',NULL),(155653,'5x2md',NULL),(155654,'apei1',NULL),(155655,'5x2od',NULL),(155656,'5x3md',NULL),(155657,'5x3od',NULL),(155658,'apei1x1md',NULL),(155659,'apei1x1od',NULL),(155660,'apei1x2md',NULL),(155661,'apei1x2od',NULL),(155662,'apei2x2md',NULL),(155663,'apei2x2od',NULL),(155664,'apei2x3md',NULL),(155665,'apei2x3od',NULL),(155666,'apei3x3md',NULL),(155667,'apei3x3od',NULL),(155668,'ltf120',NULL),(155669,'ltf180',NULL),(155670,'tf23',NULL),(155671,'tf50',NULL),(155672,'tf26',NULL),(155673,'tf32',NULL),(156655,'bar',NULL),(156656,'wasserfest',NULL),(156657,'902',NULL),(156658,'modul',NULL),(156659,'rucklicht',NULL),(156660,'502',NULL),(156661,'903',NULL),(156662,'904',NULL),(156663,'flachfuss',NULL),(156664,'fusse',NULL),(156665,'seitliche',NULL),(156666,'flachfusse',NULL),(156667,'flache',NULL),(156668,'schmale',NULL),(157369,'kb10',NULL),(157370,'kb11',NULL),(157371,'kba4',NULL),(157372,'kbc3',NULL),(157373,'lb3nwp',NULL),(157374,'lb5nwp',NULL),(157375,'lb5wp',NULL),(157376,'lbap5wp',NULL),(157377,'lm21',NULL),(157378,'lm502',NULL),(157379,'lm902',NULL),(157380,'lm903',NULL),(157381,'lm904',NULL),(170832,'1400mm',NULL),(170833,'textilmessewand',NULL),(170834,'textilwand',NULL),(170835,'textilwerbewand',NULL),(171550,'mf1014',NULL),(171551,'mf321010md',NULL),(171552,'mf321010od',NULL),(171553,'mf321015md',NULL),(171554,'mf321015od',NULL),(171555,'mf321020md',NULL),(171556,'mf321020od',NULL),(171557,'mf325010md',NULL),(171558,'mf325010od',NULL),(171559,'mf32a0md',NULL),(171560,'mf32a0od',NULL),(171561,'mf32a1md',NULL),(171562,'mf32a1od',NULL),(171563,'mf32b0md',NULL),(171564,'mf32b0od',NULL),(171565,'mf32b1md',NULL),(171566,'mf32b1od',NULL),(171567,'mf32b2md',NULL),(171568,'mf32b2od',NULL),(172690,'m',NULL),(172691,'3m',NULL),(173412,'wszd323',NULL),(173413,'wszda323',NULL),(173414,'wszds323',NULL),(177609,'backdrop',NULL),(177610,'backlight',NULL),(177611,'bauzaunbanner',NULL),(177612,'boxenbespannung',NULL),(177613,'buhnenelemente',NULL),(177614,'fassadenbanner',NULL),(177615,'gerustbanner',NULL),(177616,'gerustwerbung',NULL),(177617,'grossplakate',NULL),(177618,'lkwwerbung',NULL),(177619,'megaposter',NULL),(177620,'netzdruck',NULL),(177621,'pa',NULL),(177622,'riesenposter',NULL),(177623,'transparente',NULL),(177624,'werbeanhanger',NULL),(177625,'werbenetze',NULL),(177626,'werbeplane',NULL),(177627,'werbedruck',NULL),(177628,'pvc',NULL),(177629,'stoffbanner',NULL),(179032,'messesatnd',NULL),(179033,'prasentation',NULL),(179034,'werbewand',NULL),(179035,'bg',NULL),(179036,'prasentationswand',NULL),(179037,'qsset2',NULL),(179038,'quickstand',NULL),(179039,'reklam',NULL),(179040,'500gr',NULL),(179041,'frontlit',NULL),(179042,'340gr',NULL),(179043,'mesh',NULL),(179792,'36',NULL),(179793,'37',NULL),(179794,'38',NULL),(179795,'qsset1',NULL),(182850,'270gr',NULL),(182851,'leinwandstruktur',NULL),(182852,'polycanvas',NULL),(182853,'270',NULL),(182854,'buhnendekorationen',NULL),(182855,'displaysysteme',NULL),(182856,'g',NULL),(182857,'kunstdruck',NULL),(182858,'kunstreproduktionen',NULL),(182859,'material',NULL),(182860,'schaufensterbanner',NULL),(182861,'spannbander',NULL),(182862,'325gr',NULL),(182863,'decolit',NULL),(182864,'messebau',NULL),(182865,'schaufenstergestaltung',NULL),(182866,'150gr',NULL),(182867,'backlit',NULL),(182868,'650gr',NULL),(182869,'block',NULL),(182870,'out',NULL),(182871,'115gr',NULL),(182872,'air',NULL),(182873,'fahnenstoff',NULL),(182874,'polyglans',NULL),(182875,'205gr',NULL),(182876,'decor',NULL),(182877,'textilstoff',NULL),(183639,'apoly',NULL),(183640,'41',NULL),(183641,'42',NULL),(183642,'43',NULL),(183643,'44',NULL),(183644,'47',NULL),(183645,'48',NULL),(183646,'49',NULL),(183647,'53',NULL),(183648,'54',NULL),(183649,'56',NULL),(183650,'59',NULL),(183651,'60',NULL),(183652,'61',NULL),(183653,'62',NULL),(183654,'65',NULL),(183655,'66',NULL),(183656,'67',NULL),(183657,'68',NULL),(183658,'71',NULL),(183659,'72',NULL),(183660,'73',NULL),(183661,'74',NULL),(183662,'77',NULL),(183663,'78',NULL),(183664,'79',NULL),(183665,'80',NULL),(183666,'83',NULL),(183667,'84',NULL),(183668,'86',NULL),(183669,'89',NULL),(183670,'91',NULL),(183671,'92',NULL),(183672,'95',NULL),(183673,'blockout',NULL),(183674,'decolit325',NULL),(183675,'39',NULL),(183676,'decor205',NULL),(183677,'101',NULL),(183678,'102',NULL),(183679,'103',NULL),(183680,'104',NULL),(183681,'105',NULL),(183682,'106',NULL),(183683,'107',NULL),(183684,'108',NULL),(183685,'109',NULL),(183686,'110',NULL),(183687,'111',NULL),(183688,'112',NULL),(183689,'113',NULL),(183690,'114',NULL),(183691,'115',NULL),(183692,'116',NULL),(183693,'117',NULL),(183694,'118',NULL),(183695,'119',NULL),(183696,'120',NULL),(183697,'121',NULL),(183698,'122',NULL),(183699,'123',NULL),(183700,'124',NULL),(183701,'125',NULL),(183702,'40',NULL),(183703,'46',NULL),(183704,'51',NULL),(183705,'52',NULL),(183706,'57',NULL),(183707,'58',NULL),(183708,'63',NULL),(183709,'64',NULL),(183710,'69',NULL),(183711,'70',NULL),(183712,'75',NULL),(183713,'76',NULL),(183714,'81',NULL),(183715,'82',NULL),(183716,'87',NULL),(183717,'88',NULL),(183718,'93',NULL),(183719,'94',NULL),(183720,'96',NULL),(183721,'97',NULL),(183722,'98',NULL),(183723,'99',NULL),(183724,'polycan',NULL),(183725,'pvcbacklit',NULL),(193009,'plane',NULL),(193010,'schwarz',NULL),(193011,'transport',NULL),(193012,'soft',NULL),(193806,'pled116b',NULL),(193807,'pled116s',NULL),(193808,'st',NULL),(193809,'tt',NULL),(195568,'alukoffer',NULL),(195569,'aluminium',NULL),(195570,'case',NULL),(195571,'flight',NULL),(195572,'unterwegs',NULL),(195573,'cases',NULL),(221726,'leuchtdisplay',NULL),(221727,'leuchtrekalme',NULL),(221728,'leuchtsaule',NULL),(221729,'lichtreklame',NULL),(222537,'llux',NULL),(225844,'200',NULL),(225845,'130',NULL),(226658,'ledtextil100',NULL),(226659,'ledtextil130',NULL),(226660,'ledtextil200',NULL),(226661,'ledtextil75',NULL),(228725,'ledtextil20',NULL),(232050,'einseitiger',NULL),(234120,'innenbanner',NULL),(238262,'pixquick',NULL),(238263,'thekenaufsteller',NULL),(238264,'wanddisplay',NULL),(238793,'turschilder',NULL),(239083,'ledlb12',NULL),(239084,'pq',NULL),(239085,'centro',NULL),(239086,'system',NULL),(239910,'cs750',NULL),(245334,'300mm',NULL),(245335,'durchmesser',NULL),(245336,'scheibe',NULL),(246162,'ledsch30',NULL),(257856,'lang',NULL),(257857,'querformat',NULL),(258686,'tpddinlquer',NULL),(262867,'sw10114',NULL),(270404,'tischaufstellwand',NULL),(271236,'zdtable',NULL),(272498,'optik',NULL),(272499,'indoor',NULL),(273042,'board',NULL),(273043,'inndoor',NULL),(273044,'aboard',NULL),(273341,'keco25',NULL),(273342,'ksholz',NULL),(273343,'sw10115',NULL),(273344,'sw10116',NULL),(278825,'werbepylone',NULL),(278826,'pylone',NULL),(278827,'aufschrauben',NULL),(278828,'betonfundament',NULL),(278829,'standfusse',NULL),(278830,'feuerverzinkt',NULL),(279675,'fpylone',NULL),(279676,'ledpy15x10',NULL),(279677,'sw10117',NULL),(281794,'tlb',NULL),(283064,'einseitigem',NULL),(289427,'wellen',NULL),(289977,'werbesaulen',NULL),(289978,'werbepylonen',NULL),(289979,'gerade',NULL),(290283,'wwpylone',NULL),(291554,'werbeypylone',NULL),(291555,'gals',NULL),(292414,'pyloneglas',NULL),(292415,'pyloneglasger',NULL),(292416,'wpylonegerade',NULL),(296374,'module',NULL),(309191,'lichtrahmen',NULL),(309192,'ule25tn0',NULL),(313467,'berlin',NULL),(313468,'dusseldorf',NULL),(313469,'genf',NULL),(313470,'graz',NULL),(313471,'hannover',NULL),(313472,'kiel',NULL),(313473,'messedispl',NULL),(313474,'messedisplays',NULL),(313475,'nurnberg',NULL),(313476,'salzburg',NULL),(313477,'stuttgart',NULL),(313478,'wels',NULL),(313479,'wien',NULL),(313480,'profiltiefe',NULL),(314345,'led25',NULL),(337139,'totem',NULL),(337140,'beleuchtet',NULL),(337141,'lichtdisplay',NULL),(338020,'tl1000',NULL),(344489,'mass',NULL),(346252,'led120',NULL),(356167,'led45',NULL),(357444,'sinus',NULL),(358328,'zc',NULL),(358329,'zds',NULL),(361770,'deckenabhangend',NULL),(362655,'led25cs',NULL),(374760,'advent',NULL),(374761,'aktion',NULL),(375647,'advent1',NULL),(381264,'1800gr',NULL),(381265,'teppich',NULL),(381266,'velour',NULL),(381267,'fototeppich',NULL),(381268,'logoteppich',NULL),(381269,'messeteppich',NULL),(381270,'promoteppich',NULL),(381271,'spielteppich',NULL),(381272,'wandteppich',NULL),(381273,'werbeteppich',NULL),(386523,'led18',NULL),(389988,'2x2',NULL),(390889,'advent4',NULL),(441144,'led35mm',NULL),(452070,'ipoint',NULL),(452071,'infostander',NULL),(452974,'bsipoint',NULL),(452975,'ismart4xa3hor',NULL),(460830,'compact',NULL),(460831,'flashzip',NULL),(460832,'velo',NULL),(461426,'fruhling',NULL),(461737,'bcompact3xa4',NULL),(461738,'btwist',NULL),(461739,'bvelo',NULL),(461740,'psflashzip',NULL),(463934,'kst',NULL),(465225,'1x',NULL),(465226,'dach',NULL),(465227,'gestell',NULL),(465228,'seitenwanddruck',NULL),(465229,'zeltaktion',NULL),(466137,'putower',NULL),(466138,'zaktion2m',NULL),(477166,'2m',NULL),(478085,'zelt2x2',NULL),(479379,'aufblasbares',NULL),(479380,'eventzelt',NULL),(479381,'tent',NULL),(480303,'airtent',NULL),(551918,'outdoorsysteme',NULL),(551919,'messesysteme',NULL),(551920,'bannersysteme',NULL),(551921,'thekensysteme',NULL),(551922,'infosysteme',NULL),(551923,'leuchtsysteme',NULL),(551924,'faltsysteme',NULL),(551925,'stecksysteme',NULL),(551926,'aufstellbanner',NULL),(551927,'tischaufsteller',NULL),(551928,'ups',NULL),(551929,'540',NULL),(552535,'leuchtsaulen',NULL),(552867,'sw10021',NULL),(552868,'sw10064',NULL),(552869,'tsom1014',NULL);

--
-- Table structure for table `s_search_tables`
--

CREATE TABLE `s_search_tables` (
  `id` int(11) NOT NULL AUTO_INCREMENT,
  `table` varchar(255) COLLATE utf8_unicode_ci NOT NULL,
  `referenz_table` varchar(255) COLLATE utf8_unicode_ci DEFAULT NULL,
  `foreign_key` varchar(255) COLLATE utf8_unicode_ci DEFAULT NULL,
  `where` varchar(255) COLLATE utf8_unicode_ci DEFAULT NULL,
  PRIMARY KEY (`id`)
) ENGINE=InnoDB AUTO_INCREMENT=6 DEFAULT CHARSET=utf8 COLLATE=utf8_unicode_ci;

--
-- Dumping data for table `s_search_tables`
--

INSERT INTO `s_search_tables` VALUES (1,'s_articles',NULL,NULL,NULL),(2,'s_categories','s_articles_categories','categoryID',NULL),(3,'s_articles_supplier',NULL,'supplierID',NULL),(4,'s_articles_details','s_articles_details','id',NULL),(5,'s_articles_translations',NULL,NULL,NULL);

--
-- Table structure for table `s_statistics_article_impression`
--

CREATE TABLE `s_statistics_article_impression` (
  `id` int(11) unsigned NOT NULL AUTO_INCREMENT,
  `articleId` int(11) unsigned NOT NULL,
  `shopId` int(11) unsigned NOT NULL,
  `date` date NOT NULL DEFAULT '0000-00-00',
  `impressions` int(11) NOT NULL,
  PRIMARY KEY (`id`),
  UNIQUE KEY `articleId_2` (`articleId`,`shopId`,`date`),
  KEY `articleId` (`articleId`)
) ENGINE=InnoDB DEFAULT CHARSET=utf8 COLLATE=utf8_unicode_ci;

--
-- Dumping data for table `s_statistics_article_impression`
--


--
-- Table structure for table `s_statistics_currentusers`
--

CREATE TABLE `s_statistics_currentusers` (
  `id` int(11) NOT NULL AUTO_INCREMENT,
  `remoteaddr` varchar(255) COLLATE utf8_unicode_ci NOT NULL,
  `page` varchar(70) COLLATE utf8_unicode_ci NOT NULL,
  `time` datetime DEFAULT NULL,
  `userID` int(11) NOT NULL DEFAULT '0',
  PRIMARY KEY (`id`)
) ENGINE=InnoDB AUTO_INCREMENT=6 DEFAULT CHARSET=utf8 COLLATE=utf8_unicode_ci;

--
-- Dumping data for table `s_statistics_currentusers`
--

INSERT INTO `s_statistics_currentusers` VALUES (4,'172.16.200.106','/','2014-11-07 10:42:42',0),(5,'37.59.44.184','/widgets/index/refreshStatistic','2016-07-18 21:02:29',0);

--
-- Table structure for table `s_statistics_pool`
--

CREATE TABLE `s_statistics_pool` (
  `id` int(11) NOT NULL AUTO_INCREMENT,
  `remoteaddr` varchar(255) COLLATE utf8_unicode_ci NOT NULL,
  `datum` date NOT NULL DEFAULT '0000-00-00',
  PRIMARY KEY (`id`)
) ENGINE=InnoDB DEFAULT CHARSET=utf8 COLLATE=utf8_unicode_ci;

--
-- Dumping data for table `s_statistics_pool`
--


--
-- Table structure for table `s_statistics_referer`
--

CREATE TABLE `s_statistics_referer` (
  `id` int(11) NOT NULL AUTO_INCREMENT,
  `datum` date NOT NULL DEFAULT '0000-00-00',
  `referer` mediumtext COLLATE utf8_unicode_ci NOT NULL,
  PRIMARY KEY (`id`)
) ENGINE=InnoDB DEFAULT CHARSET=utf8 COLLATE=utf8_unicode_ci;

--
-- Dumping data for table `s_statistics_referer`
--


--
-- Table structure for table `s_statistics_search`
--

CREATE TABLE `s_statistics_search` (
  `id` int(11) NOT NULL AUTO_INCREMENT,
  `datum` datetime NOT NULL,
  `searchterm` varchar(255) CHARACTER SET latin1 NOT NULL,
  `results` int(11) NOT NULL,
  PRIMARY KEY (`id`),
  KEY `searchterm` (`searchterm`)
) ENGINE=InnoDB AUTO_INCREMENT=471 DEFAULT CHARSET=utf8;

--
-- Dumping data for table `s_statistics_search`
--

INSERT INTO `s_statistics_search` VALUES (1,'2014-11-07 09:55:40','apf',1),(2,'2014-11-07 14:56:33','apfel',7),(3,'2014-11-10 15:23:54','faltdisplay',1),(4,'2014-11-10 15:24:00','faltdisplay',1),(5,'2014-11-13 10:19:47','pros',3),(6,'2014-11-13 10:22:48','pros',3),(7,'2014-11-13 10:24:36','pros',3),(8,'2014-11-13 10:24:42','pros',3),(9,'2014-11-13 10:24:51','pros',3),(10,'2014-11-17 11:17:48','prospekt',3),(11,'2014-11-25 16:31:54','roll up licht',25),(12,'2014-11-25 16:32:00','roll up licht',13),(13,'2014-11-25 16:53:24','eas',3),(14,'2014-11-25 16:54:25','eas',3),(15,'2014-11-25 16:54:42','eas',3),(16,'2014-11-26 09:26:20','wind',1),(17,'2014-11-26 10:35:54','150',1),(18,'2014-11-26 22:05:10','skyflag',10),(19,'2014-11-26 22:05:47','skyflag',1),(20,'2014-11-26 23:23:10','Roll Up Banner Exclusive',29),(21,'2014-11-26 23:30:24','Roll Up Banner Exclusive',29),(22,'2014-11-27 17:00:18','Curved',2),(23,'2014-11-28 10:59:07','ap',1),(24,'2014-11-28 15:25:12','d',4),(25,'2014-11-28 15:25:44','d',4),(26,'2014-11-28 15:25:47','d',4),(27,'2014-12-01 16:31:26','dsa',2),(28,'2014-12-05 08:58:59','dsa',2),(29,'2014-12-05 08:59:47','dsa',2),(30,'2014-12-05 08:59:51','dsa',2),(31,'2014-12-05 08:59:54','dsa',2),(32,'2014-12-05 09:00:36','dsa',2),(33,'2014-12-05 09:11:11','ds',1),(34,'2014-12-05 09:11:35','ds',1),(35,'2014-12-05 09:11:51','ds',1),(36,'2014-12-05 09:12:02','ds',1),(37,'2014-12-05 09:12:44','ds',1),(38,'2014-12-05 09:12:57','ds',1),(39,'2014-12-05 09:16:31','ds',1),(40,'2014-12-05 09:18:37','ds',1),(41,'2014-12-05 17:53:47','kl',1),(42,'2014-12-05 17:54:58','kl',1),(43,'2014-12-08 11:41:08','Messe',1),(44,'2014-12-08 11:42:03','Messe',1),(45,'2014-12-08 14:48:41','t',3),(46,'2014-12-15 15:05:11','counter',15),(47,'2014-12-15 15:05:18','counter',15),(48,'2014-12-15 15:05:39','roll banner',21),(49,'2014-12-15 15:05:49','roll banner',21),(50,'2015-01-08 15:39:27','sf',1),(51,'2015-01-08 15:39:32','sf',1),(52,'2015-01-08 15:39:34','sf',1),(53,'2015-01-08 15:39:35','sf',1),(54,'2015-01-15 17:31:26','banner',18),(55,'2015-01-15 17:31:32','banner',18),(56,'2015-01-15 17:31:34','banner',18),(57,'2015-01-15 17:32:01','hard',1),(58,'2015-01-15 17:32:06','hard',1),(59,'2015-01-15 17:32:09','hard',1),(60,'2015-01-15 17:32:20','banner',18),(61,'2015-01-26 14:18:45','messe',1),(62,'2015-02-16 14:53:27','PTE X43sse',4),(63,'2015-02-26 12:26:41','tisch',1),(64,'2015-03-04 15:59:21','Plakatständer',1),(65,'2015-03-12 15:03:22','alu',9),(66,'2015-03-18 10:21:24','Wood Frame LED',29),(67,'2015-03-23 10:13:26','1326002',3),(68,'2015-03-23 11:40:42','light',10),(69,'2015-03-26 12:29:28','topper',5),(70,'2015-04-01 09:47:44','POP UP Counter',39),(71,'2015-04-01 09:51:16','Alu Sphere Counter weiß',18),(72,'2015-04-01 10:47:35','POP UP Counter',39),(73,'2015-04-01 10:48:51','Alu Sphere Counter weiß',18),(74,'2015-04-02 10:43:52','POP Up counter',39),(75,'2015-04-07 12:10:11','beach',2),(76,'2015-04-07 12:10:33','beach',2),(77,'2015-04-07 12:11:22','beach',2),(78,'2015-04-07 12:13:36','beach',2),(79,'2015-04-07 14:30:58','sphere',1),(80,'2015-04-07 14:31:33','basic',3),(81,'2015-04-13 09:21:04','beachban',1),(82,'2015-04-17 13:51:09','dispenser',2),(83,'2015-04-17 13:54:51','dispenser',2),(84,'2015-04-17 13:54:56','dispenser',2),(85,'2015-04-17 13:59:03','art',8),(86,'2015-04-17 14:11:29','magnet',9),(87,'2015-04-17 14:23:57','edge',1),(88,'2015-04-17 14:38:04','maxi frame',11),(89,'2015-04-17 14:41:54','scroll down',2),(90,'2015-04-27 12:12:35','werbetaschen',1),(91,'2015-04-28 16:08:11','maxi',9),(92,'2015-04-29 13:09:58','Vario',1),(93,'2015-04-29 14:22:24','textilwand',12),(94,'2015-04-29 14:24:29','display',1),(95,'2015-04-29 14:28:47','vario 60',1),(96,'2015-05-05 19:25:14','messestand',7),(97,'2015-05-20 08:13:33','Infoständer',3),(98,'2015-05-20 08:25:35','Infoständer',3),(99,'2015-05-21 14:11:37','decken',2),(100,'2015-05-22 11:40:11','LED',27),(101,'2015-05-22 11:40:26','LED',27),(102,'2015-05-22 11:40:31','LED',1),(103,'2015-05-22 11:40:36','LED',27),(104,'2015-05-22 11:40:44','LED',27),(105,'2015-05-22 11:40:48','LED',27),(106,'2015-05-22 11:41:11','zubehör',19),(107,'2015-05-22 11:41:23','zubehör',19),(108,'2015-05-29 13:43:04','di',2),(109,'2015-06-02 10:43:15','quickstand',7),(110,'2015-06-03 10:26:28','Pop Up',32),(111,'2015-06-08 11:49:56','digit',6),(112,'2015-06-16 14:43:09','digi',6),(113,'2015-06-18 17:06:16','kundenstopper',4),(114,'2015-06-22 17:19:30','i pad',36),(115,'2015-06-29 21:01:36','banner',26),(116,'2015-06-29 21:01:55','banner',26),(117,'2015-06-29 21:02:17','banner',26),(118,'2015-07-09 08:44:41','messetheke',7),(119,'2015-07-09 08:57:12','ipad',6),(120,'2015-07-09 09:00:14','Werbebanner',3),(121,'2015-07-09 09:06:26','werbebanner',3),(122,'2015-07-09 11:10:48','Werbebanner',3),(123,'2015-07-09 14:53:59','banner',26),(124,'2015-07-17 11:53:29','beachban',1),(125,'2015-07-29 14:01:37','skyflag',10),(126,'2015-08-03 17:15:25','roll up',41),(127,'2015-08-08 11:09:39','alu faltsystem',10),(128,'2015-08-08 11:33:11','magslim33 ctset',7),(129,'2015-08-08 11:39:00','magslim33 ctset',7),(130,'2015-08-08 11:48:13','roll up',41),(131,'2015-08-10 14:57:23','alu faltsystem',10),(132,'2015-08-10 16:04:27','Messeset roll up 2',40),(133,'2015-08-11 13:39:53','Pop Up Textil Slim 3 x 3',33),(134,'2015-08-11 13:40:22','Pop Up Textil Slim 3 x 3',33),(135,'2015-08-11 13:40:31','Pop Up Textil Slim 3 x 3',33),(136,'2015-08-12 12:09:09','roll up',41),(137,'2015-08-12 13:41:56','magslim33 ctset',7),(138,'2015-08-13 09:02:41','slim',4),(139,'2015-08-14 13:00:16','trolly',1),(140,'2015-08-20 14:46:33','vitrine',6),(141,'2015-08-24 09:34:28','slim',4),(142,'2015-08-25 07:26:02','rahmen',30),(143,'2015-08-26 11:23:34','promo counter',20),(144,'2015-08-26 11:23:47','promo counter',20),(145,'2015-08-26 11:24:06','promo counter',20),(146,'2015-08-26 11:24:10','promo counter',20),(147,'2015-08-31 13:39:48','pop up',32),(148,'2015-09-15 14:42:58','s',21),(149,'2015-09-15 14:43:00','s',21),(150,'2015-09-16 15:08:09','beach',4),(151,'2015-09-18 10:37:12','mag',9),(152,'2015-09-22 12:27:58','fram',7),(153,'2015-09-23 11:34:31','mag',9),(154,'2015-09-29 14:01:48','mag',8),(155,'2015-09-30 11:52:22','mag',8),(156,'2015-09-30 13:35:20','textil',14),(157,'2015-09-30 14:31:47','mag',8),(158,'2015-09-30 14:43:38','zipper',3),(159,'2015-10-02 16:44:46','Expand PodiumBox',4),(160,'2015-10-02 16:45:12','messetheke',7),(161,'2015-10-02 16:46:03','messetheke',7),(162,'2015-10-02 18:54:14','schaukasten',4),(163,'2015-10-05 14:58:57','mag',8),(164,'2015-10-13 09:37:00','zipper',3),(165,'2015-10-13 09:38:19','textil',14),(166,'2015-10-14 08:55:25','kundenstopper',4),(167,'2015-10-19 11:20:33','infostand ipad',9),(168,'2015-10-19 11:29:15','infostand ipad',9),(169,'2015-10-19 11:30:11','infostand ipad',9),(170,'2015-10-19 11:39:30','infostand ipad',9),(171,'2015-10-20 09:23:37','mag',8),(172,'2015-10-26 10:14:39','zipper',3),(173,'2015-10-27 14:25:08','zipper',3),(174,'2015-10-27 14:39:32','zipper',3),(175,'2015-11-02 10:35:21','counter',16),(176,'2015-11-02 10:36:02','counter',16),(177,'2015-11-02 10:36:24','counter',16),(178,'2015-11-02 10:36:40','counter',16),(179,'2015-11-16 13:51:38','led bar',29),(180,'2015-11-16 16:36:12','Deckensystem f',10),(181,'2015-11-17 10:04:35','flex',6),(182,'2015-11-19 11:00:21','roll banner exclusive',44),(183,'2015-11-26 09:34:42','glücksrad',2),(184,'2015-12-07 09:13:24','maxi',11),(185,'2015-12-10 10:55:41','mag',8),(186,'2016-01-05 11:00:23','zipper',6),(187,'2016-01-05 19:57:56','zipperwall',6),(188,'2016-01-17 22:07:03','Roll up',38),(189,'2016-01-17 22:07:34','Roll up',38),(190,'2016-01-19 09:09:37','exclus',1),(191,'2016-01-19 09:47:14','textilspannrahmen',20),(192,'2016-01-21 10:09:42','led strahler',40),(193,'2016-01-21 10:09:46','led strahler',40),(194,'2016-01-21 10:09:48','led strahler',40),(195,'2016-01-21 10:09:54','led strahler',40),(196,'2016-01-21 10:57:57','infostand',3),(197,'2016-01-21 10:58:07','infostand',3),(198,'2016-01-29 10:11:02','flex',6),(199,'2016-01-29 13:34:30','textildruck',17),(200,'2016-02-09 00:07:37','3x3',4),(201,'2016-02-09 00:08:21','3x3',4),(202,'2016-02-26 14:50:03','Light Box',11),(203,'2016-02-29 15:22:19','textil',21),(204,'2016-02-29 15:24:07','textil',21),(205,'2016-03-03 16:11:53','dispenser',2),(206,'2016-03-04 14:36:15','led',39),(207,'2016-03-04 14:36:19','led',39),(208,'2016-03-09 01:07:03','Plakat- Schaukasten',4),(209,'2016-03-11 09:59:49','maxi frame',21),(210,'2016-03-16 13:48:19','counter',15),(211,'2016-03-16 13:48:26','counter',15),(212,'2016-03-16 13:48:38','counter',15),(213,'2016-03-16 13:48:43','counter',15),(214,'2016-03-21 13:51:21','Pop Up Hardcase',24),(215,'2016-03-21 13:53:57','Pop Up Hardcase',24),(216,'2016-03-21 13:54:04','Pop Up Hardcase',24),(217,'2016-03-21 14:01:56','Pop Up Hardcase',24),(218,'2016-03-22 10:39:11','anhänger',1),(219,'2016-03-22 13:45:09','Lightbox',11),(220,'2016-03-22 15:05:19','maxi frame',21),(221,'2016-03-23 10:02:21','zipper',6),(222,'2016-03-23 12:03:43','lightbox',11),(223,'2016-03-23 13:05:36','pop up',30),(224,'2016-03-23 13:05:47','pop up',30),(225,'2016-03-24 09:28:50','led schuhe frau',39),(226,'2016-03-29 09:41:24','maxi frame',21),(227,'2016-03-29 11:14:28','klapprahmen',7),(228,'2016-03-29 11:15:16','klapprahmen',7),(229,'2016-03-31 17:24:18','klapprahmen',7),(230,'2016-04-01 07:48:50','prospekthalter',4),(231,'2016-04-01 13:48:41','roo up',30),(232,'2016-04-04 13:48:15','popup',17),(233,'2016-04-04 13:49:14','pop up',30),(234,'2016-04-04 14:21:32','zipper',6),(235,'2016-04-05 12:37:31','led leuchtkasten',51),(236,'2016-04-05 12:37:39','led leuchtkasten',51),(237,'2016-04-05 14:09:41','maxiframe',11),(238,'2016-04-05 15:06:35','Prospekthalter Magnet',10),(239,'2016-04-06 10:06:12','textil',26),(240,'2016-04-06 10:06:27','textil',26),(241,'2016-04-06 16:24:50','broschürehalter auf roll up',41),(242,'2016-04-11 08:19:32','Aufsteller',4),(243,'2016-04-11 10:16:25','link wall',4),(244,'2016-04-14 10:29:27','frame',15),(245,'2016-04-14 10:29:33','frame',15),(246,'2016-04-17 12:57:57','PHMAG',2),(247,'2016-04-20 11:42:20','PMAG',3),(248,'2016-04-22 15:36:19','leuchtrahmen',7),(249,'2016-05-03 14:24:45','textilspannrahmen',26),(250,'2016-05-03 14:24:58','textilspannrahmen',26),(251,'2016-05-03 14:25:04','bay',1),(252,'2016-05-11 10:46:08','beidseitig',3),(253,'2016-05-20 19:07:44','m tex',36),(254,'2016-05-20 19:08:47','m tex',36),(255,'2016-05-20 19:09:32','m tex',36),(256,'2016-05-20 19:14:29','m tex',36),(257,'2016-05-20 19:15:07','m tex',36),(258,'2016-05-20 19:15:15','m tex',36),(259,'2016-05-20 19:15:24','m tex',36),(260,'2016-05-20 19:15:30','m tex',36),(261,'2016-05-20 19:15:31','m tex',36),(262,'2016-05-20 19:26:27','keder',2),(263,'2016-05-20 19:26:58','keder',2),(264,'2016-05-20 19:40:06','spannrahmen',13),(265,'2016-05-20 19:40:34','spannrahmen',13),(266,'2016-05-20 19:41:01','spannrahmen',13),(267,'2016-05-21 00:00:01','spannrahmen',13),(268,'2016-05-21 00:00:54','spannrahmen',13),(269,'2016-05-21 17:52:59','spannrahmen',13),(270,'2016-05-21 18:05:29','spannrahmen',13),(271,'2016-05-21 18:05:49','spannrahmen',13),(272,'2016-05-21 18:05:52','spannrahmen',13),(273,'2016-05-23 07:05:42','m tex',36),(274,'2016-05-23 07:06:39','m tex',36),(275,'2016-05-23 07:06:43','m tex',36),(276,'2016-05-23 07:08:20','m tex',36),(277,'2016-05-23 07:08:26','m tex',36),(278,'2016-06-02 09:59:10','popupled',16),(279,'2016-06-02 09:59:20','popupled',16),(280,'2016-06-02 09:59:27','popupled',16),(281,'2016-06-02 09:59:31','popupled',16),(282,'2016-06-02 12:21:13','populeled',15),(283,'2016-06-02 12:21:57','popupled',16),(284,'2016-06-02 12:22:03','popupled',16),(285,'2016-06-15 10:56:55','Deluxe Infostand',7),(286,'2016-06-16 09:15:28','infostand',3),(287,'2016-06-27 14:08:31','zipper',7),(288,'2016-06-29 16:02:54','outdoor',9),(289,'2016-07-01 09:56:56','spannrahmen',13),(290,'2016-07-01 09:57:29','spannrahmen',13),(291,'2016-07-01 09:58:19','spannrahmen',13),(292,'2016-07-12 09:22:10','kundenstopper',12),(293,'2016-07-12 22:46:02','Aufsteller',6),(294,'2016-07-13 10:35:39','zipper',7),(295,'2016-07-28 14:47:29','a1 aufsteller',7),(296,'2016-07-28 14:47:47','info a1',4),(297,'2016-07-28 14:48:26','pylon',6),(298,'2016-07-28 14:48:39','pylon 17x6',5),(299,'2016-08-05 16:25:50','vierkant',6),(300,'2016-08-10 17:25:19','Counter',15),(301,'2016-08-10 17:26:04','Counter',15),(302,'2016-08-10 17:29:27','Counter',15),(303,'2016-08-12 11:35:05','falttheke',1),(304,'2016-08-15 13:54:56','spiral',2),(305,'2016-08-18 11:20:59','zipper',7),(306,'2016-08-18 11:21:34','zipper',7),(307,'2016-08-23 09:50:55','auto',1),(308,'2016-08-23 09:51:09','magnet',6),(309,'2016-09-01 10:34:47','magnetic',4),(310,'2016-09-04 22:01:43','montage',2),(311,'2016-09-08 11:54:45','double side',3),(312,'2016-09-16 16:14:38','zipper',7),(313,'2016-09-19 09:03:54','deluxe',4),(314,'2016-10-05 21:38:35','aufsteller',6),(315,'2016-10-05 21:39:06','aufsteller',6),(316,'2016-10-05 21:39:57','aufsteller',6),(317,'2016-10-07 13:36:45','textilspannrahmen',27),(318,'2016-10-10 10:07:20','outdoor',9),(319,'2016-10-13 14:20:05','leuchtrahmen 12',10),(320,'2016-10-20 09:28:09','textilspannrahmen',27),(321,'2016-10-20 09:28:37','textilspannrahmen',27),(322,'2016-10-20 09:28:45','textilspannrahmen',27),(323,'2016-10-20 09:28:50','textilspannrahmen',27),(324,'2016-10-20 09:30:57','led textilspannrahmen 120',67),(325,'2016-10-21 16:26:25','led rahmen',72),(326,'2016-10-21 16:27:02','led rahmen',72),(327,'2016-10-21 16:27:56','led rahmen',72),(328,'2016-10-21 16:28:57','led rahmen',72),(329,'2016-10-21 16:30:11','led rahmen',72),(330,'2016-10-21 16:30:18','led rahmen',72),(331,'2016-10-21 16:30:33','led rahmen',72),(332,'2016-10-21 16:31:15','led rahmen',72),(333,'2016-10-21 16:31:42','led rahmen',72),(334,'2016-10-21 16:32:27','led rahmen',72),(335,'2016-10-21 16:33:32','led rahmen',72),(336,'2016-10-21 16:36:24','led rahmen',72),(337,'2016-10-21 16:37:06','led rahmen',72),(338,'2016-10-21 16:37:24','led rahmen',72),(339,'2016-10-21 16:38:14','led dimmer',50),(340,'2016-10-24 21:50:45','deckenhänger rund',3),(341,'2016-11-02 08:12:17','theke',14),(342,'2016-11-02 08:14:36','theke',14),(343,'2016-11-07 12:55:03','Roll up',39),(344,'2016-11-07 13:19:42','Visitenkarten',2),(345,'2016-11-07 13:20:27','Visitenkarten',2),(346,'2016-11-10 13:50:03','skydancer',2),(347,'2016-11-10 13:53:17','skydancer',2),(348,'2016-11-10 13:53:20','skydancer',1),(349,'2016-11-10 13:53:24','skydancer',1),(350,'2016-11-10 13:53:52','skydancer',2),(351,'2016-11-11 10:07:15','light box rosa',19),(352,'2016-11-16 13:38:50','pop up textil + textil counter',45),(353,'2016-11-16 13:39:03','pop up textil + textil counter',45),(354,'2016-11-29 11:55:26','aussen roll up',42),(355,'2016-12-06 09:25:10','spiral',2),(356,'2016-12-06 11:50:57','Indoor Rollup Double',23),(357,'2016-12-13 08:12:59','prospektständer',7),(358,'2016-12-13 14:30:03','S 25 C',33),(359,'2016-12-13 14:30:26','LED Rahmen',75),(360,'2016-12-14 11:59:01','linkwall',1),(361,'2016-12-15 13:56:55','zipp',9),(362,'2016-12-20 11:10:44','Trollycase',3),(363,'2017-01-02 13:12:42','textil',31),(364,'2017-01-11 10:37:40','zipper',9),(365,'2017-01-16 13:25:02','mobile flaggen',2),(366,'2017-01-18 15:28:35','messefaltwand',8),(367,'2017-01-18 15:37:46','messefaltwand',8),(368,'2017-01-18 15:40:19','messefaltwand',8),(369,'2017-01-18 15:41:55','messefaltwand',8),(370,'2017-01-24 14:32:12','soft',1),(371,'2017-01-24 15:06:50','rundsock',1),(372,'2017-01-25 15:15:42','rundsock',1),(373,'2017-01-26 14:35:35','pop up strahler',32),(374,'2017-01-26 15:06:27','pop',15),(375,'2017-01-26 15:07:19','pop',15),(376,'2017-01-30 14:38:46','box',14),(377,'2017-02-01 11:42:52','acrylbox',5),(378,'2017-02-02 11:53:13','zipper',10),(379,'2017-02-10 17:23:18','maxi frame',19),(380,'2017-02-10 17:23:33','maxi frame',19),(381,'2017-02-10 17:23:37','maxi frame',19),(382,'2017-02-10 18:11:57','led rahmen',76),(383,'2017-02-17 09:12:32','lux',6),(384,'2017-02-17 12:44:11','LED Leuchtrahmen 35',55),(385,'2017-02-27 10:53:15','7724',3),(386,'2017-02-27 10:53:29','7808',3),(387,'2017-03-06 10:45:11','aluprofil',21),(388,'2017-03-06 15:50:08','schild aussen edelstahl',6),(389,'2017-03-06 15:50:14','schild',1),(390,'2017-03-08 14:55:21','lux counter',23),(391,'2017-03-08 14:55:45','lux counter',23),(392,'2017-03-08 14:55:51','lux counter',23),(393,'2017-03-08 14:56:00','grafik koffer',1),(394,'2017-03-10 09:40:50','schaukasten',4),(395,'2017-03-13 11:40:48','eventauf',1),(396,'2017-03-14 15:41:43','maxi frame',19),(397,'2017-03-14 15:53:28','maxi frame',19),(398,'2017-03-28 13:42:37','prospektständer',7),(399,'2017-04-04 11:35:55','beachban',1),(400,'2017-04-05 07:13:22','Kederprofile',1),(401,'2017-04-05 09:56:17','maxiframe',9),(402,'2017-04-21 16:09:13','rollup lampe',21),(403,'2017-04-21 16:09:30','rollup lampe',21),(404,'2017-04-21 16:09:34','rollup lampe',21),(405,'2017-04-25 15:19:37','flex',6),(406,'2017-04-25 16:42:13','schaukasten',4),(407,'2017-04-25 16:42:34','schaukasten',4),(408,'2017-04-27 10:26:09','zelt',1),(409,'2017-04-27 10:34:07','fußbodenschaumstoff',1),(410,'2017-04-27 12:43:38','beachflags',7),(411,'2017-04-28 14:18:53','counter',16),(412,'2017-04-28 14:18:59','counter',16),(413,'2017-05-10 10:21:06','led',53),(414,'2017-05-10 10:21:09','led',53),(415,'2017-05-10 10:21:12','led',53),(416,'2017-05-10 10:21:16','led',53),(417,'2017-05-10 10:21:19','led',53),(418,'2017-05-15 13:43:16','zelt',2),(419,'2017-05-15 14:29:53','Cardboard Box',14),(420,'2017-05-15 14:30:03','Cardboard Box',14),(421,'2017-05-15 19:08:57','maxi frame',19),(422,'2017-05-16 12:49:56','LCD-Display n101icg-l21 Für A',71),(423,'2017-05-17 12:08:36','prospekt',17),(424,'2017-05-17 12:08:59','prospekt',17),(425,'2017-05-31 08:18:19','faltzelt',2),(426,'2017-05-31 11:05:41','Produktsuche:',1),(427,'2017-05-31 11:06:32','Produktsuche:',1),(428,'2017-06-13 14:00:04','holzstab',2),(429,'2017-06-14 11:46:46','promo',5),(430,'2017-06-14 15:46:10','theke',14),(431,'2017-06-21 11:56:16','Prospektständer',8),(432,'2017-06-21 11:56:25','Prospektständer',8),(433,'2017-06-21 11:56:37','Prospektständer',8),(434,'2017-06-21 12:16:58','Spiral',2),(435,'2017-06-23 11:13:57','pop up theke',31),(436,'2017-06-23 11:16:00','pop',14),(437,'2017-06-26 12:23:04','ersatztele',1),(438,'2017-06-28 13:39:57','zelt',3),(439,'2017-06-30 10:21:29','Nail Art Präsentation Ständer',34),(440,'2017-07-12 07:58:03','curved',6),(441,'2017-07-12 08:29:00','messewand zipper',18),(442,'2017-07-12 11:28:16','Produktsuche:',1),(443,'2017-07-18 13:46:04','decken',3),(444,'2017-07-18 13:48:00','hänge',4),(445,'2017-07-18 13:52:08','system',7),(446,'2017-07-21 09:55:41','monitor',2),(447,'2017-07-25 20:23:18','transporttasche',1),(448,'2017-07-27 10:00:08','hänger',1),(449,'2017-07-27 10:00:15','decken',3),(450,'2017-08-04 10:38:10','maxi frame',19),(451,'2017-08-04 14:49:01','maxi frame',19),(452,'2017-08-15 02:31:21','maxi frame',19),(453,'2017-08-21 16:08:42','Blowflag',3),(454,'2017-08-29 11:48:54','counter',16),(455,'2017-09-05 11:06:11','Messemöbel',5),(456,'2017-09-05 11:06:32','Barhocker',4),(457,'2017-09-13 22:20:57','Led',53),(458,'2017-09-14 14:30:56','theke',14),(459,'2017-09-19 08:55:06','Swing Wing Aufsteller',6),(460,'2017-10-12 20:48:01','Wandhalterung 800mm',3),(461,'2017-10-16 22:38:10','maxi frame',19),(462,'2017-10-24 14:05:00','textilspannrahmen',28),(463,'2017-10-24 16:18:37','decken',3),(464,'2017-10-25 11:50:53','theke',14),(465,'2017-10-25 11:51:13','theke',14),(466,'2017-10-25 11:51:18','theke',1),(467,'2017-10-25 11:51:23','theke',14),(468,'2018-05-14 15:16:32','Pop Up Mag',25),(469,'2018-05-15 20:24:59','kundenstopper',11),(470,'2018-05-16 09:51:33','Digital Showcase',6);

--
-- Table structure for table `s_statistics_visitors`
--

CREATE TABLE `s_statistics_visitors` (
  `id` int(11) NOT NULL AUTO_INCREMENT,
  `shopID` int(11) NOT NULL,
  `datum` date NOT NULL DEFAULT '0000-00-00',
  `pageimpressions` int(11) NOT NULL DEFAULT '0',
  `uniquevisits` int(11) NOT NULL DEFAULT '0',
  PRIMARY KEY (`id`),
  KEY `datum` (`datum`)
) ENGINE=InnoDB AUTO_INCREMENT=4 DEFAULT CHARSET=utf8 COLLATE=utf8_unicode_ci;

--
-- Dumping data for table `s_statistics_visitors`
--

INSERT INTO `s_statistics_visitors` VALUES (1,1,'2014-11-03',3,2),(2,1,'2014-11-07',1,1),(3,1,'2016-07-18',1,1);

--
-- Table structure for table `s_user`
--

CREATE TABLE `s_user` (
  `id` int(11) NOT NULL AUTO_INCREMENT,
  `password` varchar(255) COLLATE utf8_unicode_ci NOT NULL,
  `encoder` varchar(255) COLLATE utf8_unicode_ci NOT NULL DEFAULT 'md5',
  `email` varchar(70) COLLATE utf8_unicode_ci NOT NULL,
  `active` int(1) NOT NULL DEFAULT '0',
  `accountmode` int(11) NOT NULL,
  `confirmationkey` varchar(100) COLLATE utf8_unicode_ci NOT NULL,
  `paymentID` int(11) NOT NULL DEFAULT '0',
  `firstlogin` date NOT NULL DEFAULT '0000-00-00',
  `lastlogin` datetime NOT NULL DEFAULT '0000-00-00 00:00:00',
  `sessionID` varchar(128) COLLATE utf8_unicode_ci DEFAULT NULL,
  `newsletter` int(1) NOT NULL DEFAULT '0',
  `validation` varchar(255) COLLATE utf8_unicode_ci NOT NULL DEFAULT '0',
  `affiliate` int(10) NOT NULL DEFAULT '0',
  `customergroup` varchar(15) COLLATE utf8_unicode_ci NOT NULL,
  `paymentpreset` int(11) NOT NULL,
  `language` varchar(10) COLLATE utf8_unicode_ci NOT NULL,
  `subshopID` int(11) NOT NULL,
  `referer` varchar(255) COLLATE utf8_unicode_ci NOT NULL,
  `pricegroupID` int(11) unsigned DEFAULT NULL,
  `internalcomment` mediumtext COLLATE utf8_unicode_ci NOT NULL,
  `failedlogins` int(11) NOT NULL,
  `lockeduntil` datetime DEFAULT NULL,
  PRIMARY KEY (`id`),
  KEY `email` (`email`),
  KEY `sessionID` (`sessionID`),
  KEY `firstlogin` (`firstlogin`),
  KEY `lastlogin` (`lastlogin`),
  KEY `pricegroupID` (`pricegroupID`)
) ENGINE=InnoDB AUTO_INCREMENT=35 DEFAULT CHARSET=utf8 COLLATE=utf8_unicode_ci;

--
-- Dumping data for table `s_user`
--

INSERT INTO `s_user` VALUES (1,'$2y$10$FfBtOBSclorXWRDAlKfoJuAFiEEwMhEJh/BVS5SfmJnRiNKyEbL0e','bcrypt','karchnar2@gmail.com',1,0,'',3,'2014-11-25','2017-11-13 14:25:44','fpuhggbgnp7ntmk7ans2j6vtv6',0,'0',0,'EK',0,'1',1,'',NULL,'',8,'2017-11-13 14:37:52'),(5,'$2y$10$afFzJv6hMeIftFSA2/.kY.3rPFLcb8etKv1OYpWJ3fyrmB8tYMcsK','bcrypt','g@qsb.de',1,0,'',5,'2014-11-27','2014-11-27 17:28:18','44ecnj5empo1ijnaf40babesa2',0,'',0,'EK',0,'1',1,'',NULL,'',0,NULL),(6,'$2y$10$Zu48agEq2YUYstt8m3do5.wv/tlwnthWPFf.kLSxKer1fyzw6nWYS','bcrypt','wrg-huettenberg@t-online.de',1,0,'',4,'2014-12-05','2014-12-05 12:21:08','i7ddo4tldq6evd1mj15duhpqi2',0,'',0,'EK',0,'1',1,'',NULL,'',2,NULL),(7,'$2y$10$V4C9DU814AzOeCzxeKnbnOo2.d5nmBSHC/IKBWqAUG2SgHFnxQDo6','bcrypt','hansenrene@gmx.de',1,0,'',4,'2015-01-27','2015-01-27 13:59:34','snc3eaucheg74etp9snf07pok1',0,'0',0,'EK',0,'1',1,'',NULL,'',0,NULL),(8,'$2y$10$6yyXCp14Uju2m/8OKrRcvOkd/4mutxEEIcBUWdFD2BR46x4Bp8BDW','bcrypt','kbizon1979@aol.com',1,0,'',5,'2015-01-28','2015-01-28 09:57:15','qoscukaulq3gr7uu2nieene4q6',0,'',0,'EK',0,'1',1,'',NULL,'',0,NULL),(9,'$2y$10$JhQLY/G.x.Up7v/q6gRh9uMONNsMEKEjsm4rWxCq3SPe0sMN64Fqu','bcrypt','germromtrading@yahoo.com',1,0,'',5,'2015-04-15','2015-04-15 11:01:55','rqu9jsmlrl1ccj8nradqo0ldg4',0,'',0,'EK',0,'1',1,'',NULL,'',0,NULL),(10,'$2y$10$uJYWpbBChwjjwHDfeumM/uQDC.qSYB/wT0.T5ZtRJIhwrrCgrKIHy','bcrypt','info@malzhaus.de',1,0,'',5,'2015-06-09','2015-06-09 10:01:01','ojd4emttpiggqhkpeuohktupc3',0,'',0,'EK',0,'1',1,'',NULL,'',0,NULL),(11,'$2y$10$j36Rn4zLnNKgAShpW0i.gupIaEgt7DqhPn/PJ11K5T0EgtOL3PqfK','bcrypt','max@muster.de',1,0,'',5,'2015-07-16','2015-07-16 11:45:02','38hdj0pf7c4atfin8e6dkbscc0',0,'',0,'EK',0,'1',1,'',NULL,'',0,NULL),(12,'$2y$10$OvSBCj7KuVAP5bnNcDo.K.PP0A1rV/hTtUezSXNw/9vVLRWZVMFoO','bcrypt','ibrandv@126.com',1,0,'',5,'2015-11-18','2015-12-26 04:03:49','9cnqf0ept26nmkrr1ru58ap225',0,'',0,'EK',0,'1',1,'',NULL,'',0,NULL),(13,'$2y$10$67tXBV/b.Dj4ymKpH1WMGOXMv5Tc5v3jZAHJS4opID8Npb3ja1yN.','bcrypt','info@fichterdesign.de',1,0,'',5,'2016-02-25','2016-02-25 09:51:38','osqu5m1osvf4i5bat4dnf3nak5',0,'',0,'EK',0,'1',1,'',NULL,'',0,NULL),(14,'$2y$10$hp7k/09rhbJoSUYKV0/6UevxyFfLbUsXjfFD58e7Np2aD6L6aK6l6','bcrypt','vitali.hildebrandt@buerkert.de',1,0,'',5,'2016-06-02','2016-06-02 13:40:15','udm4dcnudgqd0521pi06cj43f6',0,'',0,'EK',0,'1',1,'',NULL,'',0,NULL),(15,'$2y$10$/tCCxiORD.cmpPiXImM4auiVUvF8mD8eTD.uJVziLOPx.H7cT9stK','bcrypt','t.frank@cdurbk.de',1,0,'',4,'2016-07-11','2016-07-11 15:38:46','isrm7r06lc2tcbcd4rankfls41',0,'',0,'EK',0,'1',1,'',NULL,'',0,NULL),(16,'$2y$10$YS59BKZkjMo2OHzRrx.dSOJ31sD3pTCfgo2HuzBs9/97OmccHM736','bcrypt','kontakt@kulturforum-badnenndorf.de',1,0,'',5,'2016-07-29','2016-08-15 11:57:54','o28opp9h5933m28rpu8lm3f517',0,'',0,'EK',0,'1',1,'',NULL,'',0,NULL),(17,'$2y$10$cpgOeipA1/0BzaHXaGW5FugpPoVZSmlNk9YFzXHTKGwtS2K1I7uyO','bcrypt','nuoliao28155@yeah.net',1,0,'',5,'2016-09-01','2016-09-01 19:39:59','f1lespuenvompqtr5sqk5g08f5',0,'',0,'EK',0,'1',1,'',NULL,'',0,NULL),(18,'$2y$10$/S2ejt61Y3vn4X6jErfB..GlK6KOw8eThM3jJZDd0swY1iJaOQb8S','bcrypt','andreas.nau@web.de',1,0,'',4,'2016-09-19','2016-09-19 09:57:31','v7ae79mjflqh2oevul54obmj45',0,'',0,'EK',0,'1',1,'',NULL,'',0,NULL),(19,'$2y$10$nAROKu7wRgIu1Dqmv9zJye7HhJo/82ATGEr4AuGExhEZwTBUjS9O2','bcrypt','info@qualyx.de',1,0,'',5,'2016-09-29','2016-11-11 14:14:27','vr1b4qctckcd5dfds65f1n58n0',0,'',0,'EK',0,'1',1,'',NULL,'',0,NULL),(20,'$2y$10$OaY/zinNG1rTeqJGtLWXB.43Zjm9bI62oXuo7/hCX0hlbmxR0c2yG','bcrypt','formen-friseur@hotmail.de',1,0,'',4,'2016-10-19','2016-11-09 12:28:12','qg1a01ifdma1mviro99d275900',0,'',0,'EK',0,'1',1,'',NULL,'',0,NULL),(21,'$2y$10$CXvFWmSHG15T7h1az8JTQeTxdeJBb1W9d5Fqun7wp27q5EmPFrnD6','bcrypt','office@nail-artist.com',1,0,'',5,'2016-11-07','2016-11-07 22:02:42','18u6upcoeg56ip2mqmd18lg031',0,'',0,'EK',0,'1',1,'',NULL,'',0,NULL),(22,'$2y$10$T9e3jAF0AKcxbdBJv7wx/.duc7kIOMgdQ7vkcVt76KScjOEyNhazO','bcrypt','x.lin@raidsonic.de',1,0,'',2,'2016-11-21','2016-11-21 15:17:10','rjrq42oqsrja6eb7ftof3shtn4',0,'',0,'EK',0,'1',1,'',NULL,'',0,NULL),(23,'$2y$10$ZjKaDyGkNGHhjdFdQfhJjuFA7AxH6cdOiHsWtBesu5CylN6AYFBtq','bcrypt','a.nitsche@magna-sweets.de',1,0,'',4,'2016-12-13','2016-12-13 09:19:03','j975jugp2c1qd1qi2a3q8bns54',0,'',0,'EK',0,'1',1,'',NULL,'',0,NULL),(24,'$2y$10$e4T7IF6H7qiXGSulqn4qc.uwMJcdGzcncSlxYYKXy.E1aswBbm85m','bcrypt','mail@optioffice.de',1,0,'',5,'2017-03-07','2017-03-07 15:35:10','odoncin5gj1b0ein2b1fe0bj91',0,'',0,'EK',0,'1',1,'',NULL,'',0,NULL),(25,'$2y$10$JZunOv1JAMNXW91X6NCwj.WhRFEUQnIDyWYzfUFK0RO8Juwk5sl/S','bcrypt','info@dr-beyer.de',1,0,'',5,'2017-03-15','2017-03-15 09:17:06','u73juu4fdh1q7pl0bg97d373m7',0,'',0,'EK',0,'1',1,'',NULL,'',0,NULL),(26,'$2y$10$nZhu6xvlbiWuGa1wdQXeh.7HaD/a9Eg/dfEauWGvTLlZeX8dM8D7i','bcrypt','info@bueroschmidt.de',1,0,'',2,'2017-04-26','2017-04-26 09:42:10','qhp5rhjlsfh8jdmgn5sehek7c5',0,'',0,'EK',0,'1',1,'',NULL,'',0,NULL),(27,'$2y$10$MnSCZtgdHe0pRfFVSC9YeuhVTcpkJsz4tnds6l8l2wG8HQc/ruPqq','bcrypt','monika.pech@t-online.de',1,0,'',5,'2017-05-18','2017-05-18 08:42:56','oh7th4trqu7qtf7q650r0ejgk5',0,'',0,'EK',0,'1',1,'',NULL,'',0,NULL),(28,'$2y$10$OzJ4f8aO6ZumQuAjGrUsRueWlOsvOTsCu0U059X6D5/tjcYPuqf/y','bcrypt','purchase@hepawash.com',1,0,'',5,'2017-05-18','2017-05-18 09:23:15','g2tnfhjiljcfia9tumgdgbji42',0,'',0,'EK',0,'1',1,'',NULL,'',0,NULL),(29,'$2y$10$cjpLoASjlmBGNH9WQi4OkOdbRIdf7gy.s5jan6mpu78EO/uA6f6UO','bcrypt','ml@wellconn.de',1,0,'',5,'2017-06-21','2017-06-21 12:21:15','8pejcgkm0h9p1osd22rf7tcsa3',0,'',0,'EK',0,'1',1,'',NULL,'',0,NULL),(30,'$2y$10$FhWyddwA75j7VaYceayI9eBLPK12Tokg1WxLFq4jcZwwex2jPniWy','bcrypt','rd@duerr-schilder.de',1,0,'',4,'2017-09-26','2017-09-29 16:05:12','c5tj3sn2elv0e3e0166bd1t2u0',0,'',0,'EK',0,'1',1,'',NULL,'',0,NULL),(31,'$2y$10$AGL8K5hWo9ardFmxZDCNieSTJcX553mlpv7PMacjxEax4BAjPbbGK','bcrypt','grytqfobuqqa@qq.com',1,0,'',5,'2017-11-04','2017-11-04 03:56:17','jtbusns4mrelj34pml19adroi3',0,'',0,'EK',0,'1',1,'',NULL,'',0,NULL),(32,'$2y$10$KWcXKTKu2hwhz7Fy9pPDgunPWlU6JTdNo2r/sUn5jJqPIqMnVi4jG','bcrypt','info2@blarg.biz',1,0,'',5,'2017-11-13','2017-11-13 14:45:25','fpuhggbgnp7ntmk7ans2j6vtv6',0,'0',0,'EK',0,'1',1,'',NULL,'',0,NULL),(33,'$2y$10$OwGXB9oC8YxB6Y41tA32Su6EY6R9DrWH5KNoLSr26ae.Z8jP0Zp3G','bcrypt','karchnar@gmail.com',1,0,'',5,'2017-11-13','2017-11-13 16:07:36','7s8a5cmdft8fiqvhm15phhnaj3',0,'',0,'EK',0,'1',1,'',NULL,'',0,NULL),(34,'$2y$10$d7pHFvZV4/aCkqw3fXb8EevEZpDEHsQqivYOBCHgKqELpaCa41.Bq','bcrypt','info@blarg.biz',1,0,'',5,'2017-11-13','2017-11-14 10:55:05','tim6jh02gktcg76ss3i0kns5f1',0,'',0,'EK',0,'1',1,'',NULL,'',0,NULL);

--
-- Table structure for table `s_user_attributes`
--

CREATE TABLE `s_user_attributes` (
  `id` int(11) NOT NULL AUTO_INCREMENT,
  `userID` int(11) DEFAULT NULL,
  PRIMARY KEY (`id`),
  UNIQUE KEY `userID` (`userID`),
  CONSTRAINT `s_user_attributes_ibfk_1` FOREIGN KEY (`userID`) REFERENCES `s_user` (`id`) ON DELETE CASCADE ON UPDATE NO ACTION
) ENGINE=InnoDB AUTO_INCREMENT=35 DEFAULT CHARSET=utf8 COLLATE=utf8_unicode_ci;

--
-- Dumping data for table `s_user_attributes`
--

INSERT INTO `s_user_attributes` VALUES (1,1),(5,5),(6,6),(7,7),(8,8),(9,9),(10,10),(11,11),(12,12),(13,13),(14,14),(15,15),(16,16),(17,17),(18,18),(19,19),(20,20),(21,21),(22,22),(23,23),(24,24),(25,25),(26,26),(27,27),(28,28),(29,29),(30,30),(31,31),(32,32),(33,33),(34,34);

--
-- Table structure for table `s_user_billingaddress`
--

CREATE TABLE `s_user_billingaddress` (
  `id` int(11) NOT NULL AUTO_INCREMENT,
  `userID` int(11) NOT NULL DEFAULT '0',
  `company` varchar(255) COLLATE utf8_unicode_ci NOT NULL,
  `department` varchar(35) COLLATE utf8_unicode_ci NOT NULL,
  `salutation` varchar(30) COLLATE utf8_unicode_ci NOT NULL,
  `customernumber` varchar(30) COLLATE utf8_unicode_ci DEFAULT NULL,
  `firstname` varchar(50) COLLATE utf8_unicode_ci NOT NULL,
  `lastname` varchar(60) COLLATE utf8_unicode_ci NOT NULL,
  `street` varchar(100) COLLATE utf8_unicode_ci NOT NULL,
  `streetnumber` varchar(50) COLLATE utf8_unicode_ci NOT NULL,
  `zipcode` varchar(50) COLLATE utf8_unicode_ci NOT NULL,
  `city` varchar(70) COLLATE utf8_unicode_ci NOT NULL,
  `phone` varchar(40) COLLATE utf8_unicode_ci NOT NULL,
  `fax` varchar(40) COLLATE utf8_unicode_ci NOT NULL,
  `countryID` int(11) NOT NULL DEFAULT '0',
  `stateID` int(11) DEFAULT NULL,
  `ustid` varchar(50) COLLATE utf8_unicode_ci NOT NULL,
  `birthday` date DEFAULT NULL,
  PRIMARY KEY (`id`),
  UNIQUE KEY `userID` (`userID`)
) ENGINE=InnoDB AUTO_INCREMENT=35 DEFAULT CHARSET=utf8 COLLATE=utf8_unicode_ci;

--
-- Dumping data for table `s_user_billingaddress`
--

INSERT INTO `s_user_billingaddress` VALUES (1,1,'','','mr','20003','Tom','Kirschner','Tiomdsadmss','232','03213','Kölle','34234324234','',2,NULL,'','1982-04-16'),(5,5,'Firma','','mr','20007','Guido','Engel','Im MediaPark','5B','50670','Köln','022167784010','',2,0,'','1996-02-02'),(6,6,'Selbsthilfevereinigung für Lippen-Gaumen-Fehlbildungen e. V.','Landesgruppe Rheinland-Pfalz','ms','20008','Regine','Tödt','Hauptstraße','184','Hüttenberg','Hüttenberg','+4964035575','',2,0,'','1952-01-18'),(7,7,'Hansen Gbr','Stadt Shop','mr','20009','Rene','Hansen','Saarlouiser Straße','17','15890','Eisenhüttenstadt','033645521269','',2,NULL,'','1988-09-28'),(8,8,'','','ms','21442','Kathi','Bizon','Braunsberger Feld','11','51429','Bergisch Gladbach','02204-9866-21','',2,0,'','0000-00-00'),(9,9,'SC GERMROM TRADING IMPORT EXPORT SRL','','ms','21443','Voinescu','Sorina','PASCANI','2','200151','CRAIOVA','0040251520520','',2,0,'RO14417327','1977-01-05'),(10,10,'Malzhaus Plauen','','mr','21444','Tommy','Ziegenhagen','Alter Teich','7-9','08527','Plauen','03741153214','',2,0,'','0000-00-00'),(11,11,'','','mr','21445','Sven','Mustermann','Musterallee','10','10178','Berlin','+494923456634','',2,0,'','1980-01-01'),(12,12,'microsoft','12','mr','21446','Liannet','Holland','12','12','11223','Brooklyn','06642271480','',2,0,'12','1925-06-12'),(13,13,'Grafikbüro Fichterdesign','','mr','21447','walter peter','fichter','kirchbichlweg','19','93476','blaibach','016094848627','',2,0,'','1954-03-29'),(14,14,'Bürkert GmbH & Co.KG','Messe','mr','21448','Vitali','Hildebrandt','Christian-Bürkert-Straße','13-17','74653','Ingelfingen','079401091504','',2,0,'','0000-00-00'),(15,15,'CDU Rheinisch-Bergischer Kreis','','mr','21449','Thomas','Frank','Am Stadion','18-24','51465','Bergisch Gladbach','02202 936950','',2,0,'','0000-00-00'),(16,16,'Kulturforum Bad Nenndorf e. V.','','mr','21450','Joachim','Braun','Grüner Weg','10','31542','Bad Nenndorf','05723 9199991','',2,0,'','0000-00-00'),(17,17,'AT&T','12','mr','21451','Liannet','ken','12','12','11223','Brooklyn','1-936-9367','',2,0,'12','1960-08-30'),(18,18,'A.-W. HEIL&SOHN GmbH&Co.KG','Marketing','mr','21452','Andreas','Nau','Bergstraße','4-7','30539','Hannover','0511 5108 135','',2,0,'','0000-00-00'),(19,19,'qualyx eventsolutions gmbh','','mr','21453','jens','holst','osnabrücker tr','18','10589','berlin','01775962381','',2,0,'','0000-00-00'),(20,20,'FORMEN GMBH','FRISUER','mr','21454','Hüseyin','Ucar','SOESTEN STR','6','49661','CLOPPENBURG','017631283560','',2,0,'5620120666','1977-02-04'),(21,21,'NAIL-ARTIST International','Geschäftsführung','mr','21455','Christian','Nitz','Hofriedenstrasse','5','6911','Lochau','0043 664 4538102','',2,0,'ATU63476438','1973-09-27'),(22,22,'Raidsonic Technology GmbH','','ms','21456','Xin','Lin','Kurt-Fischer-Straße','50','22926','Ahrensburg','04102468912','',2,0,'DE201975889','0000-00-00'),(23,23,'MAGNA sweets GmbH','Marketing','mr','21457','Anja','Nitsche','Gewerbering','6','82272','Moorenweis','081469966134','',2,0,'DE811933733','0000-00-00'),(24,24,'OptiOffice GbR','','mr','21458','Martin','Blume','Mittelweg','149','20148','Hamburg','01570 - 33 31 303','',2,0,'DE306252348','1978-06-05'),(25,25,'Dr. Beyer Internet-Beratung','','mr','21459','Torsten','Beyer','Weimarer Str.','30','64372','Ober-Ramstadt','06154 6246860','',2,0,'DE229767145','0000-00-00'),(26,26,'büro schmidt kommunikationsdesign','','mr','21460','andre','schmidt','brühler straße','209','42657','solingen','0212 2215769','',2,0,'de257204693','1980-09-22'),(27,27,'','','ms','21461','Monika','Dr. Pech','Morigglstr','1','80995','München','0170 8126490','',2,0,'','0000-00-00'),(28,28,'Hepa Wash GmbH','Logistik','mr','21462','Hepa','Wash','Agnes Pockels Bogen','1','80992','München','089/4111842-44','',2,0,'DE235056961','0000-00-00'),(29,29,'Wellconn International Ltd. & Co. KG','','ms','21463','Monika','Lumper','Nachtigalstr.','29','80638','München','089/71000718','',2,0,'DE299384581','0000-00-00'),(30,30,'Die Werbeprofis Dürr GmbH','GF','mr','21464','Rigo','Dürr','Im Hasengarten','14','77815','Bühl','07223 911513','',2,0,'','1951-08-02'),(31,31,'apple','12','mr','21465','Liannet','Holland','12','12','07607','eisenberg','1-732-7958856','',2,0,'12','1949-06-06'),(32,32,'slashmake','','mr','21466','Tom','Kirschner','Bergweg','12','01445','Radebeul','0231213123','',2,NULL,'','1976-05-15'),(33,33,'slashmake','','mr','21467','Tom','Kirschner','Bergweg','12','01445','Radebeul','0231213123','',2,0,'','1976-05-15'),(34,34,'','','mr','21468','Tom','Kirschner','fdad','132231','2313','dsasadsadsad','321231','',2,0,'','1966-04-01');

--
-- Table structure for table `s_user_billingaddress_attributes`
--

CREATE TABLE `s_user_billingaddress_attributes` (
  `id` int(11) NOT NULL AUTO_INCREMENT,
  `billingID` int(11) DEFAULT NULL,
  `text1` varchar(255) COLLATE utf8_unicode_ci DEFAULT NULL,
  `text2` varchar(255) COLLATE utf8_unicode_ci DEFAULT NULL,
  `text3` varchar(255) COLLATE utf8_unicode_ci DEFAULT NULL,
  `text4` varchar(255) COLLATE utf8_unicode_ci DEFAULT NULL,
  `text5` varchar(255) COLLATE utf8_unicode_ci DEFAULT NULL,
  `text6` varchar(255) COLLATE utf8_unicode_ci DEFAULT NULL,
  PRIMARY KEY (`id`),
  UNIQUE KEY `billingID` (`billingID`),
  CONSTRAINT `s_user_billingaddress_attributes_ibfk_1` FOREIGN KEY (`billingID`) REFERENCES `s_user_billingaddress` (`id`) ON DELETE CASCADE ON UPDATE NO ACTION
) ENGINE=InnoDB AUTO_INCREMENT=35 DEFAULT CHARSET=utf8 COLLATE=utf8_unicode_ci;

--
-- Dumping data for table `s_user_billingaddress_attributes`
--

INSERT INTO `s_user_billingaddress_attributes` VALUES (1,1,'','','','','',''),(5,5,'','','','','',''),(6,6,'','','','','',''),(7,7,'','','','','',''),(8,8,'','','','','',''),(9,9,'','','','','',''),(10,10,'','','','','',''),(11,11,'','','','','',''),(12,12,'','','','','',''),(13,13,'','','','','',''),(14,14,'','','','','',''),(15,15,'','','','','',''),(16,16,'','','','','',''),(17,17,'','','','','',''),(18,18,'','','','','',''),(19,19,NULL,NULL,NULL,NULL,NULL,NULL),(20,20,'','','','','',''),(21,21,'','','','','',''),(22,22,'','','','','',''),(23,23,'','','','','',''),(24,24,'','','','','',''),(25,25,'','','','','',''),(26,26,'','','','','',''),(27,27,'','','','','',''),(28,28,'','','','','',''),(29,29,'','','','','',''),(30,30,'','','','','',''),(31,31,'','','','','',''),(32,32,'','','','','',''),(33,33,'','','','','',''),(34,34,'','','','','','');

--
-- Table structure for table `s_user_debit`
--

CREATE TABLE `s_user_debit` (
  `id` int(11) NOT NULL AUTO_INCREMENT,
  `userID` int(11) NOT NULL DEFAULT '0',
  `account` varchar(30) COLLATE utf8_unicode_ci NOT NULL,
  `bankcode` varchar(30) COLLATE utf8_unicode_ci NOT NULL,
  `bankname` varchar(255) COLLATE utf8_unicode_ci NOT NULL,
  `bankholder` varchar(255) COLLATE utf8_unicode_ci NOT NULL,
  PRIMARY KEY (`id`)
) ENGINE=InnoDB AUTO_INCREMENT=3 DEFAULT CHARSET=utf8 COLLATE=utf8_unicode_ci;

--
-- Dumping data for table `s_user_debit`
--

INSERT INTO `s_user_debit` VALUES (1,22,'2916898','20040000','Commerzbank AG','Raidsonic Technology GmbH'),(2,26,'1148543','34250000','stadt sparkasse solingen','andre schmidt');

--
-- Table structure for table `s_user_shippingaddress`
--

CREATE TABLE `s_user_shippingaddress` (
  `id` int(11) NOT NULL AUTO_INCREMENT,
  `userID` int(11) NOT NULL DEFAULT '0',
  `company` varchar(255) COLLATE utf8_unicode_ci NOT NULL,
  `department` varchar(35) COLLATE utf8_unicode_ci NOT NULL,
  `salutation` varchar(30) COLLATE utf8_unicode_ci NOT NULL,
  `firstname` varchar(50) COLLATE utf8_unicode_ci NOT NULL,
  `lastname` varchar(60) COLLATE utf8_unicode_ci NOT NULL,
  `street` varchar(100) COLLATE utf8_unicode_ci NOT NULL,
  `streetnumber` varchar(50) COLLATE utf8_unicode_ci NOT NULL,
  `zipcode` varchar(50) COLLATE utf8_unicode_ci NOT NULL,
  `city` varchar(70) COLLATE utf8_unicode_ci NOT NULL,
  `countryID` int(11) DEFAULT NULL,
  `stateID` int(11) DEFAULT NULL,
  PRIMARY KEY (`id`),
  UNIQUE KEY `userID` (`userID`)
) ENGINE=InnoDB AUTO_INCREMENT=9 DEFAULT CHARSET=utf8 COLLATE=utf8_unicode_ci;

--
-- Dumping data for table `s_user_shippingaddress`
--

INSERT INTO `s_user_shippingaddress` VALUES (1,7,'Hansen Gbr','Stadt Shop','mr','Rene','Hansen','Saarlouiser Straße','17','15890','Eisenhüttenstadt',2,NULL),(2,12,'apple','12','ms','Liannet','OLIVIER','12','12','11223',' Brooklyn ',2,NULL),(3,17,'AT&T','12','ms','bill','OLIVIER','12','12','11223',' Brooklyn ',2,NULL),(4,24,'','','mr','Martin','Blume','Linsingenstr.','4','30163','Hannover',2,NULL),(5,25,'Dr. Beyer Internet-Beratung','','mr','Torsten','Beyer','Hundertwasserallee','7','64372','Ober-Ramstadt',2,NULL),(6,31,'microsoft','12','ms','Liannet','Holland','12','12','07607',' eisenberg',2,NULL),(7,1,'','','mr','Tom','Kirschner','Tiomdsadmss','232','03213','Kölle',2,NULL),(8,32,'slashmake','','mr','Tom','Kirschner','Bergweg','12','01445','Radebeul',2,NULL);

--
-- Table structure for table `s_user_shippingaddress_attributes`
--

CREATE TABLE `s_user_shippingaddress_attributes` (
  `id` int(11) NOT NULL AUTO_INCREMENT,
  `shippingID` int(11) DEFAULT NULL,
  `text1` varchar(255) COLLATE utf8_unicode_ci DEFAULT NULL,
  `text2` varchar(255) COLLATE utf8_unicode_ci DEFAULT NULL,
  `text3` varchar(255) COLLATE utf8_unicode_ci DEFAULT NULL,
  `text4` varchar(255) COLLATE utf8_unicode_ci DEFAULT NULL,
  `text5` varchar(255) COLLATE utf8_unicode_ci DEFAULT NULL,
  `text6` varchar(255) COLLATE utf8_unicode_ci DEFAULT NULL,
  PRIMARY KEY (`id`),
  UNIQUE KEY `shippingID` (`shippingID`),
  CONSTRAINT `s_user_shippingaddress_attributes_ibfk_1` FOREIGN KEY (`shippingID`) REFERENCES `s_user_shippingaddress` (`id`) ON DELETE CASCADE ON UPDATE NO ACTION
) ENGINE=InnoDB AUTO_INCREMENT=9 DEFAULT CHARSET=utf8 COLLATE=utf8_unicode_ci;

--
-- Dumping data for table `s_user_shippingaddress_attributes`
--

INSERT INTO `s_user_shippingaddress_attributes` VALUES (1,1,'','','','','',''),(2,2,NULL,NULL,NULL,NULL,NULL,NULL),(3,3,NULL,NULL,NULL,NULL,NULL,NULL),(4,4,NULL,NULL,NULL,NULL,NULL,NULL),(5,5,NULL,NULL,NULL,NULL,NULL,NULL),(6,6,NULL,NULL,NULL,NULL,NULL,NULL),(7,7,'','','','','',''),(8,8,'','','','','','');


