-- Table structure for table `s_articles_prices_attributes`
--

CREATE TABLE `s_articles_prices_attributes` (
  `id` int(11) NOT NULL AUTO_INCREMENT,
  `priceID` int(11) unsigned DEFAULT NULL,
  PRIMARY KEY (`id`),
  UNIQUE KEY `priceID` (`priceID`),
  CONSTRAINT `s_articles_prices_attributes_ibfk_1` FOREIGN KEY (`priceID`) REFERENCES `s_articles_prices` (`id`) ON DELETE CASCADE ON UPDATE NO ACTION
) ENGINE=InnoDB DEFAULT CHARSET=utf8 COLLATE=utf8_unicode_ci;

--
-- Dumping data for table `s_articles_prices_attributes`
--


--
-- Table structure for table `s_articles_relationships`
--

CREATE TABLE `s_articles_relationships` (
  `id` int(11) NOT NULL AUTO_INCREMENT,
  `articleID` int(30) NOT NULL,
  `relatedarticle` varchar(30) COLLATE utf8_unicode_ci NOT NULL,
  PRIMARY KEY (`id`),
  UNIQUE KEY `articleID` (`articleID`,`relatedarticle`)
) ENGINE=InnoDB AUTO_INCREMENT=655 DEFAULT CHARSET=utf8 COLLATE=utf8_unicode_ci;

--
-- Dumping data for table `s_articles_relationships`
--

INSERT INTO `s_articles_relationships` VALUES (581,20,'25'),(582,20,'53'),(624,23,'225'),(625,23,'273'),(626,23,'274'),(642,53,'130'),(643,53,'20'),(644,53,'225'),(645,53,'273'),(646,53,'274'),(611,67,'225'),(552,92,'100'),(553,92,'101'),(554,92,'95'),(555,92,'96'),(556,92,'99'),(546,93,'100'),(547,93,'101'),(548,93,'95'),(549,93,'96'),(550,93,'97'),(551,93,'99'),(541,94,'100'),(542,94,'95'),(543,94,'96'),(544,94,'97'),(545,94,'99'),(505,95,'92'),(502,96,'92'),(499,97,'93'),(500,97,'94'),(497,99,'93'),(498,99,'94'),(495,101,'92'),(496,101,'93'),(389,126,'225'),(595,130,'23'),(596,130,'53'),(601,225,'126'),(602,225,'225'),(603,225,'23'),(604,225,'53'),(94,273,'23'),(95,273,'53'),(653,274,'23'),(654,274,'53'),(323,282,'294'),(324,282,'295'),(314,283,'285'),(315,283,'286'),(316,283,'287'),(317,283,'289'),(318,283,'290'),(319,283,'291'),(320,283,'292'),(321,283,'293'),(322,283,'297'),(305,284,'285'),(306,284,'286'),(307,284,'287'),(308,284,'289'),(309,284,'290'),(310,284,'291'),(311,284,'292'),(312,284,'293'),(313,284,'297'),(458,285,'283'),(459,285,'284'),(460,285,'288'),(461,286,'283'),(462,286,'284'),(463,286,'288'),(452,287,'283'),(453,287,'284'),(454,287,'288'),(449,288,'285'),(450,288,'286'),(451,288,'287'),(446,289,'283'),(447,289,'284'),(448,289,'292'),(443,290,'283'),(444,290,'284'),(445,290,'292'),(440,291,'283'),(441,291,'284'),(442,291,'292'),(435,292,'283'),(436,292,'284'),(437,292,'289'),(438,292,'290'),(439,292,'291'),(433,293,'283'),(434,293,'284'),(255,294,'282'),(260,295,'282'),(265,297,'283'),(266,297,'284');

--
-- Table structure for table `s_articles_similar`
--

CREATE TABLE `s_articles_similar` (
  `id` int(11) NOT NULL AUTO_INCREMENT,
  `articleID` int(30) NOT NULL,
  `relatedarticle` varchar(255) COLLATE utf8_unicode_ci NOT NULL,
  PRIMARY KEY (`id`),
  UNIQUE KEY `articleID` (`articleID`,`relatedarticle`)
) ENGINE=InnoDB AUTO_INCREMENT=4583 DEFAULT CHARSET=utf8 COLLATE=utf8_unicode_ci;

--
-- Dumping data for table `s_articles_similar`
--

INSERT INTO `s_articles_similar` VALUES (4286,21,'130'),(4504,23,'53'),(4379,31,'32'),(4380,32,'31'),(4381,32,'33'),(4382,32,'37'),(4383,32,'43'),(4384,33,'32'),(4385,33,'41'),(4386,34,'41'),(4387,34,'43'),(4401,35,'38'),(4402,35,'39'),(4403,35,'43'),(3815,36,'40'),(4388,37,'32'),(4389,37,'41'),(4390,38,'35'),(4391,38,'43'),(4392,39,'35'),(4393,39,'43'),(4396,40,'36'),(4397,40,'86'),(4398,41,'33'),(4399,41,'34'),(4400,41,'37'),(3896,43,'32'),(3897,43,'34'),(3898,43,'35'),(3899,43,'38'),(3900,43,'39'),(4505,49,'49'),(4506,49,'50'),(4507,49,'51'),(4508,49,'53'),(4517,50,'49'),(4518,50,'50'),(4519,50,'51'),(4520,50,'53'),(4525,51,'49'),(4526,51,'50'),(4527,51,'51'),(4528,51,'53'),(4541,53,'23'),(4542,53,'49'),(4543,53,'50'),(4544,53,'51'),(4406,54,'253'),(4407,54,'254'),(4414,55,'56'),(4415,55,'67'),(4422,56,'130'),(4423,56,'55'),(4424,56,'67'),(4445,57,'58'),(4446,57,'59'),(4447,57,'60'),(4448,57,'61'),(4449,57,'62'),(4470,58,'57'),(4471,58,'59'),(4472,58,'60'),(4473,58,'61'),(4474,58,'63'),(2273,59,'57'),(2274,59,'58'),(2275,59,'60'),(2276,59,'61'),(2277,59,'62'),(2278,59,'63'),(2261,60,'57'),(2262,60,'58'),(2263,60,'59'),(2264,60,'61'),(2265,60,'62'),(2266,60,'63'),(2250,61,'57'),(2251,61,'58'),(2252,61,'59'),(2253,61,'60'),(2254,61,'62'),(4003,62,'57'),(4004,62,'59'),(4005,62,'60'),(4006,62,'61'),(4007,62,'63'),(3653,63,'58'),(3654,63,'59'),(3655,63,'60'),(3656,63,'62'),(4487,67,'55'),(4488,67,'56'),(3679,82,'164'),(3680,82,'83'),(3676,83,'158'),(3677,83,'159'),(3678,83,'82'),(4160,85,'86'),(4161,85,'87'),(4162,85,'88'),(4578,86,'228'),(4579,86,'40'),(4580,86,'85'),(4581,86,'87'),(4582,86,'88'),(4574,87,'228'),(4575,87,'85'),(4576,87,'86'),(4577,87,'88'),(4567,88,'85'),(4568,88,'86'),(4569,88,'87'),(4113,91,'92'),(4114,91,'93'),(4115,91,'94'),(4233,92,'91'),(4234,92,'93'),(4235,92,'94'),(4230,93,'91'),(4231,93,'92'),(4232,93,'93'),(4228,94,'91'),(4229,94,'92'),(4102,95,'100'),(4103,95,'101'),(4104,95,'98'),(4105,95,'99'),(4090,96,'100'),(4091,96,'101'),(4092,96,'98'),(4093,96,'99'),(4082,97,'100'),(4083,97,'101'),(4084,97,'98'),(4085,97,'99'),(4076,98,'100'),(4077,98,'101'),(4078,98,'95'),(4079,98,'96'),(4080,98,'97'),(4081,98,'99'),(4070,99,'100'),(4071,99,'101'),(4072,99,'95'),(4073,99,'96'),(4074,99,'97'),(4075,99,'98'),(4064,100,'101'),(4065,100,'95'),(4066,100,'96'),(4067,100,'97'),(4068,100,'98'),(4069,100,'99'),(4058,101,'100'),(4059,101,'95'),(4060,101,'96'),(4061,101,'97'),(4062,101,'98'),(4063,101,'99'),(4553,102,'102'),(4120,104,'105'),(4119,105,'104'),(4305,130,'131'),(4306,130,'21'),(4307,130,'56'),(4308,131,'130'),(3951,137,'140'),(3952,137,'144'),(3953,137,'145'),(3939,140,'137'),(3940,140,'141'),(3941,140,'144'),(3942,140,'145'),(3954,141,'140'),(3955,141,'144'),(3956,141,'145'),(3385,142,'143'),(3386,142,'146'),(3387,142,'255'),(4157,143,'142'),(4158,143,'146'),(4159,143,'255'),(3947,144,'137'),(3948,144,'140'),(3949,144,'141'),(3950,144,'145'),(4153,145,'137'),(4154,145,'140'),(4155,145,'141'),(4156,145,'144'),(3150,146,'142'),(3151,146,'143'),(3152,146,'255'),(2144,147,'147'),(2145,147,'148'),(2146,147,'149'),(2147,147,'150'),(2148,147,'151'),(2149,147,'152'),(2150,147,'153'),(2151,148,'147'),(2152,148,'148'),(2153,148,'149'),(2154,148,'150'),(2155,148,'151'),(2156,148,'152'),(2157,148,'153'),(2158,149,'147'),(2159,149,'148'),(2160,149,'149'),(2161,149,'150'),(2162,149,'151'),(2163,149,'152'),(2164,149,'153'),(2165,150,'147'),(2166,150,'148'),(2167,150,'149'),(2168,150,'150'),(2169,150,'151'),(2170,150,'152'),(2171,150,'153'),(2172,151,'147'),(2173,151,'148'),(2174,151,'149'),(2175,151,'150'),(2176,151,'151'),(2177,151,'152'),(2178,151,'153'),(2207,152,'147'),(2208,152,'148'),(2209,152,'149'),(2210,152,'150'),(2211,152,'151'),(2212,152,'152'),(2213,152,'153'),(2200,153,'147'),(2201,153,'148'),(2202,153,'149'),(2203,153,'150'),(2204,153,'151'),(2205,153,'152'),(2206,153,'153'),(1287,154,'156'),(1288,154,'157'),(1289,154,'173'),(1290,154,'174'),(1291,154,'175'),(1262,155,'156'),(1263,155,'157'),(1264,155,'173'),(1265,155,'174'),(1266,155,'175'),(1245,156,'154'),(1246,156,'155'),(1247,156,'156'),(1248,156,'157'),(1249,156,'173'),(1250,156,'174'),(1251,156,'175'),(1226,157,'154'),(1227,157,'155'),(1228,157,'156'),(1229,157,'173'),(1230,157,'175'),(948,158,'83'),(949,159,'83'),(940,162,'164'),(942,163,'164'),(3713,164,'162'),(3714,164,'163'),(3715,164,'164'),(3716,164,'165'),(3717,164,'82'),(943,165,'164'),(3727,171,'349'),(3612,172,'351'),(3113,173,'154'),(3114,173,'155'),(3115,173,'156'),(3116,173,'157'),(3117,173,'174'),(3118,173,'175'),(385,174,'154'),(386,174,'155'),(387,174,'156'),(388,174,'157'),(389,174,'173'),(390,174,'174'),(391,174,'175'),(3107,175,'154'),(3108,175,'155'),(3109,175,'156'),(3110,175,'157'),(3111,175,'173'),(3112,175,'174'),(1109,192,'195'),(1110,192,'196'),(1111,192,'197'),(1112,192,'198'),(1117,193,'195'),(1118,193,'196'),(1119,193,'197'),(1120,193,'198'),(1121,194,'194'),(1122,194,'195'),(1123,194,'196'),(1124,194,'197'),(1125,194,'198'),(911,195,'192'),(916,195,'193'),(925,195,'194'),(912,195,'195'),(913,195,'196'),(914,195,'197'),(915,195,'198'),(856,196,'192'),(857,196,'193'),(858,196,'194'),(859,196,'195'),(860,196,'197'),(861,196,'198'),(814,197,'192'),(815,197,'193'),(816,197,'194'),(817,197,'195'),(818,197,'196'),(819,197,'198'),(1653,198,'192'),(1654,198,'193'),(1655,198,'194'),(1656,198,'195'),(1657,198,'196'),(1658,198,'197'),(4556,228,'86'),(4557,228,'87'),(3529,232,'345'),(2805,248,'249'),(2806,248,'250'),(2807,248,'251'),(1203,249,'248'),(1204,250,'248'),(2808,251,'248'),(2600,253,'254'),(2601,253,'54'),(2598,254,'253'),(2599,254,'54'),(3759,255,'142'),(3760,255,'143'),(3761,255,'146'),(4053,262,'264'),(4054,262,'266'),(4055,262,'267'),(4056,262,'268'),(4049,263,'264'),(4050,263,'266'),(4051,263,'267'),(4052,263,'268'),(4044,264,'262'),(4045,264,'263'),(4046,264,'266'),(4047,264,'267'),(4048,264,'268'),(4041,265,'266'),(4042,265,'267'),(4043,265,'268'),(4035,266,'262'),(4036,266,'263'),(4037,266,'264'),(4038,266,'265'),(4039,266,'267'),(4040,266,'268'),(4030,267,'262'),(4031,267,'263'),(4032,267,'264'),(4033,267,'265'),(4034,267,'266'),(4025,268,'262'),(4026,268,'263'),(4027,268,'264'),(4028,268,'265'),(4029,268,'266'),(3960,269,'360'),(4336,270,'271'),(4337,270,'272'),(4338,270,'347'),(4339,270,'348'),(4344,271,'270'),(4345,271,'272'),(4346,271,'347'),(4347,271,'348'),(4372,272,'270'),(4373,272,'271'),(4374,272,'347'),(4375,272,'348'),(2023,273,'274'),(4548,274,'273'),(3748,275,'276'),(3749,276,'275'),(2786,277,'278'),(2787,277,'279'),(2783,278,'277'),(2784,278,'279'),(2785,278,'282'),(2778,279,'277'),(2779,279,'278'),(2780,279,'280'),(2781,279,'281'),(2782,279,'282'),(2774,280,'279'),(2775,280,'281'),(2776,280,'282'),(2777,280,'283'),(2535,281,'279'),(2536,281,'280'),(2769,282,'278'),(2770,282,'279'),(2771,282,'280'),(2772,282,'283'),(2773,282,'284'),(2765,283,'280'),(2766,283,'282'),(2767,283,'284'),(2768,283,'288'),(2762,284,'282'),(2763,284,'283'),(2764,284,'288'),(3442,285,'286'),(3443,285,'287'),(3444,285,'289'),(3445,285,'290'),(3446,285,'291'),(3447,285,'293'),(3448,286,'285'),(3449,286,'287'),(3450,286,'289'),(3451,286,'290'),(3452,286,'291'),(3453,286,'293'),(3431,287,'285'),(3432,287,'286'),(3433,287,'289'),(3434,287,'291'),(3435,287,'293'),(3426,288,'283'),(3427,288,'284'),(3428,288,'289'),(3429,288,'291'),(3430,288,'293'),(3419,289,'285'),(3420,289,'286'),(3421,289,'287'),(3422,289,'288'),(3423,289,'290'),(3424,289,'291'),(3425,289,'293'),(3414,290,'285'),(3415,290,'286'),(3416,290,'289'),(3417,290,'291'),(3418,290,'293'),(3407,291,'285'),(3408,291,'286'),(3409,291,'287'),(3410,291,'288'),(3411,291,'289'),(3412,291,'290'),(3413,291,'293'),(3400,293,'285'),(3401,293,'286'),(3402,293,'287'),(3403,293,'288'),(3404,293,'289'),(3405,293,'290'),(3406,293,'291'),(2517,294,'295'),(2526,294,'297'),(2520,295,'294'),(2524,295,'297'),(2525,296,'297'),(2527,297,'294'),(2528,297,'295'),(2529,297,'296'),(4315,299,'301'),(4313,300,'301'),(4311,301,'299'),(4312,301,'300'),(3061,303,'304'),(3062,303,'305'),(3063,303,'306'),(3064,303,'308'),(3057,304,'303'),(3058,304,'305'),(3059,304,'306'),(3060,304,'308'),(2915,305,'303'),(2916,305,'304'),(2917,305,'306'),(2900,306,'303'),(2901,306,'304'),(2902,306,'305'),(2906,308,'303'),(2907,308,'304'),(2920,309,'311'),(2929,310,'311'),(3065,311,'309'),(3066,311,'310'),(3454,318,'320'),(3455,318,'321'),(3531,318,'345'),(3398,319,'320'),(3399,319,'321'),(3530,319,'345'),(3395,320,'318'),(3396,320,'319'),(3397,320,'321'),(3532,320,'345'),(3392,321,'318'),(3393,321,'319'),(3394,321,'320'),(3533,321,'345'),(3534,322,'345'),(3592,325,'349'),(3922,345,'232'),(3923,345,'318'),(3924,345,'319'),(3925,345,'320'),(3926,345,'321'),(3927,345,'322'),(3928,345,'346'),(3564,346,'345'),(4360,347,'270'),(4361,347,'271'),(4362,347,'272'),(4363,347,'348'),(4489,348,'270'),(4490,348,'271'),(4491,348,'272'),(4492,348,'347'),(3594,349,'171'),(3595,349,'325'),(3718,351,'172'),(4148,354,'356'),(4149,354,'357'),(4150,354,'358'),(4144,355,'356'),(4145,355,'357'),(4146,355,'358'),(4147,355,'359'),(4138,356,'354'),(4139,356,'355'),(4140,356,'357'),(4141,356,'358'),(4142,356,'359'),(4128,357,'354'),(4129,357,'355'),(4130,357,'356'),(4131,357,'358'),(4132,357,'359'),(4496,358,'354'),(4497,358,'355'),(4498,358,'356'),(4499,358,'357'),(4493,359,'355'),(4494,359,'356'),(4495,359,'357'),(4143,360,'269');

--
-- Table structure for table `s_articles_similar_shown_ro`
--

CREATE TABLE `s_articles_similar_shown_ro` (
  `id` int(11) NOT NULL AUTO_INCREMENT,
  `article_id` int(11) unsigned NOT NULL,
  `related_article_id` int(11) NOT NULL,
  `viewed` int(11) unsigned NOT NULL DEFAULT '0',
  `init_date` datetime NOT NULL,
  PRIMARY KEY (`id`),
  UNIQUE KEY `viewed_combination` (`article_id`,`related_article_id`),
  KEY `viewed` (`viewed`,`related_article_id`,`article_id`)
) ENGINE=InnoDB DEFAULT CHARSET=utf8 COLLATE=utf8_unicode_ci;

--
-- Dumping data for table `s_articles_similar_shown_ro`
--


--
-- Table structure for table `s_articles_supplier`
--

CREATE TABLE `s_articles_supplier` (
  `id` int(11) NOT NULL AUTO_INCREMENT,
  `name` varchar(100) COLLATE utf8_unicode_ci NOT NULL,
  `img` varchar(100) COLLATE utf8_unicode_ci NOT NULL,
  `link` varchar(100) COLLATE utf8_unicode_ci NOT NULL,
  `description` longtext COLLATE utf8_unicode_ci,
  `meta_title` varchar(255) COLLATE utf8_unicode_ci DEFAULT NULL,
  `meta_description` varchar(255) COLLATE utf8_unicode_ci DEFAULT NULL,
  `meta_keywords` varchar(255) COLLATE utf8_unicode_ci DEFAULT NULL,
  PRIMARY KEY (`id`)
) ENGINE=InnoDB AUTO_INCREMENT=3 DEFAULT CHARSET=utf8 COLLATE=utf8_unicode_ci;

--
-- Dumping data for table `s_articles_supplier`
--

INSERT INTO `s_articles_supplier` VALUES (1,'Klevermesse','','',NULL,NULL,NULL,NULL),(2,'Klever GmbH','','',NULL,NULL,NULL,NULL);

--
-- Table structure for table `s_articles_supplier_attributes`
--

CREATE TABLE `s_articles_supplier_attributes` (
  `id` int(11) NOT NULL AUTO_INCREMENT,
  `supplierID` int(11) DEFAULT NULL,
  PRIMARY KEY (`id`),
  UNIQUE KEY `supplierID` (`supplierID`),
  CONSTRAINT `s_articles_supplier_attributes_ibfk_1` FOREIGN KEY (`supplierID`) REFERENCES `s_articles_supplier` (`id`) ON DELETE CASCADE ON UPDATE NO ACTION
) ENGINE=InnoDB DEFAULT CHARSET=utf8 COLLATE=utf8_unicode_ci;

--
-- Dumping data for table `s_articles_supplier_attributes`
--


--
-- Table structure for table `s_articles_top_seller_ro`
--

CREATE TABLE `s_articles_top_seller_ro` (
  `id` int(11) NOT NULL AUTO_INCREMENT,
  `article_id` int(11) unsigned NOT NULL,
  `sales` int(11) unsigned NOT NULL DEFAULT '0',
  `last_cleared` datetime DEFAULT NULL,
  PRIMARY KEY (`id`),
  UNIQUE KEY `article_id` (`article_id`),
  KEY `sales` (`sales`),
  KEY `listing_query` (`sales`,`article_id`)
) ENGINE=InnoDB AUTO_INCREMENT=5407 DEFAULT CHARSET=utf8 COLLATE=utf8_unicode_ci;

--
-- Dumping data for table `s_articles_top_seller_ro`
--

INSERT INTO `s_articles_top_seller_ro` VALUES (18,5,0,'2014-11-07 12:01:14'),(19,6,0,'2014-11-07 12:01:24'),(21,7,0,'2014-11-07 12:01:39'),(22,8,0,'2014-11-07 12:01:48'),(37,1,0,'2014-11-18 12:26:32'),(38,2,0,'2014-11-18 12:26:32'),(39,3,0,'2014-11-18 12:26:32'),(40,4,0,'2014-11-18 12:26:32'),(42,9,0,'2014-11-18 14:32:44'),(49,11,0,'2014-11-18 16:31:25'),(54,12,0,'2014-11-18 16:41:08'),(59,13,0,'2014-11-18 16:43:41'),(61,14,0,'2014-11-18 16:46:52'),(64,15,0,'2014-11-18 16:59:52'),(67,16,0,'2014-11-18 17:01:56'),(70,17,0,'2014-11-18 17:04:52'),(76,19,0,'2014-11-19 09:41:48'),(88,10,0,'2014-11-19 11:05:48'),(91,18,0,'2014-11-19 11:14:36'),(139,29,0,'2014-11-19 12:32:29'),(140,30,0,'2014-11-19 12:32:55'),(382,24,0,'2014-11-24 09:10:09'),(406,52,0,'2014-11-24 09:38:54'),(446,89,0,'2014-11-24 10:35:32'),(530,28,0,'2014-11-25 19:18:59'),(531,26,0,'2014-11-25 19:33:39'),(538,25,0,'2014-11-26 10:00:33'),(550,79,0,'2014-11-26 11:26:55'),(552,78,0,'2014-11-26 11:28:29'),(554,77,0,'2014-11-26 11:30:54'),(557,76,0,'2014-11-26 11:32:55'),(585,65,0,'2014-11-28 09:05:29'),(586,66,0,'2014-11-28 09:08:26'),(796,139,0,'2015-01-16 19:04:36'),(817,138,0,'2015-01-22 15:26:08'),(1161,129,0,'2015-02-26 12:25:09'),(1210,226,0,'2015-03-02 12:10:47'),(1213,227,0,'2015-03-02 12:22:14'),(1291,238,0,'2015-03-27 14:20:06'),(1297,239,0,'2015-03-27 14:37:43'),(1305,240,0,'2015-03-27 15:18:45'),(1391,132,0,'2015-04-02 14:48:04'),(1710,242,0,'2015-04-27 14:51:27'),(1897,241,0,'2015-07-09 16:04:32'),(1906,134,0,'2015-07-09 16:44:33'),(1925,261,0,'2015-07-24 15:24:01'),(2091,174,0,'2015-08-20 14:13:37'),(2202,197,0,'2015-08-21 08:59:16'),(2213,196,0,'2015-08-21 09:16:25'),(2242,161,0,'2015-08-24 08:34:08'),(2244,160,0,'2015-08-24 08:35:30'),(2276,195,0,'2015-08-24 10:50:25'),(2280,162,0,'2015-08-24 11:06:09'),(2282,163,0,'2015-08-24 11:06:09'),(2283,165,0,'2015-08-24 11:06:09'),(2286,158,0,'2015-08-24 11:07:44'),(2287,159,0,'2015-08-24 11:07:44'),(2295,186,0,'2015-08-24 11:23:50'),(2362,192,0,'2015-08-24 12:32:38'),(2364,193,8,'2017-09-29 16:02:16'),(2365,194,0,'2015-08-24 12:34:21'),(2369,207,0,'2015-08-24 12:40:05'),(2396,205,0,'2015-08-24 13:00:32'),(2398,204,0,'2015-08-24 13:00:53'),(2401,203,0,'2015-08-24 13:01:19'),(2424,202,0,'2015-08-24 13:26:56'),(2428,200,0,'2015-08-24 13:28:14'),(2430,199,0,'2015-08-24 13:28:30'),(2437,80,0,'2015-08-24 13:30:05'),(2459,235,0,'2015-08-24 13:51:26'),(2482,246,0,'2015-08-24 15:25:59'),(2485,244,0,'2015-08-24 15:27:14'),(2487,245,0,'2015-08-24 15:28:25'),(2489,243,0,'2015-08-24 15:29:30'),(2522,250,0,'2015-08-25 11:37:02'),(2536,157,0,'2015-08-25 11:49:26'),(2539,156,0,'2015-08-25 11:52:31'),(2846,136,0,'2015-08-27 09:00:17'),(2866,198,0,'2015-08-27 10:01:37'),(2874,185,0,'2015-08-27 10:04:51'),(2978,247,0,'2015-08-27 15:58:50'),(2983,123,0,'2015-08-27 16:04:45'),(2991,122,0,'2015-08-27 16:08:21'),(2996,120,0,'2015-08-27 16:11:27'),(3039,119,0,'2015-08-28 10:27:49'),(3044,114,0,'2015-08-28 10:37:39'),(3049,115,0,'2015-08-28 10:46:44'),(3054,116,1,'2016-11-07 22:02:43'),(3058,117,0,'2015-08-28 10:55:35'),(3071,125,0,'2015-08-28 11:04:34'),(3076,124,0,'2015-08-28 11:05:44'),(3087,81,0,'2015-08-28 11:15:32'),(3117,229,0,'2015-08-28 11:32:29'),(3127,221,0,'2015-08-28 11:37:54'),(3132,190,0,'2015-08-28 11:39:02'),(3135,189,0,'2015-08-28 11:40:18'),(3137,188,0,'2015-08-28 13:33:37'),(3142,187,0,'2015-08-28 13:47:45'),(3146,184,0,'2015-08-28 13:51:22'),(3150,183,0,'2015-08-28 14:00:02'),(3220,182,0,'2015-08-31 11:41:38'),(3225,181,0,'2015-08-31 11:43:21'),(3255,167,0,'2015-08-31 12:05:28'),(3257,166,0,'2015-08-31 12:05:48'),(3258,112,0,'2015-08-31 12:06:04'),(3270,106,0,'2015-08-31 12:08:15'),(3403,273,0,'2015-09-11 15:12:56'),(3405,180,0,'2015-09-11 15:16:29'),(3458,128,0,'2015-09-29 13:29:23'),(3494,147,0,'2015-10-22 13:22:23'),(3495,148,0,'2015-10-22 13:23:24'),(3496,149,0,'2015-10-22 13:24:40'),(3497,150,0,'2015-10-22 13:25:54'),(3498,151,0,'2015-10-22 13:26:56'),(3502,153,0,'2015-10-22 13:28:27'),(3503,152,0,'2015-10-22 13:30:11'),(3514,61,0,'2015-10-26 10:34:15'),(3516,60,0,'2015-10-26 10:35:25'),(3518,59,0,'2015-10-26 10:37:08'),(3762,295,0,'2015-11-17 08:47:27'),(3763,296,0,'2015-11-17 08:47:27'),(3764,294,0,'2015-11-17 08:47:27'),(3765,297,0,'2015-11-17 09:06:42'),(3767,281,0,'2015-11-18 09:15:13'),(3790,260,0,'2015-11-18 13:35:02'),(3793,254,0,'2015-11-18 13:37:26'),(3794,253,0,'2015-11-18 13:37:51'),(3822,259,0,'2015-11-19 14:41:25'),(3823,258,0,'2015-11-19 14:41:40'),(3824,256,0,'2015-11-19 14:41:50'),(3842,68,0,'2015-12-02 13:49:46'),(3844,298,0,'2015-12-07 09:56:40'),(3899,284,1,'2017-11-14 10:51:27'),(3900,283,0,'2016-01-25 13:57:53'),(3901,282,0,'2016-01-25 13:58:29'),(3902,280,0,'2016-01-25 14:01:21'),(3903,279,0,'2016-01-25 14:01:45'),(3904,278,0,'2016-01-25 14:03:11'),(3905,277,0,'2016-01-25 14:05:56'),(3914,252,0,'2016-02-03 09:31:43'),(3918,249,0,'2016-02-03 10:26:33'),(3930,248,0,'2016-02-09 10:45:55'),(3931,251,0,'2016-02-09 10:46:43'),(3994,306,0,'2016-02-15 13:48:04'),(3995,307,0,'2016-02-15 13:48:32'),(3997,308,0,'2016-02-15 13:49:24'),(4011,305,0,'2016-02-16 09:21:35'),(4031,309,0,'2016-02-16 15:00:20'),(4038,310,0,'2016-02-25 13:20:06'),(4072,45,0,'2016-03-01 14:02:58'),(4073,46,0,'2016-03-01 14:03:52'),(4074,48,0,'2016-03-01 14:04:46'),(4111,126,0,'2016-03-01 14:43:56'),(4122,304,0,'2016-03-01 15:22:01'),(4123,303,0,'2016-03-01 15:22:35'),(4124,311,0,'2016-03-01 15:23:50'),(4126,64,0,'2016-03-04 14:02:52'),(4139,315,0,'2016-03-10 18:11:45'),(4148,316,0,'2016-03-10 18:37:32'),(4165,176,0,'2016-03-22 14:35:23'),(4166,175,0,'2016-03-22 14:35:46'),(4167,173,0,'2016-03-22 14:36:04'),(4168,108,0,'2016-03-24 10:47:14'),(4169,107,0,'2016-03-24 10:58:06'),(4291,324,0,'2016-04-12 13:25:24'),(4314,326,0,'2016-04-20 14:55:52'),(4325,328,0,'2016-05-12 15:12:54'),(4437,338,0,'2016-06-22 09:55:34'),(4449,155,0,'2016-07-01 14:49:52'),(4450,154,0,'2016-07-01 14:49:55'),(4465,146,0,'2016-07-05 13:13:27'),(4506,339,0,'2016-07-11 09:44:23'),(4513,340,0,'2016-07-11 10:28:28'),(4540,142,0,'2016-07-12 10:14:10'),(4544,327,0,'2016-07-13 14:50:29'),(4552,293,0,'2016-07-13 14:54:31'),(4553,292,0,'2016-07-13 14:54:52'),(4554,291,0,'2016-07-13 14:55:16'),(4555,290,0,'2016-07-13 14:55:45'),(4556,289,0,'2016-07-13 14:56:07'),(4557,288,0,'2016-07-13 14:56:28'),(4558,287,0,'2016-07-13 14:56:56'),(4560,285,0,'2016-07-13 14:57:58'),(4561,234,0,'2016-07-13 14:58:25'),(4562,233,0,'2016-07-13 14:59:03'),(4564,231,0,'2016-07-13 14:59:41'),(4565,230,0,'2016-07-13 15:00:06'),(4566,224,0,'2016-07-13 15:00:32'),(4567,223,0,'2016-07-13 15:00:57'),(4568,222,0,'2016-07-13 15:01:22'),(4569,220,0,'2016-07-13 15:02:02'),(4570,219,0,'2016-07-13 15:02:35'),(4571,218,0,'2016-07-13 15:03:03'),(4572,217,0,'2016-07-13 15:03:42'),(4573,211,0,'2016-07-13 15:04:24'),(4574,216,0,'2016-07-13 15:05:47'),(4575,215,0,'2016-07-13 15:06:07'),(4576,214,0,'2016-07-13 15:06:27'),(4577,286,0,'2016-07-13 15:07:03'),(4578,213,0,'2016-07-13 15:07:28'),(4579,212,0,'2016-07-13 15:07:45'),(4580,209,0,'2016-07-13 15:08:23'),(4581,208,0,'2016-07-13 15:08:49'),(4583,169,0,'2016-07-13 15:09:39'),(4591,168,0,'2016-09-01 10:05:17'),(4605,323,0,'2016-09-06 14:12:27'),(4611,113,0,'2016-09-07 14:31:26'),(4619,170,0,'2016-09-26 15:24:38'),(4635,179,0,'2016-09-28 12:46:13'),(4645,177,0,'2016-09-28 14:51:37'),(4646,109,0,'2016-09-28 15:19:22'),(4648,343,0,'2016-10-04 14:52:33'),(4668,334,0,'2016-10-27 11:17:51'),(4671,302,0,'2016-10-27 11:18:42'),(4702,232,0,'2016-10-31 10:09:40'),(4703,319,0,'2016-10-31 10:09:40'),(4704,318,0,'2016-10-31 10:09:40'),(4705,320,0,'2016-10-31 10:09:40'),(4706,321,0,'2016-10-31 10:09:40'),(4707,322,0,'2016-10-31 10:09:40'),(4772,325,0,'2016-11-11 13:28:14'),(4775,349,0,'2016-11-11 15:17:29'),(4812,172,0,'2016-12-08 14:08:24'),(4828,352,0,'2016-12-13 15:18:30'),(4852,63,0,'2017-01-02 13:23:56'),(4860,83,0,'2017-01-03 14:17:45'),(4861,82,1,'2017-06-21 12:20:54'),(4875,164,0,'2017-01-11 13:45:21'),(4876,351,0,'2017-01-19 10:19:23'),(4878,127,0,'2017-01-24 14:39:23'),(4880,314,0,'2017-01-24 14:40:48'),(4881,84,0,'2017-01-24 15:06:44'),(4891,171,0,'2017-02-17 10:30:44'),(4898,313,1,'2017-03-15 13:43:39'),(4899,275,0,'2017-04-04 11:38:11'),(4900,276,0,'2017-04-04 11:38:25'),(4901,329,0,'2017-04-04 11:39:26'),(4902,333,0,'2017-04-05 15:09:13'),(4903,332,0,'2017-04-05 15:15:18'),(4905,331,0,'2017-04-06 11:13:16'),(4909,255,0,'2017-04-06 11:40:27'),(4964,353,0,'2017-04-25 09:44:28'),(4965,350,0,'2017-04-25 09:44:30'),(4972,36,0,'2017-04-25 10:26:50'),(4973,346,0,'2017-04-25 10:28:24'),(4977,135,0,'2017-04-25 10:33:50'),(5002,43,0,'2017-04-25 12:51:03'),(5010,345,0,'2017-04-25 13:39:23'),(5032,140,0,'2017-04-26 12:56:46'),(5034,144,0,'2017-04-26 12:59:14'),(5035,137,0,'2017-04-26 12:59:47'),(5036,141,0,'2017-04-26 13:00:09'),(5058,269,0,'2017-05-10 13:02:41'),(5111,330,0,'2018-01-20 19:18:24'),(5126,268,0,'2018-01-20 19:59:24'),(5127,267,0,'2018-01-20 20:00:18'),(5128,266,0,'2018-01-20 20:01:03'),(5129,265,0,'2018-01-20 20:01:42'),(5130,264,0,'2018-01-20 20:02:43'),(5131,263,0,'2018-01-20 20:03:15'),(5132,262,0,'2018-01-20 20:03:48'),(5133,236,0,'2018-01-20 20:04:23'),(5135,101,0,'2018-01-20 20:05:28'),(5136,100,0,'2018-01-20 20:06:05'),(5137,99,0,'2018-01-20 20:06:45'),(5138,98,0,'2018-01-20 20:07:20'),(5139,97,0,'2018-01-20 20:07:56'),(5141,96,0,'2018-01-20 20:08:38'),(5144,95,0,'2018-01-20 20:35:13'),(5150,105,0,'2018-01-20 20:43:30'),(5151,104,0,'2018-01-20 20:43:57'),(5156,357,0,'2018-01-20 20:49:59'),(5158,356,0,'2018-01-20 20:50:46'),(5159,363,0,'2018-01-21 10:50:18'),(5160,362,0,'2018-01-21 10:51:37'),(5161,360,0,'2018-01-21 10:52:35'),(5162,355,0,'2018-01-21 10:54:01'),(5163,354,0,'2018-01-21 10:54:48'),(5164,344,0,'2018-01-21 11:52:42'),(5165,257,0,'2018-01-21 19:53:53'),(5166,237,0,'2018-01-21 19:54:28'),(5167,191,0,'2018-01-21 19:55:33'),(5168,103,0,'2018-01-21 19:56:25'),(5169,74,0,'2018-01-21 19:56:58'),(5170,73,0,'2018-01-21 19:57:27'),(5171,72,0,'2018-01-21 19:57:52'),(5172,71,0,'2018-01-21 19:58:16'),(5173,70,0,'2018-01-21 19:59:55'),(5174,69,0,'2018-01-21 20:00:25'),(5175,342,0,'2018-01-21 20:01:14'),(5176,341,0,'2018-01-21 20:01:43'),(5177,337,0,'2018-01-21 20:02:18'),(5178,336,0,'2018-01-21 20:02:46'),(5179,335,0,'2018-01-21 20:03:16'),(5180,75,0,'2018-01-21 20:03:44'),(5181,317,0,'2018-01-21 20:04:16'),(5183,145,0,'2018-01-21 20:06:08'),(5184,143,0,'2018-01-21 20:06:37'),(5185,90,0,'2018-01-21 20:07:39'),(5186,85,0,'2018-01-21 20:08:09'),(5197,42,0,'2018-01-21 20:15:50'),(5217,94,0,'2018-01-21 21:57:53'),(5218,93,0,'2018-01-21 21:59:37'),(5219,92,0,'2018-01-21 22:01:20'),(5220,91,0,'2018-01-21 22:02:37'),(5256,20,0,'2018-02-04 19:19:16'),(5258,21,0,'2018-02-04 19:34:17'),(5265,130,0,'2018-02-04 20:05:42'),(5267,131,0,'2018-02-04 20:06:40'),(5269,225,0,'2018-02-04 20:12:43'),(5275,361,0,'2018-02-04 20:20:29'),(5277,301,0,'2018-02-04 20:21:27'),(5278,300,0,'2018-02-04 20:21:55'),(5280,299,0,'2018-02-04 20:22:57'),(5287,22,0,'2018-02-04 20:38:34'),(5303,178,0,'2018-02-04 21:59:38'),(5309,270,0,'2018-02-04 22:45:17'),(5311,271,0,'2018-02-04 23:01:45'),(5315,347,0,'2018-02-04 23:11:48'),(5318,272,0,'2018-02-04 23:21:35'),(5322,31,0,'2018-02-05 00:11:42'),(5323,32,0,'2018-02-05 00:16:13'),(5324,33,0,'2018-02-05 00:26:21'),(5325,34,0,'2018-02-05 07:31:47'),(5326,37,0,'2018-02-05 07:35:53'),(5327,38,0,'2018-02-05 07:37:50'),(5328,39,0,'2018-02-05 07:44:26'),(5330,40,0,'2018-02-05 08:02:10'),(5331,41,0,'2018-02-05 08:04:28'),(5332,44,0,'2018-02-05 08:07:16'),(5333,35,0,'2018-02-05 08:08:55'),(5336,133,0,'2018-02-05 08:10:08'),(5338,54,0,'2018-02-05 08:14:24'),(5342,55,0,'2018-02-05 20:34:21'),(5345,56,0,'2018-02-05 20:39:47'),(5350,57,0,'2018-02-05 20:54:21'),(5355,58,0,'2018-02-05 21:03:12'),(5356,62,0,'2018-02-05 21:04:57'),(5363,67,0,'2018-02-05 21:55:32'),(5364,348,0,'2018-02-05 21:56:21'),(5367,359,0,'2018-02-05 21:57:26'),(5368,358,0,'2018-02-05 21:57:52'),(5373,23,0,'2018-02-05 22:17:19'),(5374,49,0,'2018-02-05 22:19:38'),(5377,50,0,'2018-02-05 22:21:37'),(5379,51,0,'2018-02-05 22:25:09'),(5383,53,0,'2018-02-05 22:36:16'),(5387,274,0,'2018-02-05 22:49:01'),(5390,312,0,'2018-02-05 22:56:02'),(5396,364,0,'2018-02-06 11:18:52'),(5397,102,0,'2018-02-06 11:19:17'),(5399,228,0,'2018-02-06 11:25:58'),(5403,88,0,'2018-02-06 11:32:35'),(5405,87,0,'2018-02-06 11:34:19'),(5406,86,0,'2018-02-06 11:39:55');

--
-- Table structure for table `s_articles_translations`
--

CREATE TABLE `s_articles_translations` (
  `id` int(11) NOT NULL AUTO_INCREMENT,
  `articleID` int(11) NOT NULL,
  `languageID` int(11) NOT NULL,
  `name` varchar(255) COLLATE utf8_unicode_ci NOT NULL,
  `keywords` mediumtext COLLATE utf8_unicode_ci NOT NULL,
  `description` mediumtext COLLATE utf8_unicode_ci NOT NULL,
  `description_long` mediumtext COLLATE utf8_unicode_ci NOT NULL,
  `description_clear` mediumtext COLLATE utf8_unicode_ci NOT NULL,
  `attr1` varchar(255) COLLATE utf8_unicode_ci NOT NULL,
  `attr2` varchar(255) COLLATE utf8_unicode_ci NOT NULL,
  `attr3` varchar(255) COLLATE utf8_unicode_ci NOT NULL,
  `attr4` varchar(255) COLLATE utf8_unicode_ci NOT NULL,
  `attr5` varchar(255) COLLATE utf8_unicode_ci NOT NULL,
  PRIMARY KEY (`id`),
  UNIQUE KEY `articleID` (`articleID`,`languageID`)
) ENGINE=InnoDB DEFAULT CHARSET=utf8 COLLATE=utf8_unicode_ci;

--
-- Dumping data for table `s_articles_translations`
--


--
-- Table structure for table `s_articles_vote`
--

CREATE TABLE `s_articles_vote` (
  `id` int(11) NOT NULL AUTO_INCREMENT,
  `articleID` int(11) NOT NULL,
  `name` varchar(255) COLLATE utf8_unicode_ci NOT NULL,
  `headline` varchar(255) COLLATE utf8_unicode_ci NOT NULL,
  `comment` mediumtext COLLATE utf8_unicode_ci NOT NULL,
  `points` double NOT NULL,
  `datum` datetime NOT NULL,
  `active` int(11) NOT NULL,
  `email` varchar(255) COLLATE utf8_unicode_ci NOT NULL,
  `answer` text COLLATE utf8_unicode_ci NOT NULL,
  `answer_date` datetime NOT NULL,
  PRIMARY KEY (`id`),
  KEY `articleID` (`articleID`),
  KEY `get_articles_votes` (`articleID`,`active`,`datum`)
) ENGINE=InnoDB DEFAULT CHARSET=utf8 COLLATE=utf8_unicode_ci;

--
-- Dumping data for table `s_articles_vote`
--


--
-- Table structure for table `s_billing_template`
--

CREATE TABLE `s_billing_template` (
  `ID` int(11) NOT NULL AUTO_INCREMENT,
  `name` varchar(255) COLLATE utf8_unicode_ci NOT NULL,
  `value` mediumtext COLLATE utf8_unicode_ci NOT NULL,
  `typ` mediumint(11) NOT NULL,
  `group` varchar(255) COLLATE utf8_unicode_ci NOT NULL,
  `desc` varchar(255) COLLATE utf8_unicode_ci NOT NULL,
  `position` int(11) NOT NULL,
  `show` int(1) NOT NULL DEFAULT '1',
  PRIMARY KEY (`ID`)
) ENGINE=InnoDB AUTO_INCREMENT=23 DEFAULT CHARSET=utf8 COLLATE=utf8_unicode_ci;

--
-- Dumping data for table `s_billing_template`
--

INSERT INTO `s_billing_template` VALUES (1,'top','1cm',2,'margin','Seitenabstand oben',0,1),(2,'right','0.81cm',2,'margin','Seitenrand rechts',0,1),(3,'bottom','0cm',2,'margin','Seitenabstand unten',0,1),(4,'left','2.41cm',2,'margin','Seitenabstand links',0,1),(5,'top2','5cm',2,'header','Logohöhe',6,1),(7,'margin','1cm',2,'headline','Überschrift Abstand zur Anschrift',0,1),(8,'left','0cm',2,'sender','Abstand links (negativ Wert möglich)',0,1),(9,'footer','<table style=\"height: 90px;\" border=\"0\" width=\"100%\">\r\n<tbody>\r\n<tr valign=\"top\">\r\n<td style=\"width: 25%;\">\r\n<p><span style=\"font-size: xx-small;\">Demo GmbH</span></p>\r\n<p><span style=\"font-size: xx-small;\">Steuer-Nr <br />UST-ID: <br />Finanzamt </span><span style=\"font-size: xx-small;\">Musterstadt</span></p>\r\n</td>\r\n<td style=\"width: 25%;\">\r\n<p><span style=\"font-size: xx-small;\">Bankverbindung</span></p>\r\n<p><span style=\"font-size: xx-small;\">Sparkasse Musterstadt<br />BLZ: <br />Konto: </span></p>\r\n<span style=\"font-size: xx-small;\">aaaa<br /></span></td>\r\n<td style=\"width: 25%;\">\r\n<p><span style=\"font-size: xx-small;\">AGB<br /></span></p>\r\n<p><span style=\"font-size: xx-small;\">Gerichtsstand ist Musterstadt<br />Erf&uuml;llungsort Musterstadt<br />Gelieferte Ware bleibt bis zur vollst&auml;ndigen Bezahlung unser Eigentum</span></p>\r\n</td>\r\n<td style=\"width: 25%;\">\r\n<p><span style=\"font-size: xx-small;\">Gesch&auml;ftsf&uuml;hrer</span></p>\r\n<p><span style=\"font-size: xx-small;\">Max Mustermann</span></p>\r\n</td>\r\n</tr>\r\n</tbody>\r\n</table>',1,'footer','Fusszeile',2,1),(13,'right','<p><strong>Demo GmbH </strong><br /> Max Mustermann<br /> Stra&szlig;e 3<br /> 00000 Musterstadt<br /> Fon: 01234 / 56789<br /> Fax: 01234 / 56780<br />info@demo.de<br />www.demo.de</p>',1,'header','Briefkopf rechts',9,1),(14,'sender','Demo GmbH - Straße 3 - 00000 Musterstadt',2,'sender','Absender',0,1),(15,'left','100px',2,'footer','Abstand links',0,1),(16,'bottom','100px',2,'footer','Abstand unten',1,1),(17,'number','10',2,'content_middle','Anzahl angezeigter Postionen',2,1),(18,'text','',1,'content_middle','Freitext',4,1),(19,'height','12cm',2,'content_middle','Inhaltsabstand zum obigen Seitenrand',0,1),(20,'top','<p><img src=\"http://www.shopwaredemo.de/eMail_logo.jpg\" alt=\"\" width=\"393\" height=\"78\" /></p>',1,'header','Logo oben',7,1),(21,'top','1cm',2,'sender','Abstand unten zum Logo (negativ Wert möglich)',0,1),(22,'margin','2.2cm',2,'header','Abstand rechts (negativ Wert möglich)',8,1);

--
-- Table structure for table `s_blog`
--

CREATE TABLE `s_blog` (
  `id` int(11) unsigned NOT NULL AUTO_INCREMENT,
  `title` varchar(255) COLLATE utf8_unicode_ci NOT NULL,
  `author_id` int(11) DEFAULT NULL,
  `active` int(1) NOT NULL,
  `short_description` text COLLATE utf8_unicode_ci NOT NULL,
  `description` mediumtext COLLATE utf8_unicode_ci NOT NULL,
  `views` int(11) unsigned DEFAULT NULL,
  `display_date` datetime NOT NULL,
  `category_id` int(11) unsigned DEFAULT NULL,
  `template` varchar(255) COLLATE utf8_unicode_ci NOT NULL,
  `meta_keywords` varchar(255) COLLATE utf8_unicode_ci DEFAULT NULL,
  `meta_description` varchar(150) COLLATE utf8_unicode_ci DEFAULT NULL,
  `meta_title` varchar(255) COLLATE utf8_unicode_ci DEFAULT NULL,
  PRIMARY KEY (`id`),
  KEY `emotion_get_blog_entry` (`display_date`)
) ENGINE=InnoDB AUTO_INCREMENT=36 DEFAULT CHARSET=utf8 COLLATE=utf8_unicode_ci;

--
-- Dumping data for table `s_blog`
--

INSERT INTO `s_blog` VALUES (23,'20% Nachdruck Aktion',NULL,1,'Erhalten Sie 20% Rabatt auf Roll Up\'s, Pop Up- oder Textil Displays, Messetheken und L-X Banner. Nur diesen Januar!','<p>Sie erhalten auf alle Nachdrucke <strong>(auch Fremdsysteme)</strong>, ob Roll Up\'s, Pop Up- oder Textil Displays, Messetheken und L-X Banner 20% Rabatt!</p>\n<p>Wir verwenden das ECO-Solventdruck Verfahren.</p>\n<ul>\n<li>geringe Mengen organischer L&ouml;semittel als Bindemittel der Pigmente</li>\n<li>hohe UV-Best&auml;ndigkeit</li>\n<li>absolut wasserfest</li>\n<li>kratzfest</li>\n</ul>\n<p>G&uuml;ltig bis 31.01.2015</p>\n<p>Jetzt Ihr unverbindliches Angebot anfordern!</p>',1007,'2015-01-14 00:00:00',135,'','Messe\nWerbebanner \nWerbesysteme','Erhalten Sie 20% Rabatt auf Roll Up\'s, Pop Up- oder Textil Displays, Messetheken und L-X Banner. Nur diesen Januar!','Alles für ihren Messeauftritt jetzt mit 20% Nachdruck Aktion'),(24,'Nachdruck - Rückhol - Aktion',51,1,'Wir holen Ihre Systeme kostenlos ab ! ','<p>R&uuml;ckhol - Aktion, so einfach geht\'s:</p>\n<p>1. Wir holen Ihr Roll Banner Sytem ab</p>\n<p>2. Sie stellen uns Ihr neues Motiv</p>\n<p>3. Wir bauen Ihr altes Banner aus</p>\n<p>4. Drucken Ihr neues Motiv</p>\n<p>5. Bauen das neue Banner in Ihre Roll Up Kassette wieder ein&nbsp;</p>\n<p>6.Und schicken es wieder zu Ihnen&nbsp;</p>\n<p>So einfach geht\'s !</p>\n<p>Einfach Anfragen &uuml;ber unser Kontaktformular.</p>',92,'2015-01-16 21:00:00',135,'','Digitaldruck für bestehendes Roll Up\nRollbanner \nRoll Display \nBanner digitaldruck\nsolventdruck\nlatexdruck\nsublimationsdruck','Nachdruck - Rückhol - Aktion, so einfach geht\'s:\n','Rückhl - Aktion'),(25,'Pop Up Mag Messe Set I',51,1,'Messe Set bestehend aus Faltdisplay Pop Up Mag 3 x 3 Felder inkl. 4c Farbdruck, Messetheke mit Tischplatte inkl. 4c Farbdruck, 2x Halogenstrahler und Prospektständer ZickZack.','<p align=\"justify\">Kompletter mobiler, faltbarer Messestand bestehend aus einem Alu-Faltdisplay Pop Up Mag 3 x 3, einem Hardcase als Theke umfunktionierbar&nbsp;und einem Prospekthalter ZickZack&nbsp;mit 6x zick-zack A4 Ablagefl&auml;chen.</p>\n<p>Die Messewand PopUp MAG ist unser Deluxe-Modell für die mobile Messepräsentation. Das Scherengittersystem wird mittels Magnetverbindern verriegelt und gewährleistet einen sicheren und stabilen Stand. Die vertikalen Aluminium- Schienen sind mit zwei, sich absto&szlig;enden, magnetischen Kontaktstreifen ausgerüstet, an denen sich das Magnetband auf der Rückseite der Druckbahnen von alleine ausrichtet. Spalten und Schlitze zwischen den einzelnen Bahnen gehören damit der Vergangenheit an. F&uuml;r den sicheren Transport zum Einsatzort liefern wir Ihnen das PopUp MAG inklusive Transportkoffer. Sie k&ouml;nnen den Koffer in eine Theke umfunktionieren, mittels einer Tischplatte und einer Frontbahn mit Digitaldruck, die mit Klettband und Flausch konfektioniert ist.</p>\n<p>Material: Aluminium</p>\n<ul class=\"ui-tabs-nav ui-helper-reset ui-helper-clearfix ui-widget-header ui-corner-all\">\n<li>Magnetschienen mit 10mm-Doppelmagneten</li>\n<li>mattschwarzer pulverbeschichteter Aluminiumrahmen mit Schraubverbindungen</li>\n<li>selbstschlie&szlig;end mit 18mm-Magneten</li>\n<li>Hardcase mit Stabilisierungsf&uuml;&szlig;enn</li>\n<li>Mittelabtrennung und Tasche mit Innenfutter zum Schutz der Drucke</li>\n</ul>\n<p>Auffaltbarer Prospektständer mit doppelseitig nutzbaren Ablagefächern aus Acrylglas für die Präsentation von Flyern, Katalogen und Broschüren. Das System wir an der Bodenplatte verriegelt und lässt sich für den Transport inklusive Broschüren zusammenfalten.</p>\n<p>Lieferung im praktischen Pilotenkoffer aus Aluminium.</p>\n<p>Lieferumfang:</p>\n<ul>\n<li>1 x Faltsystem 3 x 3 gebogen oder gerade</li>\n<li>Magnetfaltschienen</li>\n<li>Versteifer</li>\n<li>Magnetband</li>\n<li>5 x Paneele inkl. 4c Farbdruck und fertiger Konfektionierung</li>\n<li>Hardcase</li>\n<li>Hardcase Banderole inkl. 4c Farbdruck</li>\n<li>2 x Halogenstrahler Farbe: Schwarz</li>\n<li>Tischplatte in vier Farben, Schwarz, Holz, Wei&szlig; und Silber w&auml;hlbar</li>\n<li>Prospekthalter ZickZack in drei Farben, Acryl, Holz und Matt w&auml;hlbar</li>\n</ul>\n<p><span style=\"font-size: large;\"><strong>Aktionspreis: 1.051,00&euro; !</strong></span></p>',109,'2015-01-26 14:00:00',135,'','Messe Set, Pop Up Display, Faltwand, Messetheke, Prospektständer, Prospekthalter, Messe Bundle','Messe Set - Bundle Messe-Display, Prospektständer, Theke ab 1.051,00€, inkl. 4c Farbdruck.','Pop Up Mag Messe Set I'),(26,'Neuheit - Deckensysteme für den Innenbereich !',51,1,'Hängen Sie Ihre Werbung einfach auf !\n','<p>Das Deckensystem&nbsp;wird im Gegensatz zu vielen anderen Modellen an der Decke fixiert und imponiert als&nbsp;Blickfang.&nbsp;Dank der gro&szlig;fl&auml;chigen Werbefl&auml;che&nbsp;l&auml;sst sich jede&nbsp;Werbebotschaft&nbsp;entsprechend pr&auml;sentieren. Unser&nbsp;Deckensystem&nbsp;ist sehr einfach in der Handhabung und kann innerhalb von wenigen Minuten und ohne Werkzeug aufgehangen werden.</p>\n<p>Mit der H&ouml;he von 107 cm und Durchmesser von 305 cm f&auml;llt der Deckenh&auml;nger&nbsp;jedem auf Anhieb ins Auge. Dieses System wird verst&auml;rkt in Ladenlokalen, Hallendecken von Messen, Events oder M&auml;rkten an der Decke fixiert.&nbsp;</p>\n<p>Die gro&szlig;fl&auml;chigen Formen, der Deckenbanner lassen viel Spielraum und Gestaltungsfreiheit zu. Alle unsere Deckenh&auml;nger bieten eine Sicht von allen Seiten, sodass&nbsp;Werbebotschaften&nbsp;au&szlig;ergew&ouml;hnlich pr&auml;sentiert werden k&ouml;nnen.</p>\n<p>Jetzt ab 570,00&euro; zzgl. 19% MwSt.&nbsp;</p>\n<p>Fragen Sie uns an !</p>',1016,'2015-02-04 14:00:00',135,'','Deckenhänger Deckenbanner Deckenaufhänger ','Deckenhänger: 570,00€ zzgl. MwSt.. Dreieck- oder kreisförmig inkl. Aufhänger und Digitaldruck.','Deckensystem für Innenbereich'),(27,'Oster-Vorab-Special 2015',51,1,'Unser Oster - Vorab - Special für Sie !','<p>Bis zu Ostermontag haben Sie die M&ouml;glichkeit, auf die von uns ausgew&auml;hlten Produkte, bis zu 50% Rabatt zu erhalten !</p>\n<p>Greifen Sie zu - unser Pop Up Mag Slim System ist eine qualitativ hochwertige Werbefaltwand aus Aluminium.</p>\n<p>Der Unterschied zu den &auml;lteren Versionen ist, Sie m&uuml;ssen die Druckbanen nicht mehr auf die kleinen Haken spannen. Bei KLEVER Messe geht es ganz einfach, durch die Faltmagnetschienen wird die Druckbahn wie von selbst gef&uuml;hrt. Keine Verrenkungen oder Hocker mehr !&nbsp;</p>\n<p><img src=\"http://www.klevermesse.de/media/image/thumbnail/Pop-Up-Mag-Slim-3-x-3_720x600.jpg\" alt=\"\" width=\"516\" height=\"365\" /></p>\n<p>Unser Angebot f&uuml;r Sie: Pop Up Mag Slim 3 x3 gebogen f&uuml;r <strong>nur 722,50&euro;</strong> und das bis Ostermontag!&nbsp;<strong>Inkl. 4 c Farbdruck, Hardcase, 2 x Halogenstrahler.</strong></p>\n<p>Leichte, faltbare Pr&auml;sentations-Theke mit gebogener Form f&uuml;r sekundenschnellen Aufbau an verschiedenen Orten. Die belastbare Konstruktion ist f&uuml;r mehrfachen Auf- und Abbau geeignet. Mithilfe eines Sechskant-Schl&uuml;ssels k&ouml;nnen die PVC-Panele ausgetauscht werden.</p>\n<p><img src=\"http://www.klevermesse.de/media/image/thumbnail/ALU-SPHERE-HALBRUND-THEKE-TRESEN-BAR-1_720x600.jpg\" alt=\"\" width=\"192\" height=\"217\" />&nbsp; &nbsp;&nbsp;<img src=\"http://www.klevermesse.de/media/image/thumbnail/ALU-SPHERE-HALBRUND-THEKE-TRESEN-BAR-2_720x600.jpg\" alt=\"\" width=\"205\" height=\"274\" /></p>\n<p>Unser Angebot f&uuml;r Sie: Alu Sphere Counter f&uuml;r&nbsp;<strong>nur 214,50&euro;</strong>&nbsp;und das bis Ostermontag!&nbsp;<strong>Inkl.Transporttasche.</strong></p>\n<p>Roll Up EXCLUSIVE - die Kombination aus Funktionalität und Design. Die au&szlig;ergewöhnliche Form der Kassette hebt sich von der Masse der typischen&nbsp;Roll-Up Banner&nbsp;Systeme ab. Mithilfe der variablen Standprofile vorne und hinten lässt sich das System bei Bedarf auf eine Bautiefe von 15 cm zusammenklappen. Mit&nbsp;seiner ansprechenden Optik und der hervorragenden Standsicherheit ist es für den Einsatz in schickem Ambiente ausgezeichnet geeignet.</p>\n<p><img src=\"http://www.klevermesse.de/media/image/thumbnail/Roll-Banner-EXCLUSIVE-Roll-Up-Rollup-3_720x600.jpg\" alt=\"\" width=\"146\" height=\"239\" />&nbsp;<img src=\"http://www.klevermesse.de/media/image/thumbnail/Roll-Banner-EXCLUSIVE-Roll-Up-Rollup-1_720x600.jpg\" alt=\"\" width=\"236\" height=\"192\" /></p>\n<p>Unser Angebot f&uuml;r Sie:Roll Up Exclusive 85 x 200cm f&uuml;r&nbsp;<strong>nur 144,50&euro;</strong>&nbsp;und das bis Ostermontag!&nbsp;<strong>Inkl.Transporttasche.</strong></p>\n<p>&nbsp;</p>',188,'2015-03-09 11:45:00',135,'','Briefbögen, Flyer, Grußkarten, Messewände Pop Up Mag Slim, Messetheke, Promotiontheke, Roll Up, Rollbanner Exclusive','Bis zu 50% Rabatt auf die ausgewählten Werbeprodukte !\nNur bis Ostermontag !','KLEVER GmbH Osterspecial !'),(28,'20% Rabatt - Auf Alles',52,1,'20% auf Alle Produkte. Nur diesen April! Jetzt Aktionspreise sichern!','<p><a href=\"alle-artikel/?sSort=2&amp;sPage=1&amp;sPerPage=100\"> <img src=\"/templates/emotion_klevermesse/frontend/_resources/images/20-prozent-small2.jpg\" alt=\"20 Prozent Rabatt Aktion\" /> </a></p>\n<div class=\"sale\"><a href=\"http://www.klevermesse.de/alu-aufsteller\"><img class=\"tinymce-editor-image\" src=\"media/image/alu-aufsteller.jpg\" alt=\"alu-aufsteller\" width=\"203\" height=\"340\" /></a>\n<div>\n<h3><a href=\"http://www.klevermesse.de/alu-aufsteller\">Alu Aufsteller A1</a></h3>\n<div class=\"prices\"><a href=\"http://www.klevermesse.de/alu-aufsteller\"> <span class=\"pseudo\">99,00&nbsp;&euro;</span> </a>\n<p class=\"price brutto pseudoprice\"><a href=\"http://www.klevermesse.de/alu-aufsteller\">79,20 &euro;</a></p>\n<a href=\"http://www.klevermesse.de/alu-aufsteller\"><small class=\"pseudo\">Sie sparen 19,80&nbsp;&euro; (20%)</small></a>\n<p class=\"price netto\">Preis zzgl. 19% MwSt und zzgl. Versandkosten</p>\n</div>\n<div class=\"description\">\n<ul>\n<li>belastbare Konstruktion aus Aluminum und Stahl</li>\n<li>f&uuml;r den Einsatz im Innen- und Au&szlig;enbereich</li>\n<li>Stahlr&uuml;ckwand, rostfrei</li>\n<li>doppelseitig</li>\n<li>Plakatma&szlig; DIN-A1 oder in DIN-A2 erh&auml;ltlich</li>\n<li>Gewicht ca. 9.5 kg</li>\n</ul>\n</div>\n</div>\n</div>\n<div class=\"sale\">\n<div class=\"onright\">\n<div>\n<h3><a href=\"http://www.klevermesse.de/beach-ban\">Beach Ban Small</a></h3>\n<div class=\"prices\"><a href=\"http://www.klevermesse.de/beach-ban\"> <span class=\"pseudo\">145,00&nbsp;&euro;</span> </a>\n<p class=\"price brutto pseudoprice\"><a href=\"http://www.klevermesse.de/beach-ban\">116,00 &euro;</a></p>\n<a href=\"http://www.klevermesse.de/beach-ban\"> <small class=\"pseudo\">Sie sparen 29,00&nbsp;&euro; (20%)</small></a>\n<p class=\"price netto\">Preis zzgl. 19% MwSt und zzgl. Versandkosten</p>\n</div>\n<div class=\"description\">\n<ul>\n<li>Beidseitig bedruckbar</li>\n<li>Geringes Gewicht</li>\n<li>Grafikma&szlig;: 130 x 62cm</li>\n<li>Kein Werkzeug zur Montage erforderlich</li>\n<li>Bodenhalterungen f&uuml;r den Au&szlig;enbereich</li>\n<li>stabile Tragetasche</li>\n</ul>\n</div>\n</div>\n</div>\n<a href=\"http://www.klevermesse.de/beach-ban\"><img class=\"tinymce-editor-image\" src=\"media/image/beach-ban.jpg\" alt=\"Beach Ban Small\" width=\"220\" height=\"168\" /></a></div>\n<div class=\"sale\"><a href=\"http://www.klevermesse.de/mobile-flagge\"><img class=\"tinymce-editor-image\" src=\"http://www.klevermesse.de/media/image/mobile-flagge.jpg\" alt=\"Mobile Flagge 415\" width=\"109\" height=\"389\" /></a>\n<div>\n<h3><a href=\"http://www.klevermesse.de/mobile-flagge\">Mobile Flagge 415</a></h3>\n<div class=\"prices\"><a href=\"http://www.klevermesse.de/mobile-flagge\"> <span class=\"pseudo\">352,00&nbsp;&euro;</span> </a>\n<p class=\"price brutto pseudoprice\"><a href=\"http://www.klevermesse.de/mobile-flagge\">283,00 &euro;</a></p>\n<a href=\"http://www.klevermesse.de/mobile-flagge\"> <small class=\"pseudo\">Sie sparen 69,00&nbsp;&euro; (20%)</small></a>\n<p class=\"price netto\">Preis zzgl. 19% MwSt und zzgl. Versandkosten</p>\n</div>\n<div class=\"description\">\n<ul>\n<li>Gesamtma&szlig;: 415 x 80cm (HxB)</li>\n<li>einsetzbar im Innen- und Au&szlig;enbereich</li>\n<li>verst&auml;rkte Fahnenmaste</li>\n<li>Sublimationsdruck auf CS Fahnenstoff in 115 g/qm</li>\n<li>Gewicht: ca. 12,5 kg</li>\n<li>inkl. Zusatzgewicht zum Straffhalten der Fahne</li>\n<li>inkl. 2 x Transporttasche mit Innenfutter und Rei&szlig;verschlu&szlig;</li>\n</ul>\n</div>\n</div>\n</div>\n<div class=\"sale\">\n<div class=\"onright\">\n<div>\n<h3><a href=\"http://www.klevermesse.de/thunder\">Thunder</a></h3>\n<div class=\"prices\"><a href=\"http://www.klevermesse.de/thunder\"> <span class=\"pseudo\">285,00&nbsp;&euro;</span> </a>\n<p class=\"price brutto pseudoprice\"><a href=\"http://www.klevermesse.de/thunder\"> 228,00 &euro;</a></p>\n<a href=\"http://www.klevermesse.de/thunder\"> <small class=\"pseudo\">Sie sparen 57,00&nbsp;&euro; (20%)</small></a>\n<p class=\"price netto\">Preis zzgl. 19% MwSt und zzgl. Versandkosten</p>\n</div>\n<div class=\"description\">\n<ul>\n<li>Grafikma&szlig;: 202,5 x 90cm (HxB)</li>\n<li>2m Hoch</li>\n<li>Gro&szlig;e Doppelf&uuml;&szlig;e</li>\n<li>Klemmschiene</li>\n<li>Windst&auml;rke 5, wenn gebunden (18-24 Stundenmeilen)</li>\n<li>F&uuml;&szlig;e mit Twist-Lock Verriegelung</li>\n<li>inkl. Erdnagel f&uuml;r Befestigung im Boden</li>\n</ul>\n</div>\n</div>\n</div>\n<a href=\"http://www.klevermesse.de/thunder\"><img class=\"tinymce-editor-image\" src=\"media/image/aussen-banner-thunder.jpg\" alt=\"Thunder\" width=\"170\" height=\"412\" /></a></div>\n<div class=\"sale\"><a href=\"http://www.klevermesse.de/tornado\"><img class=\"tinymce-editor-image\" src=\"media/image/aussen-banner-tornado.jpg\" alt=\"Tornado\" width=\"200\" height=\"494\" /></a>\n<div>\n<h3><a href=\"http://www.klevermesse.de/tornado\">Tornado</a></h3>\n<div class=\"prices\"><a href=\"http://www.klevermesse.de/tornado\"> <span class=\"pseudo\">335,00&nbsp;&euro;</span> </a>\n<p class=\"price brutto pseudoprice\"><a href=\"http://www.klevermesse.de/tornado\">268,00 &euro;</a></p>\n<a href=\"http://www.klevermesse.de/tornado\"> <small class=\"pseudo\">Sie sparen 67,00&nbsp;&euro; (20%)</small></a>\n<p class=\"price netto\">Preis zzgl. 19% MwSt und zzgl. Versandkosten</p>\n</div>\n<div class=\"description\">\n<ul>\n<li>Gesamtma&szlig;: 220 x 102 x 78cm (HxBxT)</li>\n<li>Grafikma&szlig;: 196 x 100cm (HxB)</li>\n<li>Zwei Federstangen f&uuml;r zus&auml;tzl. Windwiderstand</li>\n<li>Grafiken sind leicht zu wechseln/ersetzten - wird mit einem Rolltasche geliefert</li>\n<li>Fu&szlig; f&uuml;llbar mit 28l Wasser</li>\n<li>Grafik befestigt mit selbstklebender Gleitschiene</li>\n<li>Zwei Federstangen f&uuml;r zus&auml;tzl. Windwiderstand</li>\n</ul>\n</div>\n</div>\n</div>\n<div class=\"sale\">\n<div class=\"onright\">\n<div>\n<h3><a href=\"http://www.klevermesse.de/skyflag-drop\">Skyflag Drop 235 inkl. Druck und Erdbohrer</a></h3>\n<div class=\"prices\"><a href=\"http://www.klevermesse.de/skyflag-drop\"> <span class=\"pseudo\">154,00&nbsp;&euro;</span> </a>\n<p class=\"price brutto pseudoprice\"><a href=\"http://www.klevermesse.de/skyflag-drop\">123,20 &euro;</a></p>\n<a href=\"http://www.klevermesse.de/skyflag-drop\"> <small class=\"pseudo\">Sie sparen 30,80&nbsp;&euro; (20%)</small></a>\n<p class=\"price netto\">Preis zzgl. 19% MwSt und zzgl. Versandkosten</p>\n</div>\n<div class=\"description\">\n<ul>\n<li>Gesamth&ouml;he: 235 x 87 cm (HxB)</li>\n<li>Fahnenh&ouml;he: 190 x 87 cm (HxB)</li>\n<li>Klemmring zur Befestigung der Fahne</li>\n<li>inkl. Sublimationsdruck auf CS Fahnenstoff in 115 g/qm, B1</li>\n<li>inkl. Transporttasche mit Tragegurt</li>\n<li>inkl. Erdbohrer</li>\n<li>Gewicht: ca. 1,5 kg</li>\n</ul>\n</div>\n</div>\n</div>\n<a href=\"http://www.klevermesse.de/skyflag-drop\"><img class=\"tinymce-editor-image\" src=\"media/image/skyflag-drop-beachflag2.jpg\" alt=\"skyflag-drop-beachflag\" width=\"234\" height=\"380\" /></a></div>\n<div class=\"sale last\"><a href=\"http://www.klevermesse.de/skyflag-wind\"><img class=\"tinymce-editor-image\" src=\"media/image/skyflag-wind-beachflag2.jpg\" alt=\"skyflag-wind-beachflag\" width=\"234\" height=\"310\" /></a>\n<div>\n<h3><a href=\"http://www.klevermesse.de/skyflag-wind\">Skyflag Wind 205 inkl. Druck und Erdbohrer</a></h3>\n<div class=\"prices\"><a href=\"http://www.klevermesse.de/skyflag-wind\"> <span class=\"pseudo\">120,00&nbsp;&euro;</span> </a>\n<p class=\"price brutto pseudoprice\"><a href=\"http://www.klevermesse.de/skyflag-wind\">96,00 &euro;</a></p>\n<a href=\"http://www.klevermesse.de/skyflag-wind\"> <small class=\"pseudo\">Sie sparen 24,00&nbsp;&euro; (20%)</small></a>\n<p class=\"price netto\">Preis zzgl. 19% MwSt und zzgl. Versandkosten</p>\n</div>\n<div class=\"description\">\n<ul>\n<li>Gesamth&ouml;he: 205 x 89 cm (HxB)</li>\n<li>Fahnenh&ouml;he: 165 x 89 cm (HxB)</li>\n<li>Klemmring zur Befestigung der Fahne</li>\n<li>inkl. Sublimationsdruck auf CS Fahnenstoff in 115 g/qm, B1</li>\n<li>inkl. Transporttasche mit Tragegurt</li>\n<li>inkl. Erdbohrer</li>\n<li>Gewicht: ca. 1,5 kg</li>\n</ul>\n</div>\n</div>\n</div>\n<p class=\"specialbutton\"><a class=\"button\" href=\"alle-artikel/?sSort=2&amp;sPage=1&amp;sPerPage=100\">Alle Aktionsartikel anzeigen</a></p>',1166,'2015-03-09 11:45:00',135,'','','20% Rabatt auf die ausgewählten Werbeprodukte!\nNur diesen April. Jetzt Sparpreis sichern!','20% Rabatt - Aufsteller, Beachflags und Banner'),(29,'KLEVER Messe macht Events zum Blickfang',51,1,'Banner in individueller Größe zu sensationellen Preisen!','<p><img src=\"http://www.klevermesse.de/media/image/PVC_Mash_B.gif\" alt=\"\" width=\"580\" height=\"323\" /></p>\n<p><strong>Digitaldruck &ndash; Textilien und Kunststoffe (PVC)</strong></p>\n<p>Das Digitaldruck-Verfahren bietet die M&ouml;glichkeit, selbst bei komplexen Vorlagen alle Einzel- und Feinheiten umzusetzen. Mit dieser Technik sind Drucke in Fotoqualit&auml;t realisierbar. Die professionellen Industriedruckmaschinen von DisplayPlanet erm&ouml;glichen es, Werbeflaggen, Banner, etc. mit einer maximalen Breite von bis zu 320 cm in sehr kurzer Zeit zu produzieren. <span style=\"color: #ff0000;\"><strong>F&uuml;r unsere Ausdrucke sind einmalige Sch&auml;rfe, hohe Qualit&auml;t und ausgezeichnete Farbenintensit&auml;t charakteristisch.</strong></span></p>\n<p>Beim Digitaldruck-Verfahren nutzen wir Materialien h&ouml;chster Qualit&auml;t. Wir bedrucken Textilien und Kunststoffe (PVC).</p>\n<hr />\n<p>&nbsp;</p>\n<p><strong>Textilien:</strong></p>\n<p class=\"ListParagraph\"><strong>Polyglans 115 g/m&sup2;&nbsp;<strong>mit B1 zertifiziert</strong></strong>&nbsp;- dieser Stoff wird bei der Produktion von Promotionsmaterialien von hoher Qualit&auml;t gebraucht. Er ist charakteristisch dadurch, dass sich der Aufdruck sehr gut auf beiden Seiten des Stoffes lesen l&auml;sst ( Spiegeleffekt ).<br />Dieses Material ist auch mit dem Zertifikat f&uuml;r Feuerbest&auml;ndigkeit Klasse B1 zu erhalten.<br />Anwendung: Fahnen, Beachflags, Banners f&uuml;r Innen- und Aussenbereich</p>\n<p class=\"ListParagraph\"><span style=\"color: #ff0000;\"><strong>Preis: ab 14&euro;/m&sup2;</strong></span></p>\n<p class=\"ListParagraph\"><strong>Air Polyglans 110 g/m&sup2;&nbsp;<strong>mit B1 zertifiziert</strong> -&nbsp;</strong>dieser Stoff wird f&uuml;r Herstellung von Fahnen ( darunter von Beachflags ) verwendet, wo die Best&auml;ndigkeit und Haltbarkeit des Stoffes gegen ung&uuml;nstige Wetterverh&auml;ltnisse sehr wichtig ist. Er ist charakteristisch dadurch, dass sich der Aufdruck sehr gut auf beiden Seiten des Stoffes lesen l&auml;sst ( Spiegeleffekt ).<br />Anwendung: Fahnen, Beachflags</p>\n<p class=\"ListParagraph\"><span style=\"color: #ff0000;\"><strong>Preis: ab 20&euro;/m&sup2;</strong></span></p>\n<p class=\"ListParagraph\"><strong>D&eacute;cor 205 g/m&sup2; mit B1 zertifiziert&nbsp;</strong>&ndash; dieser Stoff wird bei einseitigen Applikationen verwendet. Er wird bei der Produktion von Promotionsmaterialien von hoher Qualit&auml;t gebraucht, die f&uuml;r Pr&auml;sentationen vor allem im Innenbereich bestimmt werden ( Butiques, L&auml;den, Showrooms).<br />Anwendung: doppelseitige Banners ( mit Sperrschicht ), Banners f&uuml;r Innen- und Aussenbereich, Alurahmen, Displaysystems</p>\n<p class=\"ListParagraph\"><span style=\"color: #ff0000;\"><strong>Preis: ab 18&euro;/m&sup2;</strong></span></p>\n<p class=\"ListParagraph\"><strong>Satin 140 g/m&sup2; mit B1 zertifiziert</strong>&nbsp;&ndash; der bei einseitigen Applikationen verwendbare Stoff.<br />Er wird bei der Produktion von Promotionsmaterialien von hoher Qualit&auml;t gebraucht, die f&uuml;r Pr&auml;sentationen im Innenbereich bestimmt werden ( Butiques, L&auml;den, Showrooms).</p>\n<p class=\"ListParagraph\">Anwendung: Werbung im Innenbereich, Banners</p>\n<p class=\"ListParagraph\"><span style=\"color: #ff0000;\"><strong>Preis: ab 22&euro;/m&sup2;</strong></span></p>\n<p class=\"ListParagraph\"><strong>D&eacute;cor Blockout 400 g/m&sup2;</strong>&nbsp;- dieser Stoff wird bei einseitigen Applikationen verwendet.<br />Er wird bei der Produktion von Promotionsmaterialien von hoher Qualit&auml;t gebraucht, die f&uuml;r Pr&auml;sentationen im Innenbereich bestimmt werden ( Butiques, L&auml;den, Showrooms). Anwendung: Werbung im Innenbereich, Banners&nbsp;</p>\n<p class=\"ListParagraph\"><span style=\"color: #ff0000;\"><strong>Preis: ab 49&euro;/m&sup2;</strong></span></p>\n<p class=\"ListParagraph\"><strong>D&eacute;cor Backlite 165 g/m&sup2; mit B1 zertifiziert&nbsp;</strong>- dieser Stoff eignet sich zu Leuchtkasten.<br />Anwendung: Alurahmen</p>\n<p class=\"ListParagraph\"><span style=\"color: #ff0000;\"><strong>Preis: ab 26&euro;/m&sup2;</strong></span></p>\n<hr />\n<p><span style=\"text-decoration: underline;\"><strong>PVC - Material:</strong></span></p>\n<p><strong>Frontlit coated 500 g/m&sup2; mit B1 zertifiziert</strong>&nbsp;&ndash; ein PVC &ndash; Material von hoher Qualit&auml;t mit Mattoberfl&auml;che.</p>\n<p class=\"ListParagraph\">Anwendung: Displaysystems, Fassadenwerbung , Banners f&uuml;r Innen- und Aussenbereich &ndash; Gross- und Kleinformatdrucke, Aluprofile, f&uuml;r Messebau</p>\n<p class=\"ListParagraph\"><span style=\"color: #ff0000;\"><strong>Preis: ab 15&euro;/m&sup2;</strong></span></p>\n<p class=\"ListParagraph\"><strong>Mesh 330 g/m&sup2; mit B1 zertifiziert</strong>&nbsp;- ein PVC &ndash; Material von hoher Qualit&auml;t mit Netzstruktur.<br />Anwendung: Banners f&uuml;r Innen- und Aussenbereich &ndash; Gross- und Kleinformatdrucke, Fassadenwerbung</p>\n<p class=\"ListParagraph\"><span style=\"color: #ff0000;\"><strong>Preis: ab 18&euro;/m&sup2;</strong></span></p>\n<p class=\"ListParagraph\"><strong>Mesh 330 g/m&sup2; <span style=\"color: #ff0000;\">DOPPELSEITIG bedruckt</span> mit B1 zertifiziert</strong>&nbsp;- ein PVC &ndash; Material von hoher Qualit&auml;t mit Netzstruktur.<br />Anwendung: Banners f&uuml;r Innen- und Aussenbereich &ndash; Gross- und Kleinformatdrucke, Fassadenwerbung</p>\n<p class=\"ListParagraph\"><span style=\"color: #ff0000;\"><strong>Preis: ab 24&euro;/m&sup2;</strong></span></p>\n<p class=\"ListParagraph\"><strong>Blockout 650 g/m&sup2; mit B1 zertifiziert</strong>&nbsp;- ein PVC &ndash; Material von hoher Qualit&auml;t mit Mattoberfl&auml;che. Blockout wird bei den beidseitigen Aufdrucken verwendet, denn dank der lichtbest&auml;ndigen Innenschicht Pr&auml;sentation von verschiedenen Grafiken auf beiden Seiten m&ouml;glich ist.<br />Anwendung: Banners f&uuml;r Innen- und Aussenbereich, Kioskfahnen</p>\n<p class=\"ListParagraph\"><span style=\"color: #ff0000;\"><strong>Preis: ab 33&euro;/m&sup2;</strong></span></p>\n<p class=\"ListParagraph\"><strong>Decolit 325 g/m&sup2;</strong>&nbsp;- ein PVC &ndash; Material von hoher Qualit&auml;t mit halbmatter Oberfl&auml;che. Als Banner Ferrari benannt, weil bei mehrmaligen Verwendung in Verbindung mit Displaysystems Bannerr&auml;nder glatt bleiben.</p>\n<p class=\"ListParagraph\">Anwendung: Displaysystems</p>\n<p class=\"ListParagraph\"><span style=\"color: #ff0000;\"><strong>Preis: ab 26&euro;/m&sup2;</strong></span></p>\n<p class=\"ListParagraph\"><strong>Polycanvas 270 g/m&sup2;</strong>&nbsp;- ein PVC &ndash; Material mit Leinwandstruktur.<br />Anwendung: Displaysystems, Keilrahmen</p>\n<p class=\"ListParagraph\"><span style=\"color: #ff0000;\"><strong>Preis: ab 26&euro;/m&sup2;</strong></span></p>\n<p class=\"ListParagraph\"><strong>PVC-Backlite 150 g/m&sup2; mit B1 zertifiziert&nbsp;</strong>- dieses Material eignet sich zu Leuchtkasten.<br />Anwendung: Alurahmen</p>\n<p class=\"ListParagraph\"><span style=\"color: #ff0000;\"><strong>Preis: ab 24&euro;/m&sup2;</strong></span></p>\n<p class=\"ListParagraph\">&nbsp;</p>',936,'2015-06-25 15:00:00',135,'','Werbebanner, PVC Banner , Mesh Material, Stoffbanner mit Ösen inkl. Druck','','Werbebanner TOP Preis und sehr gute Qualität! '),(30,'30% Rabatt - Gutschein auf die Erstbestellung!',51,1,'Bei Ihrer Erstbestellung erhalten Sie einen Rabatt - Gutschein von 30% auf alle Artikel in unserem Sortiment! \nAuf www.klevermesse.de finden Sie unsere große Auswahl an Präsentationssystemen. Vielleicht ist Etwas für Sie dabei! \nMehr Info unter: info@klevermesse.de oder Tel.. 02204-9866-21','',840,'2015-08-31 15:00:00',135,'','','Bei Ihrer Erstbestellung erhalten Sie einen Rabatt - Gutschein von 30% auf alle Artikel in unserem Sortiment! ','Präsentationssysteme, Messestände, Werbemittel 30% Rabatt-Gutschein'),(31,'KLEVER GmbH auf dem FDP Landesparteitag - Impressionen',51,1,'Die KLEVER GmbH war mit Ihrer Abteilung KLEVER Messe am 09/10.04.2016 auf dem Landesparteitag der FDP in Bielefeld vertreten.','<p>Die pr&auml;sentierten Messe Systeme fanden eine breite Resonanz und Akzeptanz bei den Fraktionen.</p>\n<p>KLEVER Messe zeigte auch hier ein breites Spektrum der vielf&auml;ltigen M&ouml;glichkeiten f&uuml;r aufmerksamkeitsstarke Ausstellungssysteme.</p>\n<p>Bei den nachfolgenden Bildern sehen Sie einige Beispiele wie das Traversen System und das Centro System der FDP Landtagsfraktion, weiterhin die Pressewand auf dem Podium und erg&auml;nzt wurde das stimmige Erscheinungsbild durch eine Vielzahl verschiedenster Roll-Ups im Bereich des FDP Landesverbandes.</p>\n<p>Wir bedanken uns f&uuml;r ein tolles Wochenende auf dem Landesparteitag bei allen Mitgliedern/Mitarbeitern der FDP und w&uuml;nschen weiterhin viel Gl&uuml;ck und Erfolg.<br />Ihr KLEVER Messe Team</p>\n<p>&nbsp;<img src=\"https://image.jimcdn.com/app/cms/image/transf/dimension=690x10000:format=jpg/path/sfc81a516962c17a2/image/id6cba1883fdc5a41/version/1461149229/image.jpg\" alt=\"\" width=\"530\" height=\"353\" /></p>\n<p><img src=\"https://image.jimcdn.com/app/cms/image/transf/dimension=1920x400:format=jpg/path/sfc81a516962c17a2/image/i4a7c8c945cff28c5/version/1461154137/image.jpg\" alt=\"\" width=\"531\" height=\"354\" /></p>\n<p><img src=\"https://image.jimcdn.com/app/cms/image/transf/dimension=1920x400:format=jpg/path/sfc81a516962c17a2/image/i219dc42149368a42/version/1461154137/image.jpg\" alt=\"\" width=\"530\" height=\"354\" /></p>\n<p><img src=\"https://image.jimcdn.com/app/cms/image/transf/dimension=1920x400:format=jpg/path/sfc81a516962c17a2/image/i2550be73f04066d8/version/1461154137/image.jpg\" alt=\"\" width=\"529\" height=\"297\" /></p>\n<p><img src=\"https://image.jimcdn.com/app/cms/image/transf/dimension=1920x400:format=jpg/path/sfc81a516962c17a2/image/i5b57a07af4e46045/version/1461154137/image.jpg\" alt=\"\" width=\"529\" height=\"397\" /></p>\n<p><img src=\"https://image.jimcdn.com/app/cms/image/transf/dimension=1920x400:format=jpg/path/sfc81a516962c17a2/image/i6feed4d91e9d1609/version/1461154138/image.jpg\" alt=\"\" width=\"529\" height=\"397\" /></p>\n<p><img src=\"https://image.jimcdn.com/app/cms/image/transf/dimension=1920x400:format=jpg/path/sfc81a516962c17a2/image/id676e796a8d83bca/version/1461154752/image.jpg\" alt=\"\" width=\"527\" height=\"393\" /></p>\n<p><img src=\"https://image.jimcdn.com/app/cms/image/transf/dimension=1920x400:format=jpg/path/sfc81a516962c17a2/image/i7edf79cec3310a4c/version/1461154393/image.jpg\" alt=\"\" /></p>\n<p><img src=\"https://image.jimcdn.com/app/cms/image/transf/dimension=1920x400:format=jpg/path/sfc81a516962c17a2/image/iea4d6aea30b2511f/version/1461154138/image.jpg\" alt=\"\" width=\"526\" height=\"395\" /></p>\n<p>&nbsp;</p>\n<p><img src=\"https://image.jimcdn.com/app/cms/image/transf/dimension=1920x400:format=jpg/path/sfc81a516962c17a2/image/i3a58432245406f01/version/1461154138/image.jpg\" alt=\"\" width=\"525\" height=\"394\" /></p>\n<p><img src=\"https://image.jimcdn.com/app/cms/image/transf/dimension=1920x400:format=jpg/path/sfc81a516962c17a2/image/ie608df26a1fc1523/version/1461154138/image.jpg\" alt=\"\" width=\"524\" height=\"393\" /></p>\n<p><img src=\"https://image.jimcdn.com/app/cms/image/transf/dimension=1920x400:format=jpg/path/sfc81a516962c17a2/image/i511cdef05782ae1b/version/1461154531/image.jpg\" alt=\"\" width=\"320\" height=\"400\" /></p>',329,'2016-04-20 11:15:00',135,'','Traversen\nMaxi Frame Textilspannrahmen\nRoll Up\nAusstellungssysteme\nMessesysteme\n','FDP Landtagsfraktion und FDP Landesverband präsentieren Ausstellungssysteme von der KLEVER GmbH. Ob Traversen, Pressewand oder einfach nur Roll Up\'s.','KLEVER Ausstellungssysteme auf dem FDP Landesparteitag'),(35,'Unsere Messewand, Zipper Display, kommt auch in der Schweiz gut an!',51,1,'Unsere Zipper Displays sind nicht einfach nur Messewände, es sind Designerstücke!','<p>KLEVER GmbH hat die Firma HOF3 aus der Schweiz in Ihrer Ausstellungsplanung unterst&uuml;tzt, seht selbst wie das Ergebnis geworden ist:</p>\n<p>Kundenreferenz:</p>\n<p>\"Gestern haben wir die Wanderausstellung &uuml;bergeben und er&ouml;ffnet. Die W&auml;nde sind auf ein breites, sehr positives Echo gesto&szlig;en. Euer Produkt ist auch mehr als eine Messewand; es sind Designst&uuml;cke;-) Vielen Dank noch mal! Wird nicht das letzte Mal gewesen sein, dass wir zusammen gearbeitet haben.\" Tom Turtschi</p>\n<div class=\"text_exposed_show\">\n<p>Hier geht es zu den Ausstellungsw&auml;nden, Zipper Displays:</p>\n<p><a href=\"http://www.klevermesse.de/messe-displays/zipper-display/\" rel=\"nofollow\" target=\"_blank\">http://www.klevermesse.de/messe-displays/zipper-display/</a></p>\n<p><img src=\"https://scontent-frt3-1.xx.fbcdn.net/t31.0-8/14380112_677557562394099_2752207873134005117_o.jpg\" alt=\"\" width=\"592\" height=\"396\" /></p>\n<p><img src=\"https://scontent-frt3-1.xx.fbcdn.net/t31.0-8/14362427_677557559060766_6591260082007423124_o.jpg\" alt=\"\" width=\"591\" height=\"394\" /></p>\n<p><img src=\"https://scontent-frt3-1.xx.fbcdn.net/t31.0-8/14409427_677557542394101_3506610789236261645_o.jpg\" alt=\"\" width=\"594\" height=\"396\" /></p>\n<p><img src=\"https://scontent-frt3-1.xx.fbcdn.net/t31.0-8/s960x960/14361271_677557595727429_2617303961275101867_o.jpg\" alt=\"\" width=\"640\" height=\"960\" /></p>\n</div>',238,'2016-11-03 15:00:00',135,'','Zipperdisplay \nzipper display \nzipper wall\nmessewand zipper wall\nrohrstecksystem\n','Die Messewand Zipper Display ist eine Textilwand mit Rohrstecksystem bis 6 Meter Breite. Das Zipper Display ist sehr schnell im Auf- und Abbau. ','Messewand - Zipper Display - ideal für Ihr öffentliches Event!');

--
-- Table structure for table `s_blog_assigned_articles`
--

CREATE TABLE `s_blog_assigned_articles` (
  `id` int(11) unsigned NOT NULL AUTO_INCREMENT,
  `blog_id` int(11) unsigned NOT NULL,
  `article_id` int(11) unsigned NOT NULL,
  PRIMARY KEY (`id`),
  KEY `blog_id` (`blog_id`)
) ENGINE=InnoDB AUTO_INCREMENT=228 DEFAULT CHARSET=utf8 COLLATE=utf8_unicode_ci;

--
-- Dumping data for table `s_blog_assigned_articles`
--

INSERT INTO `s_blog_assigned_articles` VALUES (55,25,20),(56,25,72),(57,25,23),(128,24,32),(129,24,38),(130,24,35),(131,24,31),(132,24,33),(133,24,34),(134,24,37),(165,27,58),(166,27,128),(167,27,35),(211,31,178),(212,31,148),(213,31,32),(214,31,39),(215,31,55),(216,31,326),(226,35,270),(227,35,301);

--
-- Table structure for table `s_blog_attributes`
--

CREATE TABLE `s_blog_attributes` (
  `id` int(11) NOT NULL AUTO_INCREMENT,
  `blog_id` int(11) unsigned DEFAULT NULL,
  `attribute1` varchar(255) COLLATE utf8_unicode_ci DEFAULT NULL,
  `attribute2` varchar(255) COLLATE utf8_unicode_ci DEFAULT NULL,
  `attribute3` varchar(255) COLLATE utf8_unicode_ci DEFAULT NULL,
  `attribute4` varchar(255) COLLATE utf8_unicode_ci DEFAULT NULL,
  `attribute5` varchar(255) COLLATE utf8_unicode_ci DEFAULT NULL,
  `attribute6` varchar(255) COLLATE utf8_unicode_ci DEFAULT NULL,
  PRIMARY KEY (`id`),
  KEY `blog_id` (`blog_id`),
  CONSTRAINT `s_blog_attributes_ibfk_1` FOREIGN KEY (`blog_id`) REFERENCES `s_blog` (`id`) ON DELETE CASCADE ON UPDATE NO ACTION
) ENGINE=InnoDB AUTO_INCREMENT=59 DEFAULT CHARSET=utf8 COLLATE=utf8_unicode_ci;

--
-- Dumping data for table `s_blog_attributes`
--

INSERT INTO `s_blog_attributes` VALUES (23,NULL,'','','','','',''),(24,NULL,'Anfrageformular','','','','',''),(25,NULL,'Anfrageformular','','','','',''),(26,23,'Anfrageformular','','','','',''),(27,NULL,'','','','','',''),(28,NULL,'','','','','',''),(29,NULL,'','','','','',''),(30,25,'','','','','',''),(31,NULL,'','','','','',''),(32,NULL,'','','','','',''),(33,26,'','','','','',''),(34,NULL,'','','','','',''),(35,NULL,'','','','','',''),(36,NULL,'','','','','',''),(37,NULL,'','','','','',''),(38,NULL,'','','','','',''),(39,24,'','','','','',''),(40,NULL,'','','','','',''),(41,27,'','','','','',''),(42,28,'Anfrageformular','aprilaktion','noimage','','',''),(43,NULL,'','','','','',''),(44,NULL,'','','','','',''),(45,NULL,'','','','','',''),(46,NULL,'','','','','',''),(47,NULL,'','','','','',''),(48,NULL,'','','','','',''),(49,29,'Anfrageformular','','','','',''),(50,30,'Anfrageformular','','','','',''),(51,NULL,'','','','','',''),(52,NULL,'','','','','',''),(53,NULL,'','','','','',''),(54,31,'','','','','',''),(58,35,'Anfrageformular','','','','','');

--
-- Table structure for table `s_blog_comments`
--

CREATE TABLE `s_blog_comments` (
  `id` int(11) NOT NULL AUTO_INCREMENT,
  `blog_id` int(11) unsigned DEFAULT NULL,
  `name` varchar(255) COLLATE utf8_unicode_ci NOT NULL,
  `headline` varchar(255) COLLATE utf8_unicode_ci NOT NULL,
  `comment` mediumtext COLLATE utf8_unicode_ci NOT NULL,
  `creation_date` datetime NOT NULL,
  `active` int(1) NOT NULL,
  `email` varchar(255) COLLATE utf8_unicode_ci NOT NULL,
  `points` double NOT NULL,
  PRIMARY KEY (`id`)
) ENGINE=InnoDB DEFAULT CHARSET=utf8 COLLATE=utf8_unicode_ci;

--
-- Dumping data for table `s_blog_comments`
--


--
-- Table structure for table `s_blog_media`
--

CREATE TABLE `s_blog_media` (
  `id` int(11) unsigned NOT NULL AUTO_INCREMENT,
  `blog_id` int(11) unsigned NOT NULL,
  `media_id` int(11) unsigned NOT NULL,
  `preview` int(1) NOT NULL,
  PRIMARY KEY (`id`),
  KEY `blogID` (`blog_id`)
) ENGINE=InnoDB AUTO_INCREMENT=377 DEFAULT CHARSET=utf8 COLLATE=utf8_unicode_ci;

--
-- Dumping data for table `s_blog_media`
--

INSERT INTO `s_blog_media` VALUES (138,25,866,1),(181,24,785,1),(182,24,697,0),(183,26,992,1),(184,26,993,0),(204,27,1341,1),(318,28,1414,1),(341,29,1497,1),(344,30,1581,1),(357,31,1910,1),(358,23,696,0),(359,23,697,1),(360,23,698,0),(361,23,699,0),(362,23,700,0),(363,23,701,0),(364,23,702,0),(365,23,703,0),(366,23,704,0),(376,35,2057,1);

--
-- Table structure for table `s_blog_tags`
--

CREATE TABLE `s_blog_tags` (
  `id` int(11) unsigned NOT NULL AUTO_INCREMENT,
  `blog_id` int(11) unsigned DEFAULT NULL,
  `name` varchar(255) COLLATE utf8_unicode_ci NOT NULL,
  PRIMARY KEY (`id`),
  KEY `blogID` (`blog_id`)
) ENGINE=InnoDB AUTO_INCREMENT=971 DEFAULT CHARSET=utf8 COLLATE=utf8_unicode_ci;

--
-- Dumping data for table `s_blog_tags`
--

INSERT INTO `s_blog_tags` VALUES (89,24,'Nachdruck'),(90,24,'kundeneigene syteme'),(91,26,'Deckensystem'),(154,27,'Faltwand Mag Slim'),(155,27,'Theke Alu Sphere'),(156,27,'Promotiontheke'),(157,27,'Roll Up Exclusive'),(158,27,'Roll Up Excellance'),(159,27,'Roll Banner '),(838,28,'Beachflag'),(839,28,'Aufsteller'),(840,28,'Skyflag'),(841,28,'Banner'),(842,28,'THUNDER'),(843,28,'TORNADO'),(859,29,'Banner Werbebanner Mesh PVC '),(868,30,'30% gutschein '),(869,30,'mobile messestände'),(870,30,'ausstellungssysteme'),(871,30,'werbemittel'),(912,31,'Traversen'),(913,31,'Ausstellungssysteme'),(914,31,'Maxi Frame '),(915,31,'Textilspannwand'),(916,31,'Roll Up'),(917,23,'aktion'),(918,23,'nachdruck'),(965,35,'30% gutschein '),(966,35,'mobile messestände'),(967,35,'ausstellungssysteme'),(968,35,'zipperdisplay '),(969,35,'zipper wall'),(970,35,'rohrstecksystem');

--
-- Table structure for table `s_campaigns_articles`
--

CREATE TABLE `s_campaigns_articles` (
  `id` int(11) NOT NULL AUTO_INCREMENT,
  `parentID` int(11) NOT NULL DEFAULT '0',
  `articleordernumber` varchar(30) COLLATE utf8_unicode_ci NOT NULL DEFAULT '0',
  `name` varchar(255) COLLATE utf8_unicode_ci NOT NULL,
  `type` varchar(30) COLLATE utf8_unicode_ci NOT NULL,
  `position` int(11) NOT NULL DEFAULT '0',
  PRIMARY KEY (`id`)
) ENGINE=InnoDB DEFAULT CHARSET=utf8 COLLATE=utf8_unicode_ci;

--
-- Dumping data for table `s_campaigns_articles`
--


--
-- Table structure for table `s_campaigns_banner`
--

CREATE TABLE `s_campaigns_banner` (
  `id` int(11) NOT NULL AUTO_INCREMENT,
  `parentID` int(11) NOT NULL,
  `image` varchar(255) COLLATE utf8_unicode_ci NOT NULL,
  `link` varchar(255) COLLATE utf8_unicode_ci NOT NULL,
  `linkTarget` varchar(255) COLLATE utf8_unicode_ci NOT NULL,
  `description` varchar(255) COLLATE utf8_unicode_ci NOT NULL,
  PRIMARY KEY (`id`)
) ENGINE=InnoDB DEFAULT CHARSET=utf8 COLLATE=utf8_unicode_ci;

--
-- Dumping data for table `s_campaigns_banner`
--


--
-- Table structure for table `s_campaigns_containers`
--

CREATE TABLE `s_campaigns_containers` (
  `id` int(11) NOT NULL AUTO_INCREMENT,
  `promotionID` int(11) DEFAULT NULL,
  `value` varchar(255) COLLATE utf8_unicode_ci NOT NULL,
  `type` varchar(255) COLLATE utf8_unicode_ci NOT NULL,
  `description` varchar(255) COLLATE utf8_unicode_ci NOT NULL,
  `position` int(11) NOT NULL DEFAULT '0',
  PRIMARY KEY (`id`)
) ENGINE=InnoDB DEFAULT CHARSET=utf8 COLLATE=utf8_unicode_ci;

--
-- Dumping data for table `s_campaigns_containers`
--


--
-- Table structure for table `s_campaigns_groups`
--

CREATE TABLE `s_campaigns_groups` (
  `id` int(11) NOT NULL AUTO_INCREMENT,
  `name` varchar(255) COLLATE utf8_unicode_ci NOT NULL,
  PRIMARY KEY (`id`)
) ENGINE=InnoDB AUTO_INCREMENT=2 DEFAULT CHARSET=utf8 COLLATE=utf8_unicode_ci;

--
-- Dumping data for table `s_campaigns_groups`
--

INSERT INTO `s_campaigns_groups` VALUES (1,'Newsletter-Empfänger');

--
-- Table structure for table `s_campaigns_html`
--

CREATE TABLE `s_campaigns_html` (
  `id` int(11) NOT NULL AUTO_INCREMENT,
  `parentID` int(11) DEFAULT NULL,
  `headline` varchar(255) COLLATE utf8_unicode_ci NOT NULL,
  `html` mediumtext COLLATE utf8_unicode_ci NOT NULL,
  `image` varchar(255) COLLATE utf8_unicode_ci NOT NULL,
  `link` varchar(255) COLLATE utf8_unicode_ci NOT NULL,
  `alignment` varchar(255) COLLATE utf8_unicode_ci NOT NULL,
  PRIMARY KEY (`id`)
) ENGINE=InnoDB DEFAULT CHARSET=utf8 COLLATE=utf8_unicode_ci;

--
-- Dumping data for table `s_campaigns_html`
--


--
-- Table structure for table `s_campaigns_links`
--

CREATE TABLE `s_campaigns_links` (
  `id` int(11) NOT NULL AUTO_INCREMENT,
  `parentID` int(11) NOT NULL DEFAULT '0',
  `description` varchar(255) COLLATE utf8_unicode_ci NOT NULL,
  `link` varchar(255) COLLATE utf8_unicode_ci NOT NULL,
  `target` varchar(255) COLLATE utf8_unicode_ci NOT NULL,
  `position` int(11) NOT NULL DEFAULT '0',
  PRIMARY KEY (`id`)
) ENGINE=InnoDB DEFAULT CHARSET=utf8 COLLATE=utf8_unicode_ci;

--
-- Dumping data for table `s_campaigns_links`
--


--
-- Table structure for table `s_campaigns_logs`
--

CREATE TABLE `s_campaigns_logs` (
  `id` int(11) NOT NULL AUTO_INCREMENT,
  `datum` datetime NOT NULL DEFAULT '0000-00-00 00:00:00',
  `mailingID` int(11) NOT NULL DEFAULT '0',
  `email` varchar(255) COLLATE utf8_unicode_ci NOT NULL,
  `articleID` int(11) NOT NULL DEFAULT '0',
  PRIMARY KEY (`id`)
) ENGINE=InnoDB DEFAULT CHARSET=utf8 COLLATE=utf8_unicode_ci;

--
-- Dumping data for table `s_campaigns_logs`
--


--
-- Table structure for table `s_campaigns_mailaddresses`
--

CREATE TABLE `s_campaigns_mailaddresses` (
  `id` int(11) NOT NULL AUTO_INCREMENT,
  `customer` int(1) NOT NULL,
  `groupID` int(11) NOT NULL,
  `email` varchar(90) COLLATE utf8_unicode_ci NOT NULL,
  `lastmailing` int(11) NOT NULL,
  `lastread` int(11) NOT NULL,
  PRIMARY KEY (`id`),
  KEY `groupID` (`groupID`),
  KEY `email` (`email`),
  KEY `lastmailing` (`lastmailing`),
  KEY `lastread` (`lastread`)
) ENGINE=InnoDB AUTO_INCREMENT=6 DEFAULT CHARSET=utf8 COLLATE=utf8_unicode_ci;

--
-- Dumping data for table `s_campaigns_mailaddresses`
--

INSERT INTO `s_campaigns_mailaddresses` VALUES (1,0,1,'karchnar@googlemail.com',0,0),(2,0,1,'manfredkolagasi@yahoo.de',0,0),(3,0,1,'vpl.print@web.de',0,0),(4,0,1,'info@fichterdesign.de',0,0),(5,0,1,'marek@mobi24.me',0,0);

--
-- Table structure for table `s_campaigns_maildata`
--

CREATE TABLE `s_campaigns_maildata` (
  `id` int(11) unsigned NOT NULL AUTO_INCREMENT,
  `email` varchar(255) COLLATE utf8_unicode_ci NOT NULL,
  `groupID` int(11) unsigned NOT NULL,
  `salutation` varchar(255) COLLATE utf8_unicode_ci DEFAULT NULL,
  `title` varchar(255) COLLATE utf8_unicode_ci DEFAULT NULL,
  `firstname` varchar(255) COLLATE utf8_unicode_ci DEFAULT NULL,
  `lastname` varchar(255) COLLATE utf8_unicode_ci DEFAULT NULL,
  `street` varchar(255) COLLATE utf8_unicode_ci DEFAULT NULL,
  `streetnumber` varchar(255) COLLATE utf8_unicode_ci DEFAULT NULL,
  `zipcode` varchar(255) COLLATE utf8_unicode_ci DEFAULT NULL,
  `city` varchar(255) COLLATE utf8_unicode_ci DEFAULT NULL,
  `added` datetime NOT NULL,
  `deleted` datetime DEFAULT NULL,
  PRIMARY KEY (`id`),
  UNIQUE KEY `email` (`email`,`groupID`)
) ENGINE=InnoDB AUTO_INCREMENT=13 DEFAULT CHARSET=utf8 COLLATE=utf8_unicode_ci;

--
-- Dumping data for table `s_campaigns_maildata`
--

INSERT INTO `s_campaigns_maildata` VALUES (5,'karchnar@googlemail.com',1,'mr',NULL,'','','','','','','2014-11-10 16:17:33',NULL),(6,'manfredkolagasi@yahoo.de',1,NULL,NULL,NULL,NULL,NULL,NULL,NULL,NULL,'2014-12-05 21:36:02',NULL),(8,'vpl.print@web.de',1,'',NULL,'','','','','','','2015-03-13 08:26:37',NULL),(10,'info@fichterdesign.de',1,'mr',NULL,'walter peter','fichter','kirchbichlweg 19','','93476 blaibach   bayern','','2016-02-25 09:47:05',NULL),(12,'marek@mobi24.me',1,'mr',NULL,'Marek','Przeworski','','','','','2016-10-31 12:24:10',NULL);

--
-- Table structure for table `s_campaigns_mailings`
--

CREATE TABLE `s_campaigns_mailings` (
  `id` int(11) NOT NULL AUTO_INCREMENT,
  `datum` date DEFAULT NULL,
  `groups` mediumtext COLLATE utf8_unicode_ci NOT NULL,
  `subject` varchar(100) COLLATE utf8_unicode_ci NOT NULL,
  `sendermail` varchar(255) COLLATE utf8_unicode_ci NOT NULL,
  `sendername` varchar(255) COLLATE utf8_unicode_ci NOT NULL,
  `plaintext` int(1) NOT NULL,
  `templateID` int(11) NOT NULL DEFAULT '0',
  `languageID` int(11) NOT NULL,
  `status` int(11) NOT NULL DEFAULT '0',
  `locked` datetime DEFAULT NULL,
  `recipients` int(11) NOT NULL,
  `read` int(11) NOT NULL DEFAULT '0',
  `clicked` int(11) NOT NULL DEFAULT '0',
  `customergroup` varchar(25) COLLATE utf8_unicode_ci NOT NULL,
  `publish` int(1) unsigned NOT NULL,
  PRIMARY KEY (`id`)
) ENGINE=InnoDB DEFAULT CHARSET=utf8 COLLATE=utf8_unicode_ci;

--
-- Dumping data for table `s_campaigns_mailings`
--


--
-- Table structure for table `s_campaigns_positions`
--

CREATE TABLE `s_campaigns_positions` (
  `id` int(11) NOT NULL AUTO_INCREMENT,
  `promotionID` int(11) NOT NULL DEFAULT '0',
  `containerID` int(11) NOT NULL DEFAULT '0',
  `position` int(11) NOT NULL DEFAULT '0',
  PRIMARY KEY (`id`)
) ENGINE=InnoDB DEFAULT CHARSET=utf8 COLLATE=utf8_unicode_ci;

--
-- Dumping data for table `s_campaigns_positions`
--


--
-- Table structure for table `s_campaigns_sender`
--

CREATE TABLE `s_campaigns_sender` (
  `id` int(11) NOT NULL AUTO_INCREMENT,
  `email` varchar(255) COLLATE utf8_unicode_ci NOT NULL,
  `name` varchar(255) COLLATE utf8_unicode_ci NOT NULL,
  PRIMARY KEY (`id`)
) ENGINE=InnoDB AUTO_INCREMENT=2 DEFAULT CHARSET=utf8 COLLATE=utf8_unicode_ci;

--
-- Dumping data for table `s_campaigns_sender`
--

INSERT INTO `s_campaigns_sender` VALUES (1,'info@example.com','Newsletter Absender');

--
-- Table structure for table `s_campaigns_templates`
--

CREATE TABLE `s_campaigns_templates` (
  `id` int(11) NOT NULL AUTO_INCREMENT,
  `path` varchar(255) COLLATE utf8_unicode_ci NOT NULL,
  `description` varchar(255) COLLATE utf8_unicode_ci NOT NULL,
  PRIMARY KEY (`id`)
) ENGINE=InnoDB AUTO_INCREMENT=3 DEFAULT CHARSET=utf8 COLLATE=utf8_unicode_ci;

--
-- Dumping data for table `s_campaigns_templates`
--

INSERT INTO `s_campaigns_templates` VALUES (1,'index.tpl','Standardtemplate'),(2,'indexh.tpl','Händler');

--
-- Table structure for table `s_categories`
--

CREATE TABLE `s_categories` (
  `id` int(11) unsigned NOT NULL AUTO_INCREMENT,
  `parent` int(11) unsigned DEFAULT NULL,
  `path` varchar(255) COLLATE utf8_unicode_ci DEFAULT NULL,
  `description` varchar(255) COLLATE utf8_unicode_ci NOT NULL,
  `position` int(11) unsigned DEFAULT '0',
  `left` int(11) unsigned NOT NULL,
  `right` int(11) unsigned NOT NULL,
  `level` int(11) unsigned NOT NULL,
  `added` datetime NOT NULL,
  `changed` datetime NOT NULL,
  `metakeywords` mediumtext COLLATE utf8_unicode_ci,
  `metadescription` mediumtext COLLATE utf8_unicode_ci,
  `cmsheadline` varchar(255) COLLATE utf8_unicode_ci DEFAULT NULL,
  `cmstext` mediumtext COLLATE utf8_unicode_ci,
  `template` varchar(255) COLLATE utf8_unicode_ci DEFAULT NULL,
  `noviewselect` int(1) unsigned DEFAULT NULL,
  `active` int(1) NOT NULL,
  `blog` int(11) NOT NULL,
  `showfiltergroups` int(11) NOT NULL,
  `external` varchar(255) COLLATE utf8_unicode_ci DEFAULT NULL,
  `hidefilter` int(1) NOT NULL,
  `hidetop` int(1) NOT NULL,
  `mediaID` int(11) unsigned DEFAULT NULL,
  PRIMARY KEY (`id`),
  KEY `parent` (`parent`),
  KEY `description` (`description`),
  KEY `position` (`position`),
  KEY `left` (`left`,`right`),
  KEY `level` (`level`),
  KEY `active_query_builder` (`parent`,`position`,`id`)
) ENGINE=InnoDB AUTO_INCREMENT=291 DEFAULT CHARSET=utf8 COLLATE=utf8_unicode_ci;

--
-- Dumping data for table `s_categories`
--

INSERT INTO `s_categories` VALUES (1,NULL,NULL,'Root',0,1,6,0,'2012-08-27 22:28:52','2012-08-27 22:28:52',NULL,NULL,NULL,NULL,NULL,0,1,0,0,NULL,0,0,NULL),(3,1,NULL,'Deutsch',1,2,3,1,'2012-08-27 22:28:52','2012-08-27 22:28:52',NULL,'Messestand &amp; Zubehör für Messesysteme günstig bei KLEVER Messe | Günstige Messesysteme kaufen bei KLEVER Messe.','','',NULL,0,1,0,0,'',0,0,820),(22,3,'|3|','Prospekhalter',5,0,0,0,'2014-11-04 13:29:05','2014-11-04 13:29:05','Prospekthalter, Flyerhalter, Prospekständer, Prospekte, Flyer, Werbeträger','','Prospekhalter - der richtige Werbeträger für Sie','<p>Sie m&ouml;chten Ihre&nbsp;Kataloge,&nbsp;Prospekte oder Flyer gut sichtbar und ordentlich pr&auml;sentieren und zur Mitnahme anbieten? &nbsp;Dann sind unsere<strong> Prospekthalter</strong><strong>&nbsp;</strong>der richtige Werbetr&auml;ger f&uuml;r Sie.</p>\n<p>Darf es sonst noch etwas sein? Wie w&auml;re es denn mit unseren<strong> <a title=\"Infoaufsteller\" href=\"http://www.klevermesse.de/info-aufsteller/\" target=\"_self\">Infoaufstellern</a></strong>&nbsp;f&uuml;r Tische, Theken und W&auml;nde oder unseren <strong><a title=\"Kundenstopper\" href=\"http://www.klevermesse.de/kundenstopper/\" target=\"_self\">Kundenstoppern</a></strong>, die das Interesse der Passanten weckt?</p>\n<p>&nbsp;</p>',NULL,0,1,0,1,'',0,1,55),(30,3,'|3|','Bannerdisplays',4,0,0,0,'2014-11-12 15:44:48','2014-11-12 15:44:48',NULL,'','','',NULL,0,1,0,1,'',0,1,47),(31,3,'|3|','Digitale Lösungen',14,0,0,0,'2014-11-12 15:50:39','2014-11-12 15:50:39',NULL,'','','',NULL,0,1,0,1,'',0,1,42),(32,3,'|3|','Spezial',13,0,0,0,'2014-11-12 15:50:50','2014-11-12 15:50:50',NULL,'','Sky Dancer 6m, eignet sich ideal für die Bewerbung von Events oder speziellen Aktionen','<p><span>Skydancer sind die wohl auff&auml;lligsten Merchandizer, die man sich nur vorstellen kann. Nicht hinschauen ist nicht m&ouml;glich.</span></p>',NULL,0,1,0,1,'',0,1,43),(33,3,'|3|','Roll Up Display',0,0,0,0,'2014-11-12 15:51:12','2014-11-12 15:51:12',NULL,'Roll Up Display Banner bestellen. Besonders hochwertig und günstig im Preis. Jetzt von KLEVER Messe persönlich beraten lassen!','Roll Up Display bestellen','<p>Ein Leichtgewicht, ohne Werkzeuge in weniger als 1 Minute aufgebaut. Ihr Messestand sollte auf das <strong>Roll Up</strong> Banner nicht verzichten. Effizient weil es eben keiner langen Montage bedarf. Dieses <strong>Roll Up</strong> Banner ist ein bew&auml;hrter Klassiker f&uuml;r Pr&auml;sentationen und Messesysteme. G&uuml;nstiger ist kein anderes Messedisplay und selbstverst&auml;ndlich ist dieses Rollup einfacher zu transportieren und zu verstauen. Ihr Motiv wird auf Decolit Folie gedruckt. Ein ebenes Druckergbnis (auch mit Beleuchtung) wird Ihre Kunden vollends &uuml;berzeugen. Wir sind &uuml;berzeugt: Ausgezeichnete Druckqualit&auml;t zum g&uuml;nstigen Preis stehen nicht im Widerspruch.</p>\n<h2>Roll Up Highlights</h2>\n<ul>\n<li>Ohne Werkzeug blitzschnell einsatzbereit</li>\n<li>Platzsparend und leicht</li>\n<li>Roll Up Banner bei KLEVER Messe inkl. Tragetasche f&uuml;r angenehmen Transport</li>\n</ul>\n<p>5 Tipps wie Sie das richtige Roll Up finden:</p>\n<p>1. Ber&uuml;cksichtigen Sie wo Ihr Banner eingesetzt werden soll - Innen oder Au&szlig;en<br />2. W&auml;hlen Sie das passende Material: - Frontlite Banner, lichtdurchl&auml;ssig - Blockout Banner, lichtundurchl&auml;ssig oder Poly Film, lichtundurchl&auml;ssig.\'<br />3. M&uuml;ssen Sie schnell und h&auml;ufig Ihre Grafik wechseln? Wenn ja, dann erw&auml;gen Sie das <a title=\"Roll Up Deluxe\" href=\"http://www.klevermesse.de/roll-up-deluxe\" target=\"_blank\">Roll Up Banner Deluxe</a>, falls nicht, dann sind Sie mit dem Roll Up <a title=\"Roll Up Standard\" href=\"http://www.klevermesse.de/roll-up-banner-standard\" target=\"_blank\">STANDARD</a> oder <a title=\"Roll Banner Plus\" href=\"http://www.klevermesse.de/roll-up-plus\" target=\"_blank\">PLUS</a> sehr gut bedient.<br />4. Wie hoch ist Ihr Budget? W&auml;hlen Sie von <a title=\"Roll Up Standard\" href=\"http://www.klevermesse.de/roll-up-banner-standard\" target=\"_blank\">STANDARD</a>&nbsp;f&uuml;r einmalige oder kurze Promotions bis <a title=\"Roll Up Premium\" href=\"http://www.klevermesse.de/roll-banner-premium\" target=\"_blank\">PREMIUM </a>&nbsp;mit hochwertigen Produkt f&uuml;r eine lange Nutzungsdauer.<br />5. Auf die Gr&ouml;&szlig;e kommt es an! Banner gibt es in verschiedenen H&ouml;hen und Breiten. Ber&uuml;cksichtigen Sie den Einsatzort und den verf&uuml;gbaren Platz. Roll Up Systeme sollen das Interesse des Kunden wecken nicht im Weg stehen!</p>',NULL,0,1,0,1,'',0,0,44),(34,3,'|3|','Beleuchtung',11,0,0,0,'2014-11-12 15:51:40','2014-11-12 15:51:40',NULL,'','','',NULL,0,1,0,1,'',0,1,58),(35,3,'|3|','Wandrahmen und Schilder',12,0,0,0,'2014-11-12 15:52:02','2014-11-12 15:52:02',NULL,'','','<p><span>Setzen Sie Ihre Werbung ins richtige Licht! Mit unseren LED Leuchtdisplays erzielen Sie beeindruckende Effekte und eine hohe Werbewirksamkeit! Unsere Highlights: &bull;LED Leuchtrahmen in allen Standardformaten und auch Sonderformaten &bull;AcryLED Leuchtrahmen mit brillanter Ausleuchtung &bull;LED Fl&auml;chenlicht - ultraflache Module oder Panels f&uuml;r eine homogene Beleuchtung &bull;Elegante, freistehende Leuchts&auml;ulen mit LED Beleuchtung &bull;Superflache LED Magnetrahmen mit einfachem Handling!</span></p>',NULL,0,1,0,1,'',0,1,57),(36,3,'|3|','L-X Banner',10,0,0,0,'2014-11-12 15:52:32','2014-11-12 15:52:32',NULL,'','','',NULL,0,1,0,1,'',0,1,48),(38,3,'|3|','Transportkoffer',9,0,0,0,'2014-11-12 15:53:45','2014-11-12 15:53:45',NULL,'','Transporttaschen - Transportkoffer','',NULL,0,1,0,1,'',0,1,50),(39,3,'|3|','Messetheken',2,0,0,0,'2014-11-12 15:54:09','2014-11-12 15:54:09','Messetheken, Promotheke, Theken für Messen, Mobiletheken, mobile Theken, mobile Theke','Messetheken online bei KLEVER Messe | Jetzt Messetheken für Messeysteme bei ►KLEVER Messe kaufen','Messetheken - mit uns stehen Sie richtig','<p>Ihr Messestand sollte nicht auf eine Theke verzichten. Unsere <strong>Messetheken</strong> sind &auml;u&szlig;erst belastbar und bestehen aus wenigen Teilen. Damit ist ein stressfreier Aufbau garantiert. KLEVER Messe bietet Ihnen individuelle Herstellungsarten an. Bitte lesen Sie sich die Produktbeschreibungen durch um spezialisierte Informationen &uuml;ber unser <strong>Messetheken</strong> Sortiment zu erhalten.</p>',NULL,0,1,0,1,'',0,0,51),(40,3,'|3|','Outdoor Systeme',8,0,0,0,'2014-11-12 15:54:33','2014-11-12 15:54:33',NULL,'','','',NULL,0,1,0,1,'',0,1,52),(41,3,'|3|','Beachflag',3,0,0,0,'2014-11-12 15:55:00','2014-11-12 15:55:00','beachflags, beach banner, beachflags günstig, flying banner, fahne drucken, werbefahnen, beachflag druck, beachflags drucken, fahne bedrucken, fahnen drucken, beachflag bestellen, flaggen drucken','Beachflag günstig drucken lassen bei KLEVER Messe. Wir beraten Sie beim Kauf und Druck Ihrer Werbefahnen. Jetzt online drucken lassen!','Beachflag günstig drucken lassen','<p><strong>Geringer Platzbedarf bei h&ouml;chster Qualit&auml;t? Da sind unsere Beachflags genau das Richtige!</strong></p>\n<p style=\"text-align: left;\"><span style=\"font-size: small;\">Der Werbetr&auml;ger wird sowohl Indoor als auch Outdoor hohe Aufmerksamkeit auf sich ziehen. Untersch&auml;tzen Sie die widerstandsf&auml;higkeit&nbsp;einer Beachflag nicht, denn auch bei hoheren Windst&auml;rken wird Ihre Beachflag standfest bleiben, der <strong><a title=\"6kg\" href=\"http://www.klevermesse.de/skyflag-metalplatte-6kg\" target=\"_self\">6kg</a></strong> bis <strong><a title=\"12kg\" href=\"http://www.klevermesse.de/skyflag-metalplatte-12kg\" target=\"_self\">12kg</a></strong> schweren Metallplatte sei dank. Selbstverst&auml;ndlich inkl. Transporttasche aus Nylon.</span></p>\n<p style=\"text-align: left;\"><span style=\"font-size: small;\">Unsere Beachflags erhalten Sie in viele verschiedene Varianten mit unterschiedlichen Individualisierungsm&ouml;glichkeiten.</span></p>\n<p style=\"text-align: left;\"><span style=\"font-size: small;\">Die gro&szlig;en&nbsp;</span><strong style=\"font-size: small;\"><a title=\"Squareflags\" href=\"http://www.klevermesse.de/skyflag-square\" target=\"_self\">Squareflags</a>&nbsp;</strong><span style=\"font-size: small;\">werden mit Zubeh&ouml;r wie Transporttasche und stabilem Standfu&szlig; ausgeliefert. Bei besondere Stabilit&auml;t und Standfestigkeit, k&ouml;nnen Sie auf unsere gro&szlig;en und schweren </span><strong style=\"font-size: small;\"><a title=\"Bodenkreuz\" href=\"http://www.klevermesse.de/skyflag-kreuzfuss\">Bodenkreuze</a></strong><span style=\"font-size: small;\"> zur&uuml;ckgreifen.</span></p>\n<p style=\"text-align: left;\"><span style=\"font-size: small;\">Des Weiteren erhalten Sie bei uns auch hochwertige</span><strong style=\"font-size: small;\"> <a title=\"Outdoor Systeme\" href=\"http://www.klevermesse.de/outdoor-systeme/\" target=\"_self\">Outdoor Systeme</a></strong><span style=\"font-size: small;\">&nbsp;und einfache</span><strong style=\"font-size: small;\"> <a title=\"Kundenstopper\" href=\"http://www.klevermesse.de/kundenstopper/\" target=\"_self\">Kundenstopper</a></strong><span style=\"font-size: small;\">.</span></p>\n<p style=\"text-align: left;\"><span style=\"font-size: small;\">So pflegen Sie unsere Beachflags:</span></p>\n<ol>\n<li><span style=\"font-size: small;\">&Uuml;berlegen Sie, wo Sie Ihre Fahnen aufstellen. Luftverschmutzung f&uuml;hrt zur Vergrauung wei&szlig;er Fl&auml;chen und extreme Sonne kann die Farben mit der Zeit ausbleichen.</span></li>\n<li><span style=\"font-size: small;\">Die Lebenserwartung h&auml;ngt von der Einsatzh&auml;ufigkeit und den klimatischen Bedingungen ab. Realistisch bei regelm&auml;&szlig;iger Benutzung sind ca. 12 Monate.</span></li>\n<li><span style=\"font-size: small;\">Stellen Sie die Fahnen nicht bei Windst&auml;rken &uuml;ber 8 Beaufort auf. Bei starkem Regen und Wind sollten die Fahnen nicht eingesetzt werden, da der Stoff die Feuchtigkeit aufnimmt und die Fahne durch das erh&ouml;hte Gewicht instabil werden kann.</span></li>\n<li><span style=\"font-size: small;\">Stellen Sie sicher, dass Ihre Beachflags sich frei bewegen k&ouml;nnen, ohne Gegenst&auml;nde oder andere Fahnen zu ber&uuml;hren.</span></li>\n<li><span style=\"font-size: small;\">Verstauen Sie Ihre Fahnen nie im feuchten Zustand, trocknen Sie sie immer vor dem Verpacken.</span></li>\n</ol>',NULL,0,1,0,1,'',0,1,53),(42,3,'|3|','Lichtsäulen / Werbesäulen',6,0,0,0,'2014-11-12 15:55:41','2014-11-12 15:55:41',NULL,'','Ihre Botschaft im rechten Licht!','<p><span style=\"font-size: small;\">Lichtwerbung&nbsp;setzt Akzente und zieht die Aufmerksamkeit auf sich.</span></p>\n<p><span style=\"font-size: small;\">Mit unseren<strong>&nbsp;Lichts&auml;ulen und Werbepylonen</strong>&nbsp;ist dies m&ouml;glich, sei es f&uuml;r Ihre Messe, Ihre Veranstaltung oder in Ihrem Gesch&auml;ft. Die Folie ist individuell bedruckbar und kann auch getauscht werden.&nbsp;</span></p>\n<p><span style=\"font-size: small;\">Die <a href=\"http://www.klevermesse.de/led-werbepylone-outdoor\" target=\"_blank\">LED Werbepylon</a><a href=\"http://www.klevermesse.de/led-werbepylone-outdoor\">e Outdoor</a>&nbsp;, kann innerhalb von 5 Werktagen geliefert werden. Unsere Pylonen werden aus hochwertigen Material in Europa produziert.</span></p>\n<p><span style=\"font-size: small;\">Druck auf Anfrage m&ouml;glich.</span></p>\n<p><span style=\"font-size: small;\">Schauen Sie doch auch mal bei unserer&nbsp;<a title=\"Leuchtwerbung\" href=\"http://www.klevermesse.de/leuchtwerbung/\" target=\"_self\">Leuchtwerbung&nbsp;</a>und&nbsp;<a title=\"Vitrienen\" href=\"http://www.klevermesse.de/vitrinen/\" target=\"_self\">Vitrinen</a>&nbsp;vorbei.</span></p>',NULL,0,1,0,1,'',0,1,54),(43,3,'|3|','Messe Displays',1,0,0,0,'2014-11-17 12:57:54','2014-11-17 12:57:54','Messedisplay, Messewand, Messestand, Display, Messe Stand','Messe Displays und Pop Ups - Jetzt Messe Displays und Pop Ups online bei KLEVER Messe bestellen.','Messe Displays - Langlebig und wiederverwendbar','<p><span style=\"font-size: small;\">Bevor Sie einen&nbsp;Messestand kaufen<strong>&nbsp;</strong>erstellt <span style=\"font-size: small;\">KLEVER Messe</span>&nbsp;Ihnen selbstverst&auml;ndlich ein unverbindliches und auf Sie zugeschnittenes Angebot!&nbsp;Individuelle Ma&szlig;e, hohe Stabilit&auml;t, simpler Aufbau (dank Steck- bzw. Schraubprinzip) und ausgezeichnete Motivdarstellung treffen auf dieses <strong>Messe Display</strong> ebenso zu wie eine komfortable Mobilit&auml;t. Der Koffer bzw. Trolley liegt allen mobilen Messesystemen selbstverst&auml;ndlich bei. F&uuml;r spezielle Informationen klicken Sie einfach auf ein <strong>Messe Display</strong> Produkt.</span></p>\n<h2><span style=\"font-size: small;\">Das haben unsere Messedisplays gemeinsam</span></h2>\n<ul>\n<li><span style=\"font-size: small;\">Individuelle Ma&szlig;e auf Anfrage (Lassen Sie sich jetzt pers&ouml;nlich beraten)</span></li>\n<li><span style=\"font-size: small;\">Transportkoffer inklusive</span></li>\n<li><span style=\"font-size: small;\">Simpler Aufbau</span></li>\n<li><span style=\"font-size: small;\">Sehr robustes Gestell</span></li>\n<li><span style=\"font-size: small;\">Mobilit&auml;t und hohe langlebigkeit der einzelnen Komponenten</span></li>\n</ul>',NULL,0,1,0,1,'',0,0,59),(44,43,'|43|3|','Pop Up Mag',1,0,0,0,'2014-11-18 10:08:22','2014-11-18 10:08:22',NULL,'','','',NULL,0,1,0,1,'',0,0,NULL),(45,43,'|43|3|','Pop Up Textil',2,0,0,0,'2014-11-18 11:56:42','2014-11-18 11:56:42',NULL,'','','',NULL,0,1,0,1,'',0,0,NULL),(46,43,'|43|3|','Pop Up Textil Premium',3,0,0,0,'2014-11-18 11:57:09','2014-11-18 11:57:09',NULL,'','','',NULL,0,1,0,1,'',0,0,NULL),(47,43,'|43|3|','Faltwand Flex',4,0,0,0,'2014-11-18 11:57:32','2014-11-18 11:57:32',NULL,'','','',NULL,0,1,0,1,'',0,0,NULL),(48,33,'|33|3|','Standard',0,0,0,0,'2014-11-18 11:57:48','2014-11-18 11:57:48',NULL,'','','',NULL,0,1,0,1,'',0,0,NULL),(49,33,'|33|3|','Plus',1,0,0,0,'2014-11-18 11:57:58','2014-11-18 11:57:58',NULL,'','','',NULL,0,1,0,1,'',0,0,NULL),(50,33,'|33|3|','Basic',2,0,0,0,'2014-11-18 11:58:08','2014-11-18 11:58:08',NULL,'','','',NULL,0,1,0,1,'',0,0,NULL),(51,33,'|33|3|','Future',3,0,0,0,'2014-11-18 11:58:17','2014-11-18 11:58:17',NULL,'','','',NULL,0,1,0,1,'',0,0,NULL),(52,33,'|33|3|','Massiv',4,0,0,0,'2014-11-18 11:58:29','2014-11-18 11:58:29',NULL,'','','',NULL,0,1,0,1,'',0,0,NULL),(53,33,'|33|3|','Premium',5,0,0,0,'2014-11-18 11:58:39','2014-11-18 11:58:39',NULL,'','','',NULL,0,1,0,1,'',0,0,NULL),(54,33,'|33|3|','Slide',7,0,0,0,'2014-11-18 11:58:59','2014-11-18 11:58:59',NULL,'','','',NULL,0,1,0,1,'',0,0,NULL),(55,33,'|33|3|','Exclusive',8,0,0,0,'2014-11-18 11:59:10','2014-11-18 11:59:10',NULL,'','','',NULL,0,1,0,1,'',0,0,NULL),(56,33,'|33|3|','XL',9,0,0,0,'2014-11-18 11:59:23','2014-11-18 11:59:23',NULL,'','','',NULL,0,1,0,1,'',0,0,NULL),(57,33,'|33|3|','Mini',10,0,0,0,'2014-11-18 11:59:38','2014-11-18 11:59:38',NULL,'','','',NULL,0,1,0,1,'',0,0,NULL),(58,33,'|33|3|','Deluxe',6,0,0,0,'2014-11-18 11:59:59','2014-11-18 11:59:59',NULL,'','','',NULL,0,1,0,1,'',0,0,NULL),(59,33,'|33|3|','Doppel',NULL,0,0,0,'2014-11-18 12:00:24','2014-11-18 12:00:24',NULL,'','','',NULL,0,1,0,1,'',0,0,NULL),(60,33,'|33|3|','Double Side',NULL,0,0,0,'2014-11-18 12:00:37','2014-11-18 12:00:37',NULL,'','','',NULL,0,1,0,1,'',0,0,NULL),(61,36,'|36|3|','L - Banner',NULL,0,0,0,'2014-11-18 12:00:58','2014-11-18 12:00:58',NULL,'','','',NULL,0,1,0,1,'',0,0,NULL),(62,36,'|36|3|','X - Banner',NULL,0,0,0,'2014-11-18 12:01:09','2014-11-18 12:01:09',NULL,'','','',NULL,0,1,0,1,'',0,0,NULL),(64,41,'|41|3|','Skyflag Drop',NULL,0,0,0,'2014-11-18 12:01:53','2014-11-18 12:01:53',NULL,'','','',NULL,0,1,0,1,'',0,0,NULL),(65,41,'|41|3|','Skyflag Wind',NULL,0,0,0,'2014-11-18 12:02:05','2014-11-18 12:02:05',NULL,'','','',NULL,0,1,0,1,'',0,0,NULL),(66,41,'|41|3|','Skyflag Square',NULL,0,0,0,'2014-11-18 12:02:17','2014-11-18 12:02:17',NULL,'','','',NULL,0,1,0,1,'',0,0,NULL),(67,41,'|41|3|','Mobile Flagge',NULL,0,0,0,'2014-11-18 12:02:28','2014-11-18 12:02:28',NULL,'','','',NULL,0,1,0,1,'',0,0,NULL),(68,34,'|34|3|','Roll Banner',NULL,0,0,0,'2014-11-18 12:04:15','2014-11-18 12:04:15',NULL,'','','',NULL,0,1,0,1,'',0,0,NULL),(69,34,'|34|3|','Pop Up Display',NULL,0,0,0,'2014-11-18 12:04:32','2014-11-18 12:04:32',NULL,'','','',NULL,0,1,0,1,'',0,0,NULL),(70,43,'|43|3|','Pop Up Zubehör',5,0,0,0,'2014-11-18 12:25:03','2014-11-18 12:25:03',NULL,'','','',NULL,0,1,0,1,'',0,0,NULL),(71,22,'|22|3|','Mag',NULL,0,0,0,'2014-11-18 12:26:32','2014-11-18 12:26:32',NULL,NULL,NULL,NULL,NULL,NULL,1,0,1,NULL,0,0,NULL),(72,22,'|22|3|','Basic',NULL,0,0,0,'2014-11-18 12:26:44','2014-11-18 12:26:44',NULL,NULL,NULL,NULL,NULL,NULL,1,0,1,NULL,0,0,NULL),(73,22,'|22|3|','Easy',NULL,0,0,0,'2014-11-18 12:26:53','2014-11-18 12:26:53',NULL,NULL,NULL,NULL,NULL,NULL,1,0,1,NULL,0,0,NULL),(74,22,'|22|3|','ZickZack',NULL,0,0,0,'2014-11-18 12:27:09','2014-11-18 12:27:09',NULL,NULL,NULL,NULL,NULL,NULL,1,0,1,NULL,0,0,NULL),(75,22,'|22|3|','Deluxe',NULL,0,0,0,'2014-11-18 12:27:19','2014-11-18 12:27:19',NULL,NULL,NULL,NULL,NULL,NULL,1,0,1,NULL,0,0,NULL),(76,22,'|22|3|','Infostand',NULL,0,0,0,'2014-11-18 12:27:30','2014-11-18 12:27:30',NULL,'','','',NULL,0,1,0,1,'',0,0,NULL),(77,40,'|40|3|','Straßenboard',NULL,0,0,0,'2014-11-18 12:28:23','2014-11-18 12:28:23',NULL,'','','',NULL,0,1,0,1,'',0,0,NULL),(78,40,'|40|3|','Außen Banner',NULL,0,0,0,'2014-11-18 12:28:35','2014-11-18 12:28:35',NULL,'','','',NULL,0,1,0,1,'',0,0,NULL),(79,40,'|40|3|','Tornado',NULL,0,0,0,'2014-11-18 12:28:46','2014-11-18 12:28:46',NULL,'','','',NULL,0,1,0,1,'',0,0,NULL),(80,40,'|40|3|','Thunder',NULL,0,0,0,'2014-11-18 12:28:57','2014-11-18 12:28:57',NULL,'','','',NULL,0,1,0,1,'',0,0,NULL),(81,40,'|40|3|','Double Massiv',NULL,0,0,0,'2014-11-18 12:29:08','2014-11-18 12:29:08',NULL,'','','',NULL,0,1,0,1,'',0,0,NULL),(82,40,'|40|3|','Alu Aufsteller',NULL,0,0,0,'2014-11-18 12:29:24','2014-11-18 12:29:24',NULL,'','','',NULL,0,1,0,1,'',0,0,NULL),(83,38,'|38|3|','Lux',NULL,0,0,0,'2014-11-18 12:29:42','2014-11-18 12:29:42',NULL,NULL,NULL,NULL,NULL,NULL,1,0,1,NULL,0,0,NULL),(84,39,'|39|3|','Promo',NULL,0,0,0,'2014-11-18 12:30:17','2014-11-18 12:30:17',NULL,'','','',NULL,0,1,0,1,'',0,0,NULL),(85,39,'|39|3|','Easy',NULL,0,0,0,'2014-11-18 12:30:30','2014-11-18 12:30:30',NULL,'','','',NULL,0,1,0,1,'',0,0,NULL),(86,39,'|39|3|','Textil',NULL,0,0,0,'2014-11-18 12:30:39','2014-11-18 12:30:39',NULL,'','','',NULL,0,1,0,1,'',0,0,NULL),(87,39,'|39|3|','Alu Theken',NULL,0,0,0,'2014-11-18 12:31:21','2014-11-18 12:31:21',NULL,'','','',NULL,0,1,0,1,'',0,0,NULL),(88,39,'|39|3|','Pop Up Theke',NULL,0,0,0,'2014-11-18 12:32:07','2014-11-18 12:32:07',NULL,'','','',NULL,0,1,0,1,'',0,0,NULL),(89,39,'|39|3|','Rednerpult',NULL,0,0,0,'2014-11-18 12:32:27','2014-11-18 12:32:27',NULL,'','','',NULL,0,1,0,1,'',0,0,NULL),(90,38,'|38|3|','Cesar',NULL,0,0,0,'2014-11-18 12:32:42','2014-11-18 12:32:42',NULL,NULL,NULL,NULL,NULL,NULL,1,0,1,NULL,0,0,NULL),(91,38,'|38|3|','Lux Double',NULL,0,0,0,'2014-11-18 12:32:55','2014-11-18 12:32:55',NULL,NULL,NULL,NULL,NULL,NULL,1,0,1,NULL,0,0,NULL),(92,38,'|38|3|','Massiv',NULL,0,0,0,'2014-11-18 12:34:32','2014-11-18 12:34:32',NULL,NULL,NULL,NULL,NULL,NULL,1,0,1,NULL,0,0,NULL),(93,38,'|38|3|','Hard Deluxe',NULL,0,0,0,'2014-11-18 12:34:45','2014-11-18 12:34:45',NULL,NULL,NULL,NULL,NULL,NULL,1,0,1,NULL,0,0,NULL),(94,33,'|33|3|','Zubehör',NULL,0,0,0,'2014-11-18 12:35:25','2014-11-18 12:35:25',NULL,'','','',NULL,0,1,0,1,'',0,0,NULL),(95,38,'|38|3|','Pop Up Counter',NULL,0,0,0,'2014-11-18 12:35:53','2014-11-18 12:35:53',NULL,'','','',NULL,0,1,0,1,'',0,0,NULL),(96,38,'|38|3|','Trolly',NULL,0,0,0,'2014-11-18 12:36:04','2014-11-18 12:36:04',NULL,'','','',NULL,0,1,0,1,'',0,0,NULL),(97,40,'|40|3|','Beachban',NULL,0,0,0,'2014-11-18 12:36:23','2014-11-18 12:36:23',NULL,'','','',NULL,0,1,0,1,'',0,0,NULL),(98,32,'|32|3|','Klettband',NULL,0,0,0,'2014-11-18 12:36:44','2014-11-18 12:36:44',NULL,'','','',NULL,0,1,0,1,'',0,0,NULL),(99,32,'|32|3|','Spiral Vitrine ',NULL,0,0,0,'2014-11-18 12:37:14','2014-11-18 12:37:14',NULL,'','','',NULL,0,1,0,1,'',0,0,NULL),(100,32,'|32|3|','Rundsockel',NULL,0,0,0,'2014-11-18 12:37:50','2014-11-18 12:37:50',NULL,'','','',NULL,0,1,0,1,'',0,0,NULL),(101,32,'|32|3|','Glücksräder',NULL,0,0,0,'2014-11-18 12:38:01','2014-11-18 12:38:01',NULL,'','','',NULL,0,1,0,1,'',0,0,NULL),(102,32,'|32|3|','Fix Banner',NULL,0,0,0,'2014-11-18 12:38:28','2014-11-18 12:38:28',NULL,'','','',NULL,0,1,0,1,'',0,0,NULL),(103,32,'|32|3|','Fußboden Schaumstoff',NULL,0,0,0,'2014-11-18 12:38:47','2014-11-18 12:38:47',NULL,'','','',NULL,0,1,0,1,'',0,0,NULL),(104,42,'|42|3|','Licht Säule',NULL,0,0,0,'2014-11-18 12:39:25','2014-11-18 12:39:25',NULL,'','','',NULL,0,1,0,1,'',0,0,NULL),(105,42,'|42|3|','Reflect Light Box',NULL,0,0,0,'2014-11-18 12:39:49','2014-11-18 12:39:49',NULL,'','','',NULL,0,1,0,1,'',0,0,NULL),(106,42,'|42|3|','Reflect Graphic Box',NULL,0,0,0,'2014-11-18 12:40:09','2014-11-18 12:40:09',NULL,'','','',NULL,0,1,0,1,'',0,0,NULL),(107,35,'|35|3|','LED Rahmen',NULL,0,0,0,'2014-11-18 12:40:36','2014-11-18 12:40:36',NULL,'','','',NULL,0,1,0,1,'',0,0,NULL),(108,35,'|35|3|','Halogen Rahmen',NULL,0,0,0,'2014-11-18 12:41:13','2014-11-18 12:41:13',NULL,'','','',NULL,0,1,0,1,'',0,0,NULL),(109,31,'|31|3|','Desktop iPad',1,0,0,0,'2014-11-18 12:41:45','2014-11-18 12:41:45',NULL,'','','',NULL,0,1,0,1,'',0,0,NULL),(110,31,'|31|3|','iPad Stand Massiv',2,0,0,0,'2014-11-18 12:41:58','2014-11-18 12:41:58',NULL,'','','',NULL,0,1,0,1,'',0,0,NULL),(111,31,'|31|3|','iPad Stand Curved',3,0,0,0,'2014-11-18 12:42:10','2014-11-18 12:42:10',NULL,'','','',NULL,0,1,0,1,'',0,0,NULL),(112,31,'|31|3|','iPad Stand Flex',4,0,0,0,'2014-11-18 12:42:24','2014-11-18 12:42:24',NULL,'','','',NULL,0,1,0,1,'',0,0,NULL),(113,31,'|31|3|','Novela iPad',5,0,0,0,'2014-11-18 12:42:37','2014-11-18 12:42:37',NULL,'','','',NULL,0,1,0,1,'',0,0,NULL),(114,31,'|31|3|','Novela iPad Wall',6,0,0,0,'2014-11-18 12:42:51','2014-11-18 12:42:51',NULL,'','','',NULL,0,1,0,1,'',0,0,NULL),(115,31,'|31|3|','Monitor Stand XL',7,0,0,0,'2014-11-18 12:43:11','2014-11-18 12:43:11',NULL,'','','',NULL,0,1,0,1,'',0,0,NULL),(116,31,'|31|3|','TV Stand',8,0,0,0,'2014-11-18 12:43:35','2014-11-18 12:43:35',NULL,'','','',NULL,0,1,0,1,'',0,0,NULL),(120,3,'|3|','Nachdruck',7,0,0,0,'2014-11-18 14:15:13','2014-11-18 14:15:13',NULL,'','','',NULL,0,1,0,1,'',0,1,564),(121,120,'|120|3|','Pop Up Mag',NULL,0,0,0,'2014-11-18 14:15:43','2014-11-18 14:15:43',NULL,'','','',NULL,0,1,0,1,'',0,0,NULL),(122,120,'|120|3|','Pop Up Textil',NULL,0,0,0,'2014-11-18 14:16:18','2014-11-18 14:16:18',NULL,'','','',NULL,0,1,0,1,'',0,0,NULL),(123,120,'|120|3|','Faltwand Flex',NULL,0,0,0,'2014-11-18 14:16:34','2014-11-18 14:16:34',NULL,'','','',NULL,0,1,0,1,'',0,0,NULL),(124,120,'|120|3|','Skyflag',NULL,0,0,0,'2014-11-18 14:17:02','2014-11-18 14:17:02',NULL,'','','',NULL,0,1,0,1,'',0,0,NULL),(125,120,'|120|3|','Messetheken',NULL,0,0,0,'2014-11-18 14:17:16','2014-11-18 14:17:16',NULL,'','','',NULL,0,1,0,1,'',0,0,NULL),(126,120,'|120|3|','Banner',NULL,0,0,0,'2014-11-18 14:17:29','2014-11-18 14:17:29',NULL,'','','',NULL,0,1,0,1,'',0,0,NULL),(127,120,'|120|3|','Roll Banner',NULL,0,0,0,'2014-11-18 14:17:46','2014-11-18 14:17:46',NULL,'','','',NULL,0,1,0,1,'',0,0,NULL),(128,120,'|120|3|','L-X-Banner',NULL,0,0,0,'2014-11-18 14:18:00','2014-11-18 14:18:00',NULL,'','','',NULL,0,1,0,1,'',0,0,NULL),(129,41,'|41|3|','Decoflagge',NULL,0,0,0,'2014-11-19 11:12:32','2014-11-19 11:12:32',NULL,'','','',NULL,0,1,0,1,'',0,0,NULL),(130,41,'|41|3|','Skyflag Zubehör',NULL,0,0,0,'2014-11-19 13:19:39','2014-11-19 13:19:39',NULL,'','','',NULL,0,1,0,1,'',0,0,NULL),(131,3,'|3|','Blog',16,0,0,0,'2014-12-16 09:47:48','2014-12-16 09:47:48',NULL,'','','',NULL,0,1,1,1,'',0,1,NULL),(134,35,'|35|3|','Wandrahmen',NULL,0,0,0,'2014-12-22 09:55:03','2014-12-22 09:55:03',NULL,NULL,NULL,NULL,NULL,NULL,1,0,1,NULL,0,0,NULL),(135,131,'|131|3|','Blog',NULL,0,0,0,'2014-12-23 12:58:28','2014-12-23 12:58:28',NULL,'','','',NULL,0,1,1,1,'',0,1,NULL),(139,43,'|43|3|','Zipper Display',6,0,0,0,'2014-12-30 13:39:22','2014-12-30 13:39:22',NULL,NULL,NULL,NULL,NULL,NULL,1,0,1,NULL,0,0,NULL),(140,43,'|43|3|','Pop Up Mag Slim',7,0,0,0,'2015-01-05 11:58:22','2015-01-05 11:58:22',NULL,NULL,NULL,NULL,NULL,NULL,1,0,1,NULL,0,0,NULL),(141,43,'|43|3|','Pop Up Textil Slim',8,0,0,0,'2015-01-05 12:00:09','2015-01-05 12:00:09',NULL,NULL,NULL,NULL,NULL,NULL,1,0,1,NULL,0,0,NULL),(142,33,'|33|3|','Smart doppelseitig',NULL,0,0,0,'2015-01-15 14:50:49','2015-01-15 14:50:49',NULL,NULL,NULL,NULL,NULL,NULL,1,0,1,NULL,0,0,NULL),(143,33,'|33|3|','Wall',NULL,0,0,0,'2015-01-16 11:19:48','2015-01-16 11:19:48',NULL,NULL,NULL,NULL,NULL,NULL,1,0,1,NULL,0,0,NULL),(144,3,'|3|','Kundenstopper',NULL,0,0,0,'2015-01-16 18:15:15','2015-01-16 18:15:15','Gehwegaufsteller, Kundenstopper, Infostand, Aufsteller, Strassenaufsteller, Außenbereich aufsteller, outdoor stad, outdoor Werbung, Plakatständer','Der Kundenstopper -  Das Interesse von Passanten wecken!\n','Der Kundenstopper -  Das Interesse von Passanten wecken!','<h1><span style=\"font-size: small;\"><strong>Der Gehwegaufsteller wird in der Regel outdoor, im Au&szlig;enbereich, aufgestellt um dort gezielt<big>&nbsp;</big>die Aufmerksamkeit der potientiellen Zielgruppen auf sich zu lenken.&nbsp;</strong></span></h1>\n<p><span style=\"font-size: small;\">Der Kundenstopper aus Aluminium ist gerade im Au&szlig;enbereich ein optischer Blickfang.</span><br /><span style=\"font-size: small;\"> Besonders die Witterungsbest&auml;ndigkeit von Aluminium ist ein wichtiges Argument f&uuml;r einen Plakatst&auml;nder, der vor Ladengesch&auml;ften oder Lokalen aufgestellt wird. Ob starker Regen, Frost oder Hitze: Aluminium ist wetterbest&auml;ndig und l&auml;sst den&nbsp;Kundenstopper &uuml;ber einen langen Zeitrahmen NEU aussehen. Der Alu Kundenstopper ist korrosionsbest&auml;ndig und wasserdicht &ndash; Durch eine Schutzfolie aus Kunststoff, diese wirkt au&szlig;erdem gegen Reflexionen und macht die Werbung im Plakataufsteller auch bei starker Sonneneinstrahlung gut lesbar.</span></p>\n<p><span style=\"font-size: small;\">Bei KLEVERMesse finden Sie Kundenstopper in verschiedenen Gr&ouml;&szlig;en und Variationen. </span><br /><span style=\"font-size: small;\"> Der Alu Kundenstopper ist leicht zu transportieren und somit an vielen Einsatzorten aufstellbar, ob es Messen oder Ausstellungen sind, im inneren Bereich, ganz egal wo, der Gehwegaufsteller pr&auml;sentiert Ihre Botschaft &uuml;berall.</span></p>\n<p><span style=\"font-size: small;\">Des Weiteren erhalten Sie bei uns auch hochwertige<strong>&nbsp;<span style=\"color: #808080;\"><a title=\"Beachflags\" href=\"http://www.klevermesse.de/beachflag/\" target=\"_self\"><span style=\"color: #808080;\">Beachflags</span></a></span></strong>&nbsp;und einfache <span style=\"color: #808080;\"><strong><a title=\"Beachban\" href=\"http://www.klevermesse.de/beach-ban\" target=\"_self\"><span style=\"color: #808080;\">Beach Ban</span></a></strong></span>.</span></p>','article_listing_1col.tpl',0,1,0,1,'',0,0,807),(145,144,'|144|3|','Brand Sign',NULL,0,0,0,'2015-01-16 18:35:50','2015-01-16 18:35:50',NULL,NULL,NULL,NULL,NULL,NULL,1,0,1,NULL,0,0,NULL),(146,144,'|144|3|','Swing Pro',NULL,0,0,0,'2015-01-16 18:36:06','2015-01-16 18:36:06',NULL,NULL,NULL,NULL,NULL,NULL,1,0,1,NULL,0,0,NULL),(147,144,'|144|3|','Wind ',NULL,0,0,0,'2015-01-16 18:36:26','2015-01-16 18:36:26',NULL,NULL,NULL,NULL,NULL,NULL,1,0,1,NULL,0,0,NULL),(148,144,'|144|3|','Wind LED',NULL,0,0,0,'2015-01-16 18:36:34','2015-01-16 18:36:34',NULL,NULL,NULL,NULL,NULL,NULL,1,0,1,NULL,0,0,NULL),(149,144,'|144|3|','Premium',NULL,0,0,0,'2015-01-16 18:36:48','2015-01-16 18:36:48',NULL,NULL,NULL,NULL,NULL,NULL,1,0,1,NULL,0,0,NULL),(150,144,'|144|3|','Arcade',NULL,0,0,0,'2015-01-16 18:37:18','2015-01-16 18:37:18',NULL,NULL,NULL,NULL,NULL,NULL,1,0,1,NULL,0,0,NULL),(151,144,'|144|3|','Centerstand',NULL,0,0,0,'2015-01-16 18:38:32','2015-01-16 18:38:32',NULL,NULL,NULL,NULL,NULL,NULL,1,0,1,NULL,0,0,NULL),(152,144,'|144|3|','Fahrradständer',NULL,0,0,0,'2015-01-16 18:38:48','2015-01-16 18:38:48',NULL,NULL,NULL,NULL,NULL,NULL,1,0,1,NULL,0,0,NULL),(153,144,'|144|3|','Vario',NULL,0,0,0,'2015-01-16 18:39:04','2015-01-16 18:39:04',NULL,NULL,NULL,NULL,NULL,NULL,1,0,1,NULL,0,0,NULL),(154,40,'|40|3|','Brand Sign',NULL,0,0,0,'2015-01-16 18:50:35','2015-01-16 18:50:35',NULL,NULL,NULL,NULL,NULL,NULL,1,0,1,NULL,0,0,NULL),(155,40,'|40|3|','Swing Pro',NULL,0,0,0,'2015-01-16 18:50:47','2015-01-16 18:50:47',NULL,NULL,NULL,NULL,NULL,NULL,1,0,1,NULL,0,0,NULL),(156,40,'|40|3|','Wind',NULL,0,0,0,'2015-01-16 18:50:55','2015-01-16 18:50:55',NULL,NULL,NULL,NULL,NULL,NULL,1,0,1,NULL,0,0,NULL),(157,40,'|40|3|','Wind LED',NULL,0,0,0,'2015-01-16 18:51:03','2015-01-16 18:51:03',NULL,NULL,NULL,NULL,NULL,NULL,1,0,1,NULL,0,0,NULL),(158,40,'|40|3|','Fahrradständer',NULL,0,0,0,'2015-01-16 18:51:12','2015-01-16 18:51:12',NULL,NULL,NULL,NULL,NULL,NULL,1,0,1,NULL,0,0,NULL),(159,40,'|40|3|','Arcade',NULL,0,0,0,'2015-01-16 18:51:27','2015-01-16 18:51:27',NULL,NULL,NULL,NULL,NULL,NULL,1,0,1,NULL,0,0,NULL),(160,40,'|40|3|','Premium',NULL,0,0,0,'2015-01-16 18:51:37','2015-01-16 18:51:37',NULL,NULL,NULL,NULL,NULL,NULL,1,0,1,NULL,0,0,NULL),(161,40,'|40|3|','Vario',NULL,0,0,0,'2015-01-16 18:51:53','2015-01-16 18:51:53',NULL,NULL,NULL,NULL,NULL,NULL,1,0,1,NULL,0,0,NULL),(162,40,'|40|3|','Centerstand',NULL,0,0,0,'2015-01-16 18:52:09','2015-01-16 18:52:09',NULL,NULL,NULL,NULL,NULL,NULL,1,0,1,NULL,0,0,NULL),(163,40,'|40|3|','Wind Rotator',NULL,0,0,0,'2015-01-16 19:00:30','2015-01-16 19:00:30',NULL,NULL,NULL,NULL,NULL,NULL,1,0,1,NULL,0,0,NULL),(164,3,'|3|','Traversen Systeme',NULL,0,0,0,'2015-01-25 19:49:15','2015-01-25 19:49:15','Event, Promotion, Messe, VKF-Aktion, Standortwechsel, Reisesystem','Häufiger Standortwechsel? Wir haben das richtige System für Sie!','Häufiger Standortwechsel? Wir haben das richtige System für Sie!','<p><span style=\"font-size: small;\">Event, Promotion, VKF-Aktion oder Messe - wir haben <strong>Traversen Systeme</strong>&nbsp;f&uuml;r alle Einsatzbereiche - leicht im Handling und auch im Gewicht! Unsere Highlights: X-Truss 10 das patentierte Original.</span></p>',NULL,0,1,0,1,'',0,0,904),(166,43,'|43|3|','X-Truss Single Banner',9,0,0,0,'2015-01-26 10:42:05','2015-01-26 10:42:05',NULL,NULL,NULL,NULL,NULL,NULL,1,0,1,NULL,0,0,NULL),(167,43,'|43|3|','X-Truss Wall Banner',10,0,0,0,'2015-01-26 10:47:16','2015-01-26 10:47:16',NULL,NULL,NULL,NULL,NULL,NULL,1,0,1,NULL,0,0,NULL),(168,43,'|43|3|','X-Truss U-Shape ',11,0,0,0,'2015-01-26 10:47:55','2015-01-26 10:47:55',NULL,NULL,NULL,NULL,NULL,NULL,1,0,1,NULL,0,0,NULL),(169,43,'|43|3|','X-Truss Tower',12,0,0,0,'2015-01-26 10:48:46','2015-01-26 10:48:46',NULL,NULL,NULL,NULL,NULL,NULL,1,0,1,NULL,0,0,NULL),(170,43,'|43|3|','X-Truss Corner Banner',13,0,0,0,'2015-01-26 10:49:14','2015-01-26 10:49:14',NULL,NULL,NULL,NULL,NULL,NULL,1,0,1,NULL,0,0,NULL),(171,43,'|43|3|','X-Truss L-Shape',14,0,0,0,'2015-01-26 10:50:17','2015-01-26 10:50:17',NULL,NULL,NULL,NULL,NULL,NULL,1,0,1,NULL,0,0,NULL),(172,43,'|43|3|','X-Truss Triple Banner',15,0,0,0,'2015-01-26 11:52:05','2015-01-26 11:52:05',NULL,NULL,NULL,NULL,NULL,NULL,1,0,1,NULL,0,0,NULL),(173,3,'|3|','Messe Sets',NULL,0,0,0,'2015-01-26 14:05:10','2015-01-26 14:05:10','Messesystem, Messe Set, Messeset, Komplettset, Promotiontheke, Events, Messe, Prospektständer, Bannersystem','Sie suchen ein Messesystem? Wir liefern es Ihnen!','Sie suchen ein Messesystem? Wir liefern es Ihnen!','<p>Hochwertige und stabile Messesysteme in zeitlosem Design sind eine Voraussetzung f&uuml;r Ihre Live-Kommunikation. Messesysteme von KLEVER Messe sind werkzeuglos und ohne besondere handwerkliche Kenntnisse aufzubauen und haben eine lange Lebensdauer.</p>\n<p>Bei uns erhalten Sie komplette <strong>Messe Sets</strong>, auf Sie abgestimmt und als Gesamtpaket!<br /><br />Setzen Sie Ihre Werbebotschaft gezielt in Szene mit attraktiven Produkten von KLEVER Messe. Neben unserem modularen Displaysystem <span style=\"background-color: #ffffff;\"><span style=\"background-color: #ffffff;\"><span style=\"color: #808080;\"><strong><span style=\"color: #000000;\"><span style=\"color: #888888;\"><a title=\"X-Truss 10\" href=\"http://www.klevermesse.de/traversen-systeme/\" target=\"_self\"><span style=\"color: #888888;\">X-Truss 10</span></a></span></span></strong></span></span></span>&nbsp;f&uuml;r Messen, Shops, Schaufenster und Events haben wir auch <span style=\"color: #808080;\"><strong><a title=\"Messetheken\" href=\"http://www.klevermesse.de/messetheken/\" target=\"_self\"><span style=\"color: #808080;\">Promotiontheken</span></a></strong></span>, <span style=\"color: #808080;\"><strong><a title=\"Prospekthalter\" href=\"http://www.klevermesse.de/prospekhalter/\" target=\"_self\"><span style=\"color: #808080;\">Prospekthalter</span></a></strong></span>, <span style=\"color: #808080;\"><strong><a title=\"Faltdisplays\" href=\"http://www.klevermesse.de/messe-displays/\" target=\"_self\"><span style=\"color: #808080;\">Faltdisplays</span></a></strong></span> und <span style=\"color: #808080;\"><strong><a title=\"Bannersysteme\" href=\"http://www.klevermesse.de/bannerdisplays/\" target=\"_self\"><span style=\"color: #808080;\">Bannersysteme</span></a></strong></span> im Portfolio.<br /><br />Unsere Produktvielfalt erm&ouml;glicht Ihnen Ihre individuelle Pr&auml;sentation und erfolgreiche Projekte. Bei uns finden Sie immer passende Messesysteme f&uuml;r jeden Einsatzzweck, mit denen Sie schnell zum Anziehungspunkt f&uuml;r Ihre Kunden und Interessenten werden.</p>',NULL,0,1,0,1,'',0,0,902),(174,3,'|3|','Vitrinen',NULL,0,0,0,'2015-01-28 13:33:12','2015-01-28 13:33:12','Vitrinen, schaufenster, glasvitrine, led vitrine, infosäule aus glas, schaukasten','','Vitrinen fangen Ihre Aufmerksamkeit! ','<h2 class=\"pl2_h2\"><strong><span style=\"font-size: small;\">Preiswerter Schaukasten f&uuml;r au&szlig;en und Au&szlig;enschaukasten aus Aluminium.</span></strong></h2>\n<p><span style=\"font-size: small;\">Der magnetische&nbsp;<span style=\"color: #888888;\"><strong><span style=\"font-size: small;\"><a title=\"Preiswerter Schaukasten f&uuml;r au&szlig;en und Au&szlig;enschaukasten aus Aluminium.\" href=\"http://www.klevermesse.de/led-info-schaukasten\"><span style=\"font-size: small; color: #888888;\">Schaukasten</span></a></span></strong></span>&nbsp;f&uuml;r au&szlig;en und innen ist ein seit Jahrzehnten bew&auml;hrtes Kommunikationsinstrument f&uuml;r Vereine, Kirchgemeinden und Beh&ouml;rden. Egal ob als mittels Gasdruckfedern &ouml;ffnende Infotafel mit Pfosten, platzsparender&nbsp;<span style=\"color: #888888;\"><strong><span style=\"font-size: small;\"><a title=\"Schiebet&uuml;rschaukasten\" href=\"http://www.klevermesse.de/schiebetuer-schaukasten\"><span style=\"font-size: small; color: #888888;\">Schiebet&uuml;rschaukasten</span></a></span></strong></span>&nbsp;f&uuml;r Innen oder einfache Variante mit Schwenkt&uuml;ren - diese stabilen und eleganten Infok&auml;sten sind seit Jahren gleicherma&szlig;en beliebt bei Kirche, Sportverein, Gemeinde, Hotel, etc. S&auml;mtliche angebotenen Modelle f&uuml;r den Au&szlig;enbereich sind aus hochwertigen silbern eloxierten Aluminiumprofilen gefertigt. Die Verglasung aller Au&szlig;enschauk&auml;sten und der Modelle mit Schiebet&uuml;ren besteht aus robustem ESG-Sicherheitsglas. Langlebige Sicherheitsschl&ouml;sser sorgen f&uuml;r optimalen Schutz vor unbefugter Manipulation.</span></p>',NULL,0,1,0,1,'',0,0,914),(175,35,'|35|3|','Klapprahmen / Einschubrahmen',NULL,0,0,0,'2015-02-12 10:23:53','2015-02-12 10:23:53',NULL,'','','<p><span>Postersysteme sind fast unbegrenzt zur Pr&auml;sentation Ihrer Poster einsetzbar: Als Deckenh&auml;nger, im Schaufenster oder zur Wanddekoration, im Au&szlig;enbereich oder direkt am Point of Sale.</span><br /><br /><span>Unsere Postersysteme erhalten Sie in unterschiedlichen Varianten und Formen, beleuchtet oder unbeleuchtet, aus Aluminium oder Holz. Alle Systeme sind immer wieder und mit wechselnden Motiven verwendbar.</span><br /><br /><span>Ein gro&szlig;er Vorteil bei diesen Postersystemen ist, dass sich die bedruckten Werbematerialien bei allen Produkten unkompliziert austauschen lassen. Mit unseren Postersystemen k&ouml;nnen Sie Ihre individuellen Ideen m&uuml;helos, schnell und ohne Werkzeugbenutzung professionell pr&auml;sentieren.</span></p>',NULL,0,1,0,1,'',0,0,NULL),(176,33,'|33|3|','Scroll Up',NULL,0,0,0,'2015-02-20 10:50:52','2015-02-20 10:50:52',NULL,NULL,NULL,NULL,NULL,NULL,1,0,1,NULL,0,0,NULL),(177,33,'|33|3|','Scroll Down',NULL,0,0,0,'2015-02-20 10:51:18','2015-02-20 10:51:18',NULL,NULL,NULL,NULL,NULL,NULL,1,0,1,NULL,0,0,NULL),(178,35,'|35|3|','Postersysteme',NULL,0,0,0,'2015-02-20 13:16:13','2015-02-20 13:16:13',NULL,NULL,NULL,NULL,NULL,NULL,1,0,1,NULL,0,0,NULL),(179,3,'|3|','Info Aufsteller',NULL,0,0,0,'2015-02-20 14:15:36','2015-02-20 14:15:36','Infoaufsteller, Info Aufsteller, Prpspekthalter, Visitenkartenhalter, Flyerhalter','Elegante Info Aufsteller','Sie benötigen neue Info Aufsteller - bei uns sind Sie da richtig','<p>Sie m&ouml;chten Ihre Informationen und Angebote gekonnt in Szene setzten, sei es auf &nbsp;Tischen, Theken und W&auml;nden? Mit unser dekorativen <strong>Info Aufsteller</strong> ist dies m&ouml;glich.</p>',NULL,0,1,0,1,'',0,0,1136),(180,3,'|3|','Zubehör',NULL,0,0,0,'2015-02-23 13:03:38','2015-02-23 13:03:38',NULL,'','','',NULL,0,1,0,1,'',0,0,1177),(181,3,'|3|','Leuchtwerbung',NULL,0,0,0,'2015-02-24 09:59:19','2015-02-24 09:59:19','Leuchtwerbung, Lichtwerbung, beleuchtete Werbung, Lichtkasten, Lichtsäule, beleuchteter Messestand','','Leuchtwerbung - die beste und einfachste Art zu werben. ','<h2>Bringen Sie Ihre Werbebotschaft zum strahlen!</h2>\n<p><img src=\"http://www.klevermesse.de/media/image/LED_Herbst.gif\" alt=\"\" width=\"757\" height=\"422\" /></p>\n<p>Egal welche Lichtverh&auml;ltnisse herrschen &ndash; LED Rahmen sind ein perfektes Mittel, um Ihre Produkte noch besser zu pr&auml;sentieren. Wecken Sie so die Aufmerksamkeit des Betrachters auf sich.&nbsp;</p>\n<p>Da die Beleuchtung so stark ist, dank der High Power LED Module, k&ouml;nnen Sie die LED Rahmen als Hinweistafel, Werbeschild oder Wegweiser an dunklen oder hellen Orten einsetzen.&nbsp;</p>\n<p>Mit unseren LED Leuchtrahmen sorgen Sie f&uuml;r eine ansprechende, wirkungsvolle und aussagekr&auml;ftige Atmosph&auml;re, egal ob, auf der Messe, in der Firma, in Empfangs- oder Verkaufsr&auml;umen.</p>\n<p>&nbsp;</p>',NULL,0,1,0,1,'',0,0,1186),(182,3,'|3|','Werbeartikel',NULL,0,0,0,'2015-03-05 14:21:27','2015-03-05 14:21:27','Werbeartikel, Schlüsselanhänger, Puzzel, selbstgestaltete Puzzel, Personalisierte Werbeartikel, Personalisierte Werbemittel, Kugelschreiber, Kugelschreiber mit Firmeneindruck','Werbeartikel - Mit dem richtigen Mittel in Erinnerung bleiben!','Werbeartikel - Give-Aways','<p>Um bei Ihren Kunden oder potenziellen Kunden in Erinnerung zu bleiben, sind <span style=\"color: #888888;\"><a title=\"Kugelschreiber\" href=\"http://www.klevermesse.de/kugelschreiber-germany\" target=\"_self\"><span style=\"color: #888888;\">Kugelschreiber</span></a></span>, <span style=\"color: #888888;\"><a title=\"Schl&uuml;sselanh&auml;nger\" href=\"http://www.klevermesse.de/schluesselanhaenger\" target=\"_self\"><span style=\"color: #888888;\">Schl&uuml;sselanh&auml;nge</span></a>r</span> oder <span style=\"color: #888888;\"><a title=\"Werbetaschen\" href=\"http://www.klevermesse.de/werbetaschen-messetaschen-werbetasche\" target=\"_self\"><span style=\"color: #888888;\">Werbetaschen</span></a></span> genau das Richtige. Diese k&ouml;nnen Sie bei uns individuell bestellen.&nbsp;</p>\n<p>Unsere Kategorie <strong>Werbeartikel</strong> wird stetig erweitert.</p>\n<p>&nbsp;</p>',NULL,0,1,0,1,'',0,0,1338),(183,182,'|182|3|','Puzzel',NULL,0,0,0,'2015-03-05 14:21:41','2015-03-05 14:21:41',NULL,NULL,NULL,NULL,NULL,NULL,1,0,1,NULL,0,0,NULL),(184,182,'|182|3|','Give-Aways',NULL,0,0,0,'2015-03-05 14:24:58','2015-03-05 14:24:58',NULL,NULL,NULL,NULL,NULL,NULL,1,0,1,NULL,0,0,NULL),(185,182,'|182|3|','Kalender',NULL,0,0,0,'2015-03-05 14:25:16','2015-03-05 14:25:16',NULL,NULL,NULL,NULL,NULL,NULL,1,0,1,NULL,0,0,NULL),(186,182,'|182|3|','Präsentationsmappen',NULL,0,0,0,'2015-03-05 14:25:35','2015-03-05 14:25:35',NULL,NULL,NULL,NULL,NULL,NULL,1,0,1,NULL,0,0,NULL),(187,182,'|182|3|','Bierdeckel',NULL,0,0,0,'2015-03-05 14:25:54','2015-03-05 14:25:54',NULL,NULL,NULL,NULL,NULL,NULL,1,0,1,NULL,0,0,NULL),(188,41,'|41|3|','Beachflag Doppelseitig',NULL,0,0,0,'2015-03-18 13:23:29','2015-03-18 13:23:29',NULL,NULL,NULL,NULL,NULL,NULL,1,0,1,NULL,0,0,NULL),(189,3,'|3|','EXPAND Produkte',NULL,0,0,0,'2015-03-27 11:04:14','2015-03-27 11:04:14',NULL,'','','',NULL,0,1,0,1,'',0,0,1373),(190,189,'|189|3|','EXPAND GrandFabric',NULL,0,0,0,'2015-03-27 13:38:47','2015-03-27 13:38:47',NULL,NULL,NULL,NULL,NULL,NULL,1,0,1,NULL,0,0,NULL),(191,189,'|189|3|','EXPAND LinkWall',NULL,0,0,0,'2015-03-27 13:39:06','2015-03-27 13:39:06',NULL,NULL,NULL,NULL,NULL,NULL,1,0,1,NULL,0,0,NULL),(192,189,'|189|3|','EXPAND M2 Roll Up',NULL,0,0,0,'2015-03-27 13:39:23','2015-03-27 13:39:23',NULL,NULL,NULL,NULL,NULL,NULL,1,0,1,NULL,0,0,NULL),(193,189,'|189|3|','EXPAND Light Box Wall',NULL,0,0,0,'2015-03-27 13:40:02','2015-03-27 13:40:02',NULL,NULL,NULL,NULL,NULL,NULL,1,0,1,NULL,0,0,NULL),(194,3,'|3|','Zelte',NULL,0,0,0,'2015-04-01 15:16:08','2015-04-01 15:16:08','faltzelt 3x3, faltzelt 3x6, pavillon, pavillon 3x3, faltzelt, faltpavillon, pavillon, zelt, pavillon kaufen, partyzelt, partyzelte, faltzelte kaufen, faltpavillon 3x6, pavillons, partyzelte kaufen, profi faltzelt, pavillon garten, pavillon 3x3, wasserdicht pavillions, pavillon metall, gartenpavillon, partyzelt kaufen, pavilon zeltverleih, ersatzdach pavillon 3x3, partyzelt mieten, festzelt, pavillon wasserdicht, gartenzelt faltzelte','Bei KLEVER Messe erhalten Sie ab sofort auch Aluminium Faltzelte. Bei Erstbestellung profitieren Sie von unserem 30% Rabatt - Gutschein! ','Aluminium Faltzelte, Partyzelte, Messezelte, Zelte','<p><strong>Unsere KLEVER Faltzelte sind aus dem Event- und Sportmarketing nicht mehr wegzudenken und erf&uuml;llen h&ouml;chste Anspr&uuml;che an Qualit&auml;t und Lebensdauer.</strong></p>\n<div><strong>Material:</strong><br />Nat&uuml;rlich verwenden wir bei KLEVERMesse nur die hochwertigsten Materialen: 40er Profil Aluminium f&uuml;r den Rahmen und robuste, austauschbare Faltgelenke machen unsere Faltzelte auch technisch fit f&uuml;r den dauerhaften Einsatz. Au&szlig;erdem verwenden wir nur witterungsbest&auml;ndige Zeltmaterialen mit UV-Schutz. Unsere Zeltbespannungen aus hochwertigem Polyesterstoff halten Wind und Wetter zuverl&auml;ssig stand und gew&auml;hrleisten eine enorme Lebenserwartung.&nbsp;<br /><br /><strong>Variationen:</strong><br />Beide <strong>Faltzelt</strong> Gestelltypen 30er Profil und 40er Profil erf&uuml;llen h&ouml;chste Anspr&uuml;che an Qualit&auml;t und Lebensdauer und decken damit das komplette Einsatzspektrum dieser Zeltsysteme ab.<br /><br /><strong>Druck:&nbsp;</strong><br />Wir bedrucken Ihre Zeltbespannung ganz individuell mit hochwertigem UV-best&auml;ndigem Digitaldruck f&uuml;r beste Farbwiedergabe und Brillianz.&nbsp;<br /><strong><br />Das beste Werbesytem Ihr Unternehmen oder Produkt zu pr&auml;sentieren und dabei Funktion und Werbung geschickt miteinander zu verkn&uuml;pfen.</strong></div>',NULL,0,1,0,1,'',0,0,1582),(195,194,'|194|3|','3 x 3',NULL,0,0,0,'2015-04-01 15:16:22','2015-04-01 15:16:22',NULL,NULL,NULL,NULL,NULL,NULL,1,0,1,NULL,0,0,NULL),(196,182,'|182|3|','Haftnotizen',NULL,0,0,0,'2015-04-27 09:18:25','2015-04-27 09:18:25',NULL,NULL,NULL,NULL,NULL,NULL,1,0,1,NULL,0,0,NULL),(197,182,'|182|3|','Schlüsselanhänger',NULL,0,0,0,'2015-04-27 09:18:52','2015-04-27 09:18:52',NULL,NULL,NULL,NULL,NULL,NULL,1,0,1,NULL,0,0,NULL),(198,182,'|182|3|','Werbetaschen',NULL,0,0,0,'2015-04-27 09:19:48','2015-04-27 09:19:48',NULL,NULL,NULL,NULL,NULL,NULL,1,0,1,NULL,0,0,NULL),(199,182,'|182|3|','Kugelschreiber',NULL,0,0,0,'2015-04-27 09:20:19','2015-04-27 09:20:19',NULL,NULL,NULL,NULL,NULL,NULL,1,0,1,NULL,0,0,NULL),(200,182,'|182|3|','Namensschilder',NULL,0,0,0,'2015-04-27 09:30:05','2015-04-27 09:30:05',NULL,NULL,NULL,NULL,NULL,NULL,1,0,1,NULL,0,0,NULL),(201,31,'|31|3|','Digital Showcase',0,0,0,0,'2015-05-29 09:47:02','2015-05-29 09:47:02',NULL,'','Digital Showcase','',NULL,0,1,0,1,'',0,0,1436),(202,43,'|43|3|','Quick Stand NEU',0,0,0,0,'2015-05-29 13:50:43','2015-05-29 13:50:43',NULL,NULL,NULL,NULL,NULL,NULL,1,0,1,NULL,0,0,NULL),(203,39,'|39|3|','Maxi Promotion ',NULL,0,0,0,'2015-06-15 11:45:19','2015-06-15 11:45:19',NULL,NULL,NULL,NULL,NULL,NULL,1,0,1,NULL,0,0,NULL),(204,39,'|39|3|','Promotion Oval',NULL,0,0,0,'2015-06-15 11:54:37','2015-06-15 11:54:37',NULL,NULL,NULL,NULL,NULL,NULL,1,0,1,NULL,0,0,NULL),(205,144,'|144|3|','Wind II',NULL,0,0,0,'2015-06-15 11:59:41','2015-06-15 11:59:41',NULL,NULL,NULL,NULL,NULL,NULL,1,0,1,NULL,0,0,NULL),(207,3,'|3|','Frühling Spezial',NULL,0,0,0,'2015-06-26 09:47:43','2015-06-26 09:47:43',NULL,'','Bestellen Sie jetzt Ihre Publing Viewing Werbeaufsteller! ','<p>Mit unseren Werbeaufstellen ist Ihnen ein volles Lokal gesichert!&nbsp;</p>\n<p>Kundenstopper sind unverzichtbare Werbetr&auml;ger f&uuml;r Plakate und Angebote und wecken Kaufimpulse direkt am Point of Sale. Der Klassiker f&uuml;r Ihren Au&szlig;eneinsatz in vielen verschiedenen Farben und Designvarianten &ndash; selbstverst&auml;ndlich auch mit wasserfestem Klapprahmen und f&uuml;r windstarke Standfl&auml;chen erh&auml;ltlich. Unsere Kundenstopper sind aus wetter- und witterungsfesten Materialien. Pr&auml;sentieren Sie Ihre Plakate dort, wo Ihre Kunden vorbeilaufen &ndash; zum Beispiel vor Ihrem Ladenlokal in der Fu&szlig;g&auml;ngerzone.</p>\n<p>&nbsp;</p>',NULL,0,1,0,1,'',0,0,1806),(208,207,'|207|3|','Starter Kits ',NULL,0,0,0,'2015-06-26 09:54:56','2015-06-26 09:54:56',NULL,NULL,NULL,NULL,NULL,NULL,1,0,1,NULL,0,0,NULL),(209,207,'|207|3|','Promotion Kits',NULL,0,0,0,'2015-06-26 09:55:22','2015-06-26 09:55:22',NULL,NULL,NULL,NULL,NULL,NULL,1,0,1,NULL,0,0,NULL),(210,207,'|207|3|','Home Kits',NULL,0,0,0,'2015-06-26 09:55:34','2015-06-26 09:55:34',NULL,'','','',NULL,0,0,0,1,'',0,0,NULL),(211,22,'|22|3|','Fold',NULL,0,0,0,'2015-06-26 11:50:48','2015-06-26 11:50:48',NULL,NULL,NULL,NULL,NULL,NULL,1,0,1,NULL,0,0,NULL),(212,3,'|3|','Messe Equipment',NULL,0,0,0,'2015-07-09 11:00:39','2015-07-09 11:00:39',NULL,'Messe Equipment bei KLEVER Messe. Wir beraten Sie beim Einkauf und bedrucken von Messezubehör. Jetzt persönlich vom Experten beraten lassen!','Messe Equipment','',NULL,0,0,0,1,'',0,0,NULL),(213,3,'|3|','Werbebanner drucken',NULL,0,0,0,'2015-07-09 11:13:30','2015-07-09 11:13:30',NULL,'Werbebanner drucken lassen bei KLEVER Messe. Lassen Sie sich jetzt persönlich beim bedrucken Ihrer Banner vom Experten beraten!','Werbebanner drucken lassen','',NULL,0,0,0,1,'',0,0,NULL),(214,3,'|3|','Ladenausstattung',NULL,0,0,0,'2015-07-09 11:22:39','2015-07-09 11:22:39',NULL,'Ladenausstattung kaufen bei KLEVER Messe. Ihre Verkaufstheken &amp; Ladeneinrichtung jetzt besonders günstig einkaufen und bedrucken lassen!','Ladenausstattung','',NULL,0,0,0,1,'',0,0,NULL),(216,3,'|3|','Ausstellungssysteme',NULL,0,0,0,'2015-07-09 11:28:48','2015-07-09 11:28:48',NULL,'Ausstellungssysteme kaufen zum günstigen Preis beim mobilen Ausstellungen Experten. Jetzt beim Kauf Ihrer Präsentationsysteme beraten lassen!','Ausstellungssysteme','<p><strong>Ausstellungssysteme</strong> von KLEVER Messe sind perfekt an Ihre Bed&uuml;rfnisse angepasst und sorgen daf&uuml;r das Sie schnell und flexibel einen souver&auml;nen Eindruck bei Ihren Kunden hinterlassen.</p>\n<p>W&auml;hlen Sie f&uuml;r Ihr neues <strong>Ausstellungssystem</strong> aus mehrere Optionen: Das robuste und trotzdem leichte Rollup Display, das Pop-Up-Display mit Aluminiumschienen oder der Messecounter mit bedruckbaren Textilbezug oder Hardcase. Lassen Sie sich von uns beraten und erhalten sie Ihr perfekte Ausstellungsystem das Sie zufrieden stellen wird!</p>',NULL,0,0,0,1,'',0,0,NULL),(217,3,'|3|','Promotiontheke',NULL,0,0,0,'2015-07-09 11:31:44','2015-07-09 11:31:44',NULL,'Promotiontheke bei KLEVER Messe online bestellen zum günstigen Preis. Jetzt beim Kauf Ihrer Promotheke beraten lassen!','Promotiontheke','<p>Ihre <strong>Promotiontheke</strong> repr&auml;sentiert Sie seri&ouml;s und stilsicher in Ihrem Corporate Design (Farben und Logo) und bietet genug Platz f&uuml;r Ihr Infomaterial und Give-Aways.</p>\n<p>Unsere <strong>Promotiontheken</strong> gibts es in verschiedenen Ausf&uuml;hrungen. Die leicht zu transportierenden und besonders g&uuml;nstigen Maxi Promotion Theken aus Kunststoff, die Aluminum Counter welche &auml;u&szlig;erst stark an Ihre W&uuml;nsche angepasst werden k&ouml;nnen und der PVC-Promo Messecounter mit Stahlstangen der mit einem extra Ablagefach f&uuml;r z.B. Brosch&uuml;ren daher kommt. Diese Materialien entsprechen der g&auml;ngigen Brandschutznormen und somit sind Sie immer auf der sicheren Seite falls Ihre Pr&auml;sentation z.B. in &Ouml;ffentlichen Einrichtungen stattfinden soll.</p>',NULL,0,0,0,1,'',0,0,NULL),(218,3,'|3|','Mobiler Messestand',NULL,0,0,0,'2015-07-09 11:36:14','2015-07-09 11:36:14',NULL,'Mobiler Messestand kaufen bei KLEVER Messe. Wir beraten Sie persönlich. Jetzt Mobile Messestandsysteme günstig online kaufen!','Mobiler Messestand kaufen','<p>Ihr <strong>Mobiler Messestand</strong> ist ein faltbares, leicht zu transportierendes und wiederverwendbares Messesystem. Sie bekommen alle n&ouml;tigen Elemente f&uuml;r eine erfolgreiche Pr&auml;sentation in einem einzigen, g&uuml;nstigen Set.</p>\n<p>Es braucht kein Werkzeug und nur eine Person um das mobile Messesystem in wenigen Minuten auf- und abzubauen. Nutzen Sie Ihren kompletten <strong>mobilen Messestand</strong> an mehreren Locations und sparen Sie sich Stress, Zeit und bares Geld. Ihre Messesstand-Komponenten k&ouml;nnen selbstverst&auml;ndlich platzsparend, z.B. in Ihrem PKW, zu Ihrer n&auml;chsten Pr&auml;sentation transportiert werden.</p>\n<p>Ihr mobiler Messestand kommt je nach Auswahl mit einem leichten und stabilen Roll Up oder einem Aluminium Faltdisplay (Pop Up), Messecounter (Pr&auml;sentationstheke als Textil- oder Hardcase-Ausf&uuml;hrung), Prospektst&auml;nder und Transporttaschen.</p>\n<p>KLEVER Messe bietet Ihnen ein gro&szlig;e Auswahl an sinnvollen mobilen Messesets an. F&uuml;r jedes Budget ist etwas dabei.</p>',NULL,0,0,0,1,'',0,0,NULL),(219,32,'|32|3|','Sky Dancer',NULL,0,0,0,'2015-11-12 10:10:41','2015-11-12 10:10:41',NULL,'','Mit unserem Sky Dancer hoch hinaus!','<p><img src=\"http://www.klevermesse.de/media/image/Skydancer_4.jpg\" alt=\"Sky Dancer\" width=\"600\" height=\"335\" /></p>\n<p>&nbsp;</p>\n<div class=\"mp-row-fluid motopress-row mpce-dsbl-margin-left mpce-dsbl-margin-right\">\n<div class=\"mp-span12 motopress-clmn  mpce-dsbl-margin-left mpce-dsbl-margin-right\">\n<div class=\"motopress-text-obj\">\n<h2>Mit unserem Sky Dancer hoch hinaus!</h2>\n</div>\n</div>\n</div>\n<div class=\"mp-row-fluid motopress-row mpce-dsbl-margin-left mpce-dsbl-margin-right\">\n<div class=\"mp-span12 motopress-clmn  mpce-dsbl-margin-left mpce-dsbl-margin-right\">\n<p>Der Sky Dancer tanzt in luftigen H&ouml;hen &ndash; sich unentwegt bewegend und dabei die Alleinstellungsmerkmale einschlie&szlig;lich Corporate Design Ihres Unternehmens pr&auml;sentierend. Wir bedrucken den Sky Dancer mit Ihren Farben, Ihrem Logo, der Firmenwebseite und/oder einem bestimmten Werbeslogan. Es obliegt allein Ihnen, welche Eigenschaften das Produkt letzten Endes darbietet.</p>\n<p>Klar ist, dass wir jeden Sky Dancer aus hochwertigen Materialien und mithilfe eines speziellen Verfahrens fertigen sowie mit einem ad&auml;quaten Gebl&auml;se versehen. Nur so legt das Objekt den erfolgversprechenden Skydance hin. Es l&auml;sst sich in wenigen Minuten auf- und abbauen und jederzeit flexibel einsetzen. Nicht zuletzt, da Sie den Sky Dancer zu Aufbewahrungs- und Transportzwecken klein verpacken k&ouml;nnen.</p>\n<p>Dass die aufblasbare Air Tube die Aufmerksamkeit der Passanten beinahe magisch auf sich zieht, liegt neben der optischen Gestaltung und dauerhaften Bewegung nat&uuml;rlich auch an der Gr&ouml;&szlig;e.</p>\n</div>\n</div>',NULL,0,1,0,1,'',0,0,2072),(220,3,'|3|','Aluprofile',NULL,0,0,0,'2015-11-13 09:35:01','2015-11-13 09:35:01',NULL,'','Aluprofilrahmen einseitig oder doppelseitig - Alles möglich!','<h1 class=\"subcat-head\">Pr&auml;sentieren Sie Ihre Werbebotschaft in unseren Aluprofilrahmen, mit oder ohne Beleuchtung - edel und ausdrucksstark!&nbsp;</h1>\n<p>Unsere <strong>Aluprofilrahmen</strong> bestehen aus&nbsp;Aluminiumprofilen, in die Textildrucke eingespannt werden. Die Drucke werden mit Hilfe eines angen&auml;hten Silikonkeders in die Nut eingesetzt. Das Prinzip der textilen Bespannung erlaubt einen schnellen und unkomplizierten Wechsel der Motive.</p>\n<p>Die Profilbautechnik erm&ouml;glicht rahmenlose L&ouml;sungen jeglicher Gr&ouml;&szlig;e und Form.&nbsp;<br />Wir bieten verschiedene Materialien, unterschiedliche Bautiefen und Formate, sowie einseitige und doppelseitige Systeme an.<br />Den Textildruck realisieren wir nach Ihrer Vorgabe. Unsere <strong>Aluprofilrahmen</strong> gibt es freistehend aber auch f&uuml;r die Wandmontage.&nbsp;Wir produzieren Ihr Sonderformat und liefern die Textildrucke gleich dazu!</p>\n<p>Die Einsatzbereiche f&uuml;r unsere Produkte sind vielf&auml;ltig: Ob im Messe- oder Ladenbau, im B&uuml;robereich oder f&uuml;r das eigene Zuhause, beleuchtet oder unbeleuchtet, Aluframe ist immer ein Blickfang.</p>\n<p><strong>Die Vorteile der Aluprofilrahmen:</strong></p>\n<ul>\n<li>Alle Gr&ouml;&szlig;en und Formate frei definierbar</li>\n<li>Einfach zu montieren</li>\n<li>Motive jederzeit und sehr einfach tauschbar! Interessant f&uuml;r Aktionen und Kampagnen</li>\n<li>Optimales Preis-Leistungs-Verh&auml;ltnis</li>\n<li>Auf Wunsch auch mit Hinterleuchtung durch seitliche oder umlaufende LED-Technik</li>\n</ul>',NULL,0,1,0,1,'',0,0,1629),(221,220,'|220|3|','für LED Beleuchtung',NULL,0,0,0,'2015-11-13 09:35:36','2015-11-13 09:35:36',NULL,'','','',NULL,0,1,0,1,'',0,0,NULL),(222,220,'|220|3|','Einseitig',NULL,0,0,0,'2015-11-13 11:11:38','2015-11-13 11:11:38',NULL,NULL,NULL,NULL,NULL,NULL,1,0,1,NULL,0,0,NULL),(223,220,'|220|3|','Beidseitig',NULL,0,0,0,'2015-11-13 11:11:54','2015-11-13 11:11:54',NULL,NULL,NULL,NULL,NULL,NULL,1,0,1,NULL,0,0,NULL),(224,220,'|220|3|','Zubehör',NULL,0,0,0,'2015-11-16 13:15:10','2015-11-16 13:15:10',NULL,NULL,NULL,NULL,NULL,NULL,1,0,1,NULL,0,0,NULL),(225,207,'|207|3|','Ausstellungssysteme',NULL,0,0,0,'2015-11-18 13:12:49','2015-11-18 13:12:49',NULL,'','Ausstellungssysteme zum fairen Preis! ','',NULL,0,1,0,1,'',0,0,NULL),(226,43,'|43|3|','Maxi Frame ',NULL,0,0,0,'2015-12-07 10:09:09','2015-12-07 10:09:09',NULL,NULL,NULL,NULL,NULL,NULL,1,0,1,NULL,0,0,NULL),(227,3,'|3|','Werbedruck',NULL,0,0,0,'2016-01-29 14:05:32','2016-01-29 14:05:32','Werbebanner Gerüstbanner Bauzaunbanner Werbebanner - Transparente - Backdrop - Bühnenelemente - Boxenbespannung PA Werbeanhänger LKW-Werbung Großplakate Außenwerbung - Riesenposter - Backlight - Gerüstwerbung  Netzdruck Werbenetze Megaposter Werbeplane Fassadenbanner','Werbebanner PVC, Textil und Mesh, sowohl einseitig als auch doppelseitig bedruckbar.\nCanvas, Backlit und Fahnenstoff\nInklusive Digitaldruck nach Ihrer Vorlage\n+ Saum + Ösen\nDer absolute Hingucker in Ihren Wunschmaßen! Mit einer wetterfesten Plane bringen Sie Ihre Werbebotschaft eindrucksvoll an den Mann.','Werbedruck - Großformatdruck für einen fairen Preis','<p><span>Wir drucken Ihre<strong> Werbebanner </strong>in Ihrer Wunschgr&ouml;&szlig;e<strong>,&nbsp;</strong></span>sowohl f&uuml;r den Au&szlig;en- als auch Innenbereich geeignet. Sie k&ouml;nnen den Banner &uuml;berall aufh&auml;ngen, denn mit den nach Wunsch vorhandenen &Ouml;sen oder Hohlsaum l&auml;sst sich Ihre <strong>Werbeplane</strong> leicht montieren. Diese Plane ist sehr werbewirksam und wetterfest.</p>\n<p><strong>Digitaldruck &ndash; Textilien und Kunststoffe (PVC)</strong></p>\n<p>Das Digitaldruck-Verfahren bietet die M&ouml;glichkeit, selbst bei komplexen Vorlagen alle Einzel- und Feinheiten umzusetzen. Mit dieser Technik sind Drucke in Fotoqualit&auml;t realisierbar. Die professionellen Industriedruckmaschinen von KLEVER GmbH erm&ouml;glichen es, Werbeflaggen, Banner, etc. mit einer maximalen Breite von bis zu 310 cm in sehr kurzer Zeit zu produzieren.<span><strong>F&uuml;r unsere Ausdrucke sind einmalige Sch&auml;rfe, hohe Qualit&auml;t und ausgezeichnete Farbenintensit&auml;t charakteristisch.</strong></span></p>\n<p>Beim Digitaldruck-Verfahren nutzen wir Materialien h&ouml;chster Qualit&auml;t. Wir bedrucken Textilien und Kunststoffe (PVC).</p>',NULL,0,1,0,1,'',0,0,1786),(228,227,'|227|3|','PVC Banner',NULL,0,0,0,'2016-01-29 14:06:15','2016-01-29 14:06:15',NULL,NULL,NULL,NULL,NULL,NULL,1,0,1,NULL,0,0,NULL),(229,227,'|227|3|','Stoffbanner',NULL,0,0,0,'2016-01-29 14:06:37','2016-01-29 14:06:37',NULL,NULL,NULL,NULL,NULL,NULL,1,0,1,NULL,0,0,NULL),(230,227,'|227|3|','Gerüstbanner',NULL,0,0,0,'2016-01-29 14:07:02','2016-01-29 14:07:02',NULL,NULL,NULL,NULL,NULL,NULL,1,0,1,NULL,0,0,NULL),(231,227,'|227|3|','Schaufenster Banner',NULL,0,0,0,'2016-01-29 14:07:19','2016-01-29 14:07:19',NULL,NULL,NULL,NULL,NULL,NULL,1,0,1,NULL,0,0,NULL),(232,38,'|38|3|','Transport Trolly',NULL,0,0,0,'2016-03-01 14:47:37','2016-03-01 14:47:37',NULL,NULL,NULL,NULL,NULL,NULL,1,0,1,NULL,0,0,NULL),(233,38,'|38|3|','Soft Trolly',NULL,0,0,0,'2016-03-01 14:54:08','2016-03-01 14:54:08',NULL,'','Soft Trolly auf Räder und Ausziegriff','',NULL,0,1,0,1,'',0,0,NULL),(234,3,'|3|','Flight Cases',NULL,0,0,0,'2016-03-03 11:10:13','2016-03-03 11:10:13','Flight case, Aluminium Koffer, alukoffer, koffer für unterwegs, hard case','','Flight Cases - maßgeschneiderte Koffer für Unterwegs','<p><span class=\"notranslate\">Unsere simplen, h&ouml;hst robusten und hochwertigen Transportkoffer bieten Ihnen zahlreiche unterschiedliche Verwendungsm&ouml;glichkeiten. Ob f&uuml;r den Transport von Musikinstrumenten, medizinischem Equipment oder Messebau-, Licht- und B&uuml;hnentechnik. Ebenso k&ouml;nnen Sie die flugtauglichen Transportkisten als Pr&auml;sentationskoffer, Monteurkoffer oder Werkzeugkoffer verwenden. Dank des gro&szlig;en Stauraums k&ouml;nnen Sie viele unterschiedliche Gegenst&auml;nde unterkriegen.<br />Wir r&uuml;sten alle Koffer mit <span class=\"notranslate\">hervorragenden</span>&nbsp;Materialien aus, um einen optimalen Gebrauch zu gew&auml;hrleisten.</span></p>\n<p>&nbsp;</p>\n<ul>\n<li>Wir k&ouml;nnen die H&ouml;he, Tiefe und Breite auf Ihre Bed&uuml;rfnisse abstimmen</li>\n<li>Aluminiumprofile mit Eckverst&auml;rkern</li>\n<li>individuelle Innengestaltung z.B mit Schaumstoff oder Abtrennungen</li>\n<li>mit stabilen Rollen oder Trolley</li>\n<li>unterschiedliche Griffe und Schl&ouml;sser</li>\n</ul>\n<p><span class=\"notranslate\">&nbsp;</span></p>\n<p>&nbsp;</p>\n<p><span class=\"notranslate\">&nbsp;</span></p>\n<p><span class=\"notranslate\">&nbsp;</span></p>\n<p><span class=\"notranslate\">&nbsp;</span></p>',NULL,0,1,0,1,'',0,0,1800),(235,42,'|42|3|','LUX Led',NULL,0,0,0,'2016-03-24 12:49:12','2016-03-24 12:49:12',NULL,NULL,NULL,NULL,NULL,NULL,1,0,1,NULL,0,0,NULL),(236,35,'|35|3|','Türschilder',NULL,0,0,0,'2016-04-12 10:15:33','2016-04-12 10:15:33',NULL,NULL,NULL,NULL,NULL,NULL,1,0,1,NULL,0,0,NULL),(237,43,'|43|3|','Centro System',NULL,0,0,0,'2016-04-20 13:22:55','2016-04-20 13:22:55',NULL,NULL,NULL,NULL,NULL,NULL,1,0,1,NULL,0,0,NULL),(238,144,'|144|3|','Kundenstopper Holz Optik',NULL,0,0,0,'2016-06-10 13:47:32','2016-06-10 13:47:32',NULL,'','Kundenstopper Holz Optik mit diesem Aufsteller sind Sie bestens gewappnet für die EM 2016!','',NULL,0,1,0,1,'',0,0,NULL),(239,144,'|144|3|','A Board Inndoor',NULL,0,0,0,'2016-06-10 14:38:06','2016-06-10 14:38:06',NULL,NULL,NULL,NULL,NULL,NULL,1,0,1,NULL,0,0,NULL),(240,144,'|144|3|','ECO Outdoor',NULL,0,0,0,'2016-06-10 14:38:26','2016-06-10 14:38:26',NULL,NULL,NULL,NULL,NULL,NULL,1,0,1,NULL,0,0,NULL),(241,144,'|144|3|','A-Board Wasserfest',NULL,0,0,0,'2016-06-10 14:38:57','2016-06-10 14:38:57',NULL,NULL,NULL,NULL,NULL,NULL,1,0,1,NULL,0,0,NULL),(242,42,'|42|3|','LED Pylone Oval',NULL,0,0,0,'2016-06-17 11:54:46','2016-06-17 11:54:46',NULL,'','','',NULL,0,1,0,1,'',0,0,NULL),(243,42,'|42|3|','Zubehör',NULL,0,0,0,'2016-06-17 14:12:28','2016-06-17 14:12:28',NULL,NULL,NULL,NULL,NULL,NULL,1,0,1,NULL,0,0,NULL),(244,181,'|181|3|','Werbepylonen',NULL,0,0,0,'2016-07-05 13:13:27','2016-07-05 13:13:27',NULL,'','Werbepylonen ein Blickfang für jedes Unternehmen.','<p><span>Alle Werbep</span><span>ylone</span><span>&nbsp;werden fertig montiert und bei beleuchteten Werbepylonen inklusive aller Leuchtmittel geliefert.&nbsp;<span>Angeboten werden alle Werbepylonen, egal ob beleuchtet oder unbeleuchtet mit gew&ouml;lbten oder geraden Fronten.</span></span></p>\n<p><span><span>So lagern und produzieren wir unsere Pylonen, Profilwerbesysteme und Leuchtreklamen f&uuml;r den Au&szlig;en- und Innenbereich.&nbsp;</span></span></p>\n<p>&nbsp;</p>\n<p><img src=\"https://image.jimcdn.com/app/cms/image/transf/dimension=1920x400:format=jpg/path/sfc81a516962c17a2/image/i8a370f5b52e46e7d/version/1467721302/image.jpg\" alt=\"\" width=\"300\" height=\"400\" /></p>\n<p><img src=\"https://image.jimcdn.com/app/cms/image/transf/dimension=1920x400:format=jpg/path/sfc81a516962c17a2/image/i43d8405bac55a56c/version/1467721302/image.jpg\" alt=\"\" width=\"300\" height=\"400\" /></p>\n<p><img src=\"https://image.jimcdn.com/app/cms/image/transf/dimension=1920x400:format=jpg/path/sfc81a516962c17a2/image/i54e47f18e84120ac/version/1467721325/image.jpg\" alt=\"\" width=\"300\" height=\"400\" /></p>\n<p><img src=\"https://image.jimcdn.com/app/cms/image/transf/dimension=1920x400:format=jpg/path/sfc81a516962c17a2/image/ia2577dffadcbfed2/version/1467721373/image.jpg\" alt=\"\" width=\"300\" height=\"400\" /></p>\n<p><img src=\"https://image.jimcdn.com/app/cms/image/transf/dimension=1920x400:format=jpg/path/sfc81a516962c17a2/image/i8bee1ab91da66395/version/1467721405/image.jpg\" alt=\"\" width=\"533\" height=\"400\" /></p>\n<p><img src=\"https://image.jimcdn.com/app/cms/image/transf/dimension=1920x400:format=jpg/path/sfc81a516962c17a2/image/i6ad3d948f5b4657a/version/1467721302/image.jpg\" alt=\"\" width=\"533\" height=\"400\" /></p>\n<p><img src=\"https://image.jimcdn.com/app/cms/image/transf/dimension=1920x400:format=jpg/path/sfc81a516962c17a2/image/i7f644b48cf7a54f3/version/1467721427/image.jpg\" alt=\"\" width=\"300\" height=\"400\" /></p>\n<p><img src=\"https://image.jimcdn.com/app/cms/image/transf/dimension=1920x400:format=jpg/path/sfc81a516962c17a2/image/ib8f483a11bf48cb4/version/1467721302/image.jpg\" alt=\"\" width=\"533\" height=\"400\" /></p>\n<p>&nbsp;</p>',NULL,0,1,0,1,'',0,0,NULL),(245,42,'|42|3|','Werbepylonen',NULL,0,0,0,'2016-07-05 14:09:31','2016-07-05 14:09:31',NULL,'','Werbepylonen, ob gerade oder gewölbte Form, ob un- oder beleuchtet, wir liefern innerhalb von 5-6 Werktagen. ','<p>Alle unsere Pylonen, S&auml;ulen werden in EUROPA hergestellt aus hochwertigen Material und werden komplett fertig montiert geliefert!&nbsp;</p>\n<p><span style=\"color: #ff0000;\"><strong>Lieferzeit in 5-6 Werktagen ist m&ouml;glich, wenn es ganz schnell gehen soll.&nbsp;</strong></span></p>\n<p>Druck auf Backlitfolie SK 150gr ist auf Anfrage realisierbar.&nbsp;</p>\n<p>&nbsp;</p>',NULL,0,1,0,1,'',0,0,NULL),(246,42,'|42|3|','Gerade Pylone',NULL,0,0,0,'2016-07-06 09:20:48','2016-07-06 09:20:48',NULL,NULL,NULL,NULL,NULL,NULL,1,0,1,NULL,0,0,NULL),(247,42,'|42|3|','Wellen Pylone',NULL,0,0,0,'2016-07-06 09:21:00','2016-07-06 09:21:00',NULL,NULL,NULL,NULL,NULL,NULL,1,0,1,NULL,0,0,NULL),(248,42,'|42|3|','Glas Werbepylone',NULL,0,0,0,'2016-07-11 10:27:36','2016-07-11 10:27:36',NULL,NULL,NULL,NULL,NULL,NULL,1,0,1,NULL,0,0,NULL),(249,181,'|181|3|','LED Light Box',NULL,0,0,0,'2016-07-13 14:46:46','2016-07-13 14:46:46',NULL,NULL,NULL,NULL,NULL,NULL,1,0,1,NULL,0,0,NULL),(250,181,'|181|3|','LED Bilderrahmen',NULL,0,0,0,'2016-07-13 14:47:31','2016-07-13 14:47:31',NULL,NULL,NULL,NULL,NULL,NULL,1,0,1,NULL,0,0,NULL),(251,181,'|181|3|','LED Module / Zubehör',NULL,0,0,0,'2016-07-13 14:54:06','2016-07-13 14:54:06',NULL,NULL,NULL,NULL,NULL,NULL,1,0,1,NULL,0,0,NULL),(252,181,'|181|3|','LED Buchstaben',NULL,0,0,0,'2016-07-13 15:05:23','2016-07-13 15:05:23',NULL,NULL,NULL,NULL,NULL,NULL,1,0,1,NULL,0,0,NULL),(253,32,'|32|3|','Fußboden Velour ',NULL,0,0,0,'2016-12-08 13:34:53','2016-12-08 13:34:53',NULL,NULL,NULL,NULL,NULL,NULL,1,0,1,NULL,0,0,NULL),(254,22,'|22|3|','Bodenständer',NULL,0,0,0,'2017-04-11 13:05:01','2017-04-11 13:05:01',NULL,NULL,NULL,NULL,NULL,NULL,1,0,1,NULL,0,0,NULL),(255,40,'|40|3|','Faltzelte',NULL,0,0,0,'2017-05-10 13:00:52','2017-05-10 13:00:52',NULL,NULL,NULL,NULL,NULL,NULL,1,0,1,NULL,0,0,NULL),(256,42,'|42|3|','Werbesäule , Pop Up Tower, Infosäule',NULL,0,0,0,'2017-05-24 10:31:44','2017-05-24 10:31:44',NULL,'','Pop Up Tower - Die perfekte Präsentationssäule die Ihre Werbebotschaft zu allen Seiten verbreitet.','<p><img style=\"display: block; margin-left: auto; margin-right: auto;\" src=\"https://www.klevermesse.de/media/image/webbanner_klevermesse_popuptower.png\" alt=\"\" width=\"634\" height=\"353\" /></p>',NULL,0,1,0,1,'',0,0,NULL),(257,194,'|194|3|','2 x 2',NULL,0,0,0,'2017-05-30 12:24:09','2017-05-30 12:24:09',NULL,NULL,NULL,NULL,NULL,NULL,1,0,1,NULL,0,0,NULL),(258,194,'|194|3|','3 x 4.5',NULL,0,0,0,'2017-05-30 12:24:20','2017-05-30 12:24:20',NULL,NULL,NULL,NULL,NULL,NULL,1,0,1,NULL,0,0,NULL),(259,194,'|194|3|','3 x 6',NULL,0,0,0,'2017-05-30 12:24:29','2017-05-30 12:24:29',NULL,'','Aluminuim Faltzelt 3 x 6m, Messezelt, Pavillon, Partyzelt, Eventzelt','',NULL,0,1,0,1,'',0,0,NULL),(260,194,'|194|3|','Zubehör',NULL,0,0,0,'2017-05-30 12:24:42','2017-05-30 12:24:42',NULL,NULL,NULL,NULL,NULL,NULL,1,0,1,NULL,0,0,NULL),(261,194,'|194|3|','Air Tent',NULL,0,0,0,'2017-06-09 15:36:40','2017-06-09 15:36:40',NULL,NULL,NULL,NULL,NULL,NULL,1,0,1,NULL,0,0,NULL),(262,40,'|40|3|','Air Tent',NULL,0,0,0,'2017-06-09 15:37:31','2017-06-09 15:37:31',NULL,NULL,NULL,NULL,NULL,NULL,1,0,1,NULL,0,0,NULL),(265,3,'|3|','OUTDOORSYSTEME',NULL,0,0,0,'2018-01-20 11:14:37','2018-01-20 11:14:37',NULL,'','Outdoorsysteme - Mobile Präsentationssysteme für den Außenbereich','<p><span style=\"font-size: small;\">Sie ben&ouml;tigen wetterfeste, praktische, aufmerksamkeitsstarke Werbeprodukte f&uuml;r den Au&szlig;enbereich? Sie wollen, dass man Ihr Unternehmen schon von Weitem erkennt? Sie m&ouml;chten Laufkundschaft gezielt ansprechen? Das alles ist kein Problem mit unseren wirkungsvollen Outdoorsystemen!</span></p>',NULL,0,1,0,1,'',0,0,NULL),(266,3,'|3|','MESSESYSTEME',NULL,0,0,0,'2018-01-20 11:15:05','2018-01-20 11:15:05',NULL,'','Messesysteme - Mit diesen Faltwand-Systemen kommen Sie groß raus.','<div class=\"keyvisual-content-text-1\">Event, Promotion, VKF-Aktion oder Messe &ndash; wir haben Systeme f&uuml;r alle Einsatzbereiche! Unsere Messesysteme sind leicht im Handling und auch im Gewicht. Elegant oder auch individuell designed, verschaffen Sie Ihnen auch in vollen Messehallen die gew&uuml;nschte Aufmerksamkeit!</div>\n<div class=\"keyvisual-content-text-1\">\n<p>Displaysysteme sind Teil der Au&szlig;enwirkung Ihres Unternehmens, hier muss jedes Detail stimmen. Als Profis wissen wir, worauf es ankommt. Bereits im Vorfeld nehmen wir uns soviel Zeit wie n&ouml;tig, um Ihre Ideen zu sammeln und eigene Vorschl&auml;ge zu machen. Nur so k&ouml;nnen Displaysysteme gefunden werden, die perfekt zu Ihnen und Ihrem jeweiligen Auftritt passen und die Zielgruppe immer im Auge behalten.</p>\n<p>Wir k&ouml;nnen auf langj&auml;hrige Erfahrung im Bereich Pr&auml;sentations- und Werbesysteme zur&uuml;ckblicken &ndash; Sie k&ouml;nnen sich also auf eine hochprofessionelle und zuverl&auml;ssige Zusammenarbeit verlassen. Das gilt nat&uuml;rlich auch f&uuml;r die Umsetzung Ihrer Ideen. Zur Herstellung der Displaysysteme nutzen wir erstklassige Druckverfahren und modernste Technik.</p>\n</div>',NULL,0,1,0,1,'',0,0,NULL),(267,3,'|3|','BANNERSYSTEME',NULL,0,0,0,'2018-01-20 11:15:30','2018-01-20 11:15:30',NULL,'','BANNERSYSTEME - Großes Format - große Wirkung!','<div class=\"keyvisual-content-text-1\">Gro&szlig;es Format - gro&szlig;e Wirkung! Die Kommunikationsfl&auml;chen am Point of Sale werden immer gr&ouml;&szlig;er und die Materialien immer vielf&auml;ltiger.&nbsp;</div>\n<div class=\"keyvisual-content-text-1\">Nat&uuml;rlich muss die Qualit&auml;t der Banner-Displays stimmen, damit Ihre Werbema&szlig;nahme von Erfolg gekr&ouml;nt wird. Unsere Banner-Displays werden gedruckt auf robustem, abwaschbarem Polyamid-Polyester-Gemisch, das dank Witterungsbest&auml;ndigkeit auch f&uuml;r Au&szlig;eneins&auml;tze bestens geeignet ist. Ihr Motiv oder Ihr Logo bringen wir mit hochwertigem Digital-Direktdruck auf die Banner-Displays. Unsere Produktionsbedingungen sind umweltfreundlich und befinden sich auf dem neuesten Stand der Entwicklungen. Neben der hochwertigen Verarbeitung achten wir darauf, dass sich die Banner-Displays optimal in die Umgebung einf&uuml;gen und zum jeweiligen Event passen.</div>\n<div class=\"keyvisual-content-text-1\">&nbsp;</div>',NULL,0,1,0,1,'',0,0,NULL),(268,3,'|3|','THEKENSYSTEME',NULL,0,0,0,'2018-01-20 11:18:35','2018-01-20 11:18:35',NULL,'','THEKENSYSTEME - Schaffen Sie eine perfekte Unterlage für Ihre Werbemittel','<p>Damit k&ouml;nnen Sie &uuml;berall mitreden! Zu einem vollkommenen Auftritt geh&ouml;rt das beratende Gespr&auml;ch. Um Beratungen ansprechend durchzuf&uuml;hren, ben&ouml;tigen Sie die richtige Ausstattung. Eine Theke ist da unentbehrlich. Ob in klassischer rechteckiger Form oder in auffallenden Sonderformen, ob edel oder rustikal in der Ausf&uuml;hrung, ob mit Topschild oder ohne &ndash; f&uuml;r jeden Geschmack ist das Passende dabei.<br /><br />Nebenbei erf&uuml;llen Theken nat&uuml;rlich ihren Zweck als Ablage oder zur Unterbringung von Computern und Prospektmaterial. Denn Ordnung ist gerade beim Messeauftritt &bdquo;die halbe Miete&ldquo;. Unsere Theken sind robust bei wenig Gewicht und durch das Zerlegen in wenige Einzelteile einfach auf- und abzubauen. Gleichzeitig l&auml;sst sich bei vielen Modellen Ihre Werbung mit einbringen und vervollst&auml;ndigt so das Corporate Design Ihres Unternehmens am Messestand.</p>',NULL,0,1,0,1,'',0,0,NULL),(269,3,'|3|','INFOSYSTEME',NULL,0,0,0,'2018-01-20 11:19:17','2018-01-20 11:19:17',NULL,'','INFOSYSTEME - Präsentieren Sie Ihre Produkte erfolgreich mit Infosystemen!','<div class=\"keyvisual-content-text-1\">Ob als Objektbeschilderung, Preisauszeichnung oder Wegweiser &ndash; Infosysteme sind ein wichtiger Bestandteil in Verkaufs- und Ausstellungsr&auml;umen sowie in allen &ouml;ffentlichen Geb&auml;uden! Unsere Produkte f&uuml;gen sich je nach Wunsch schlicht oder auff&auml;llig in Ihre Raumausstattung und liefern Ihren Kunden wichtige Informationen auf einen Blick.</div>',NULL,0,1,0,1,'',0,0,NULL),(270,3,'|3|','LEUCHTSYSTEME',NULL,0,0,0,'2018-01-20 11:19:39','2018-01-20 11:19:39',NULL,'','LEUCHTSYSTEME - Setzen Sie Ihre Werbung mit unseren Leuchtsystemen ins richtige Licht!','<div class=\"keyvisual-content-text-1\">Bringen Sie Ihre Werbebotschaften zum Leuchten! Mit unseren LED-Leuchtdisplays erzielen Sie beeindruckende Effekte und eine hohe Werbewirksamkeit! Unsere Produktpalette umfasst unter anderem LED-Leuchtdisplays, -rahmen und -k&auml;sten. Mit diesen Produkten erzielen Sie zu jeder Tages- und Jahreszeit hohe Aufmerksamkeit.</div>\n<div class=\"keyvisual-content-text-1\"><span>Hohe Werbewirksamkeit</span>\n<div>Leuchtw&auml;nde fallen auf und setzen sich von der Masse ab. Ihre Werbebotschaft kommt bei Ihrer Zielgruppe an.</div>\n<div><strong>Power-LEDs</strong></div>\n<div>Hochwertige Power-LEDs mit neuartiger Optik sorgen f&uuml;r extra viel Licht und eine gleichm&auml;&szlig;ige Ausleuchtung Ihrer Motive.</div>\n<div><span><strong>Stoffprints mit Silikonkeder</strong><br /></span></div>\n<div>Durch die beidseitige Bespannung mit Stoffprints verdoppeln Sie im Handumdrehen Ihre Werbefl&auml;che.</div>\n<div><span><strong>Steckerfertige Vormontage</strong><br /></span></div>\n<div>Die LED-Leisten sind bereits steckerfertig vormontiert, der Aufbau der Leuchtrahmen ist kinderleicht. Das spart Zeit und Geld.</div>\n<div><span><strong>Standardformate</strong><br /></span></div>\n<div>Unsere praktischen Standardformate f&uuml;r Wand-, Theken- Decken- und W&uuml;rfell&ouml;sungen decken viele Anwendungen ab.</div>\n<div><span><strong>Sonderformate</strong><br /></span></div>\n<div>Selbstverst&auml;ndlich fertigen wir f&uuml;r Sie auch Sonderformate und Sonderausf&uuml;hrungen an &ndash; unser Team freut sich auf Ihren Anruf.</div>\n</div>',NULL,0,1,0,1,'',0,0,NULL),(271,265,'|265|3|','Fahnen',NULL,0,0,0,'2018-01-20 11:41:45','2018-01-20 11:41:45',NULL,'','Fahnen - Woher der Wind auch weht - Fahnen ziehen immer Blicke auf sich.','<p>Sie suchen nach einer eindrucksvollen Form der Au&szlig;enwerbung? Wehende Fahnen sind auch von der Ferne gut sichtbar und eignen sich hervorragend als Werbetr&auml;ger f&uuml;r Ihr Unternehmen. Lassen Sie bei uns Ihre Fahne bedrucken und setzen Sie auf die langj&auml;hrige Erfahrung eines Spezialisten f&uuml;r Pr&auml;sentationssysteme. Wir bieten Ihnen eine erstklassige Druckqualit&auml;t, die auf unseren Stoffen optimal zur Geltung kommt. Da diese Werbefahnen zu hundert Prozent aus Polyamid-Polyester gefertigt werden, sind sie wetterfest. Falls die Fahnen nach einiger Zeit verschmutzen, k&ouml;nnen Sie diese ganz unkompliziert bei 30 Grad waschen und wieder einsetzen. Auch alle weiteren Bauteile Ihrer Fahne - also zum Beispiel die Spannungs-Vorrichtung, das Aluminium-Gest&auml;nge oder die Plastik-Halterungen - bestehen aus besten Materialien, denn wir machen in puncto Qualit&auml;t keine Kompromisse.</p>',NULL,0,1,0,1,'',0,0,NULL),(272,265,'|265|3|','Beachflags',NULL,0,0,0,'2018-01-20 11:41:57','2018-01-20 11:41:57',NULL,'','Beachflags - ein überragender Blickfang mit Ihrer Werbebotschaft','<p>Setzen Sie Ihr Unternehmen gekonnt in Szene - mit einem Werbetr&auml;ger, der nicht zu &uuml;bersehen ist. Unsere Beach-Flags sind weithin sichtbar und sorgen f&uuml;r einen dynamischen Auftritt. Sie werden haupts&auml;chlich im Outdoor-Bereich eingesetzt und sind in verschiedenen Gr&ouml;&szlig;en und Formaten erh&auml;ltlich. Da die Werbefahnen an einem &auml;u&szlig;erst robusten Aluminiumgest&auml;nge befestigt werden und die ganze Konstruktion auf einem stabilen Fu&szlig; steht, k&ouml;nnen auch Wind und Regen Ihrer Beach-Flag nichts anhaben. Eine spezielle Vorrichtung sorgt daf&uuml;r, dass Ihre Fahne immer straff gespannt ist. Auf diese Weise sind Ihr Slogan und Ihr Logo stets gut zu erkennen. Der Auf- und Abbau ist innerhalb k&uuml;rzester Zeit erledigt und kann ganz leicht von einer Person vorgenommen werden. In der praktischen Tragetasche, die jeder Lieferung beigef&uuml;gt ist, k&ouml;nnen Sie Ihren mobilen Werbetr&auml;ger verstauen und sicher verpackt transportieren.</p>',NULL,0,1,0,1,'',0,0,NULL),(273,265,'|265|3|','Kundenstopper',NULL,0,0,0,'2018-01-20 11:42:10','2018-01-20 11:42:10',NULL,'','Kundenstopper - Das Interesse von Passanten wecken!','<h1><span style=\"font-size: small;\">Der Gehwegaufsteller wird in der Regel outdoor, im Au&szlig;enbereich, aufgestellt um dort gezielt<big>&nbsp;</big>die Aufmerksamkeit der potientiellen Zielgruppen auf sich zu lenken.&nbsp;</span></h1>\n<p><span>Der Kundenstopper aus Aluminium ist gerade im Au&szlig;enbereich ein optischer Blickfang.</span><br /><span> Besonders die Witterungsbest&auml;ndigkeit von Aluminium ist ein wichtiges Argument f&uuml;r einen Plakatst&auml;nder, der vor Ladengesch&auml;ften oder Lokalen aufgestellt wird. Ob starker Regen, Frost oder Hitze: Aluminium ist wetterbest&auml;ndig und l&auml;sst den&nbsp;Kundenstopper &uuml;ber einen langen Zeitrahmen NEU aussehen. Der Alu Kundenstopper ist korrosionsbest&auml;ndig und wasserdicht &ndash; Durch eine Schutzfolie aus Kunststoff, diese wirkt au&szlig;erdem gegen Reflexionen und macht die Werbung im Plakataufsteller auch bei starker Sonneneinstrahlung gut lesbar.</span></p>\n<p><span>Bei Quickprinter finden Sie Kundenstopper in verschiedenen Gr&ouml;&szlig;en und Variationen. </span><br /><span> Der Alu Kundenstopper ist leicht zu transportieren und somit an vielen Einsatzorten aufstellbar, ob es Messen oder Ausstellungen sind, im inneren Bereich, ganz egal wo, der Gehwegaufsteller pr&auml;sentiert Ihre Botschaft &uuml;berall.</span></p>',NULL,0,1,0,1,'',0,0,NULL),(274,266,'|266|3|','Faltsysteme',NULL,0,0,0,'2018-01-20 11:43:20','2018-01-20 11:43:20',NULL,'','Faltsysteme - kleiner Messestand – große Wirkung! ','<p>Mit unseren gro&szlig;formatigen Faltdisplays und Faltw&auml;nden&nbsp;geht Ihr Unternehmen auf die Reise. So erregen Sie Aufsehen &ndash; schon aus der Ferne! Die Aufmerksamkeit richtet sich schnell auf Ihre Werbung und grenzt Sie deutlich von Ihren Mitbewerbern ab.</p>\n<p>Unsere&nbsp;gro&szlig;formatigen Displays sind effektiv und dies bei geringem Aufwand. Ihr Corporate Design steht sofort im Vordergrund. Eine Top-Bildqualit&auml;t und ideale Beleuchtung sorgen f&uuml;r den vollkommenen Werbeauftritt. Alle Systeme&nbsp;sind schnell und einfach aufzubauen. Ein Faltdisplay-Messestand&nbsp;l&auml;sst sich von einer Person bequem auf- und abbauen! Lange Lebensdauer und problemloser Transport sind f&uuml;r all&nbsp;unsere Displays garantiert. Unsere mobilen Messest&auml;nde lassen sich in ein bis zwei Transportkoffern verstauen und passen somit in jeden Kombi.</p>',NULL,0,1,0,1,'',0,0,NULL),(275,266,'|266|3|','Stecksysteme',NULL,0,0,0,'2018-01-20 11:43:32','2018-01-20 11:43:32',NULL,'','Stecksysteme - die neue textile Rückwand mit Reißverschluss.','<p>Die einfachen L&ouml;sungen sind oftmals die besten! Stimmt. Auch bei dieser Textilwand ist der Name absolut Programm! Die Zipper Wall ist eine textile R&uuml;ckwand, die es als gerade und gebogene Variante gibt. Das Gestell aus eloxiertem Aluminium wird mit Sicherheitsclips zusammengesteckt, so wie man es z. B. beim Zeltaufbau gewohnt ist. Anhand farbiger und nummerischer Aufkleber ist sofort sichtbar, welche Stangen zusammen geh&ouml;ren. Die textile Grafik wird anschlie&szlig;end lediglich &uuml;ber das Gestell gezogen und mit Rei&szlig;verschluss verschlossen. Fertig! Viel einfacher geht ein Aufbau nicht.</p>',NULL,0,1,0,1,'',0,0,NULL),(276,267,'|267|3|','Roll Up Banner',NULL,0,0,0,'2018-01-20 11:44:04','2018-01-20 11:44:04',NULL,'','Roll Up Banner - ob für eine Produkteinführung oder als Langzeitdisplays am Point of Sale.','<p>Ein Leichtgewicht, ohne Werkzeuge in weniger als 1 Minute aufgebaut. Ihr Messestand sollte auf das <strong>Roll Up</strong> Banner nicht verzichten. Effizient weil es eben keiner langen Montage bedarf. Dieses <strong>Roll Up</strong> Banner ist ein bew&auml;hrter Klassiker f&uuml;r Pr&auml;sentationen und Messesysteme. G&uuml;nstiger ist kein anderes Messedisplay und selbstverst&auml;ndlich ist dieses Rollup einfacher zu transportieren und zu verstauen. Ihr Motiv wird auf Decolit Folie gedruckt. Ein ebenes Druckergbnis (auch mit Beleuchtung) wird Ihre Kunden vollends &uuml;berzeugen. Wir sind &uuml;berzeugt: Ausgezeichnete Druckqualit&auml;t zum g&uuml;nstigen Preis stehen nicht im Widerspruch.</p>\n<h2>Roll Up Highlights</h2>\n<ul>\n<li>Ohne Werkzeug blitzschnell einsatzbereit</li>\n<li>Platzsparend und leicht</li>\n<li>Roll Up Banner inkl. Tragetasche f&uuml;r angenehmen Transport</li>\n</ul>\n<p>5 Tipps wie Sie das richtige Roll Up finden:</p>\n<p>1. Ber&uuml;cksichtigen Sie wo Ihr Banner eingesetzt werden soll - Innen oder Au&szlig;en<br />2. W&auml;hlen Sie das passende Material: - Frontlite Banner, lichtdurchl&auml;ssig - Blockout Banner, lichtundurchl&auml;ssig oder Poly Film, lichtundurchl&auml;ssig.\'<br />3. M&uuml;ssen Sie schnell und h&auml;ufig Ihre Grafik wechseln? Wenn ja, dann erw&auml;gen Sie das <a title=\"Roll Up Deluxe\" href=\"http://www.klevermesse.de/roll-up-deluxe\" rel=\"nofollow\" target=\"_blank\">Roll Up Banner Deluxe</a>, falls nicht, dann sind Sie mit dem Roll Up <a title=\"Roll Up Standard\" href=\"http://www.klevermesse.de/roll-up-banner-standard\" rel=\"nofollow\" target=\"_blank\">STANDARD</a> oder <a title=\"Roll Banner Plus\" href=\"http://www.klevermesse.de/roll-up-plus\" rel=\"nofollow\" target=\"_blank\">PLUS</a> sehr gut bedient.<br />4. Wie hoch ist Ihr Budget? W&auml;hlen Sie von Roll Up <a title=\"Roll Up Standard\" href=\"http://www.klevermesse.de/roll-up-banner-standard\" rel=\"nofollow\" target=\"_blank\">STANDARD</a>&nbsp;f&uuml;r einmalige oder kurze Promotions bis Roll Banner <a title=\"Roll Up Premium\" href=\"http://www.klevermesse.de/roll-banner-premium\" rel=\"nofollow\" target=\"_blank\">PREMIUM </a>&nbsp;mit hochwertigen Produkt f&uuml;r eine lange Nutzungsdauer.<br />5. Auf die Gr&ouml;&szlig;e kommt es an! Banner gibt es in verschiedenen H&ouml;hen und Breiten. Ber&uuml;cksichtigen Sie den Einsatzort und den verf&uuml;gbaren Platz. Roll Up Systeme sollen das Interesse des Kunden wecken nicht im Weg stehen!</p>',NULL,0,1,0,1,'',0,0,NULL),(277,267,'|267|3|','L-Banner',NULL,0,0,0,'2018-01-20 11:45:08','2018-01-20 11:45:08',NULL,'','L-Banner - Plakativ, praktisch, professionell !','<p>L-Bannersysteme in einer Vielzahl von Ausf&uuml;hrungen und Breiten f&uuml;r eine schnelle und komfortable Pr&auml;sentation von Grafiken bei Promotion, Messen und Ausstellungen !</p>',NULL,0,1,0,1,'',0,0,NULL),(278,267,'|267|3|','Aufstellbanner',NULL,0,0,0,'2018-01-20 11:47:00','2018-01-20 11:47:00',NULL,NULL,NULL,NULL,NULL,NULL,1,0,1,NULL,0,0,NULL),(279,269,'|269|3|','Infoaufsteller',NULL,0,0,0,'2018-01-20 11:47:43','2018-01-20 11:47:43',NULL,NULL,NULL,NULL,NULL,NULL,1,0,1,NULL,0,0,NULL),(280,269,'|269|3|','Prospektständer',NULL,0,0,0,'2018-01-20 11:47:55','2018-01-20 11:47:55',NULL,'','Prospektständer - Die portablen Prospektständer lassen sich zu einem kleinen Format zusammenschieben','<p>&shy;Prospekthalter geh&ouml;ren zu den Basics der Pr&auml;sentationssysteme. Eine F&uuml;lle verschiedener Ausf&uuml;hrungen von elegant bis rustikal, vom &shy;Einzelst&auml;nder bis zum Prospektregal, r&uuml;cken Ihre Verkaufs&shy;unterlagen ins Blickfeld des Kunden und sind dabei sehr Raum&shy; sparend.<br /><br /><strong>Prospektst&auml;nder&nbsp;</strong>bieten Ihr Informationsmaterial in &uuml;bersichtlicher Form an. Sowohl der Kunde als auch Sie selbst haben so die Verkaufsunterlagen immer griffbereit. Ein Prospekthalter ist unentbehrlich, wenn Sie Ihre &shy;Informationen geb&uuml;ndelt und &shy;effektvoll &shy;platzieren wollen.&nbsp;<br /><br />Der Prospekthalter&nbsp;sollte zum Gesamtbild ihres Werbe-Auftrittes passen. Bei unserer gro&szlig;en Auswahl ist auch f&uuml;r Sie das&nbsp;richtige Produkt f&uuml;r Sie dabei! Wir haben diverse Kategorien f&uuml;r Sie parat: Da w&auml;ren einmal die&nbsp;Bodenprospektst&auml;nder&nbsp;f&uuml;r den Einsatz im B&uuml;ro oder im Gesch&auml;ft. Wenn Sie jedoch eine mobile L&ouml;sung ben&ouml;tigen, die sich leicht zusammenfalten l&auml;&szlig;t und so auf Ausstellungen und Messen eine gute Figur macht, dann sind die faltbaren Prospektst&auml;nder&nbsp;sicher das Richtige f&uuml;r Sie.</p>',NULL,0,1,0,1,'',0,0,NULL),(281,269,'|269|3|','Tischaufsteller',NULL,0,0,0,'2018-01-20 11:48:26','2018-01-20 11:48:26',NULL,'','Tischaufsteller - Informationen perfekt in Szene setzen – mit designstarken Tischaufstellern!','<p>Platzsparend und designstark lassen sich Aktionen, Hinweise und Angebote pr&auml;sentieren. Tischaufsteller sind ein attraktiver Blickfang auf Theken, Tischen, in Ausstellungsr&auml;umen und auf Messen. Hochwertiges PVC, Acrylglas, Aluminium oder auch nat&uuml;rliches Holz verleiht den Produkten eine sehr hohe Stabilit&auml;t und Standfestigkeit.&nbsp;</p>',NULL,0,1,0,1,'',0,0,NULL),(282,270,'|270|3|','LED Bilderrahmen',NULL,0,0,0,'2018-01-20 11:48:44','2018-01-20 11:48:44',NULL,'','','<h2 class=\"rs\" title=\"Ob gro&szlig;, ob klein - Licht zieht magisch an! Da sind sich die Marketingexperten weiterhin einig.\"><span style=\"font-size: small;\">Ob gro&szlig;, ob klein - Licht zieht magisch an! Da sind sich die Marketingexperten weiterhin einig.</span></h2>\n<div class=\"rs\">Leuchts&auml;ulen und Leuchtk&auml;sten grenzen Sie von Ihren Mitbewerbern ab und setzen leuchtende Akzente zu Ihren Gunsten. Sei es ein au&szlig;ergew&ouml;hnliches Produkt, das Sie in Szene setzen wollen, oder eine besondere Stimmung, die Sie mit Ihrem Auftritt erzeugen m&ouml;chten, Leuchtdisplays setzen Sie und Ihre Produkte immer gekonnt ins rechte Licht.</div>',NULL,0,1,0,1,'',0,0,NULL),(283,270,'|270|3|','LED Textilspannrahmen',NULL,0,0,0,'2018-01-20 11:49:06','2018-01-20 11:49:06',NULL,'','LED Textilspannrahmen - einfacher Motivwechsel garantiert - hohe Aussagekraft!','<p>Der Textilspannrahmen ist ein einseitiger LED-Leuchtkasten inklusive Textil-Sublimationsdruck, den wir nach Ihrer Vorlage bedrucken. Eine beidseitige Bespannung ist auf Wunsch ebenfalls m&ouml;glich. Sie k&ouml;nnen den LED-Leuchtkasten entweder an der Wand befestigen oder an die Decke h&auml;ngen, die Montage ist denkbar einfach und auch das Motiv l&auml;sst sich ohne Werkzeug schnell und unkompliziert auswechseln. Der LED-Leuchtkasten als Textilspannrahmen sorgt an Ihrem Messestand, in Ihrem Showroom oder am Point of Sale f&uuml;r Aufmerksamkeit.</p>\n<p>Der LED-Leuchtwand als Raumteiler bietet die gleichen Eigenschaften wie der Textilspannrahmen und ist in jeder Gr&ouml;&szlig;e erh&auml;ltlich. Als Raumteiler eingesetzt, bietet Ihnen der LED-Leuchtkasten vielf&auml;ltige M&ouml;glichkeiten zur Raumgestaltung und verbreitet dabei Ihre Werbebotschaft auf originelle Art und Weise.</p>',NULL,0,1,0,1,'',0,0,NULL),(284,265,'|265|3|','Banner',NULL,0,0,0,'2018-01-20 12:07:57','2018-01-20 12:07:57',NULL,'','Banner - Hochwertige Banner für den großen Auftritt drucken lassen','<p>Interessieren Sie sich f&uuml;r innovative Pr&auml;sentationssysteme? Mit einem Banner, das wir individuell f&uuml;r Sie drucken, k&ouml;nnen Sie Ihre Werbebotschaften optimal in Szene setzen. Ob als gro&szlig;fl&auml;chige Werbung in einem Einkaufszentrum oder als Aufsteller an Ihrem Messestand, wir realisieren gerne Ihr Banner-Display nach Ma&szlig;.<br /><br /><strong>Vielf&auml;ltige und spannende Gestaltungsm&ouml;glichkeiten</strong><br /><br /> Setzen Sie auf Qualit&auml;t und die langj&auml;hrige Erfahrung eines Spezialisten, wenn es um die Corporate Identity Ihres Unternehmens geht. Unsere Banner-Displays werden auf robustem, abwaschbarem Polyamid-Polyester-Gemisch gedruckt und sind hochwertig verarbeitet. Das gew&uuml;nschte Motiv und Ihr Logo werden in erstklassigem Digital-Direktdruck auf dem witterungsbest&auml;ndigen Stoff aufgebracht. Die Gestaltungsm&ouml;glichkeiten sind sehr vielf&auml;ltig, schlie&szlig;lich soll sich das Display hervorragend in der Umgebung einf&uuml;gen und zum jeweiligen Event passen.<br />Sie k&ouml;nnen den Banner &uuml;berall aufh&auml;ngen, denn mit den nach Wunsch vorhandenen &Ouml;sen oder Hohlsaum l&auml;sst sich Ihre <strong>Werbeplane</strong> leicht montieren.</p>',NULL,0,1,0,1,'',0,0,NULL),(285,265,'|265|3|','Zelte',NULL,0,0,0,'2018-01-20 12:40:01','2018-01-20 12:40:01',NULL,'','Zelte - Eventzelte / Partyzelte /Werbezelte- Aufblasbare Zelte - Damit Sie bei Ihren Veranstaltungen für jedes Wetter gerüstet sind','<p>Unsere&nbsp;<strong>Faltzelte</strong>&nbsp;sind auf Grund ihres 40x40mm Aluminiumrahmens sehr stabil und wegen der genialen Scherengittertechnologie sehr einfach aufzubauen - ganz ohne Werkzeug! Daher sind unsere&nbsp;<strong>Pavillons</strong>&nbsp;bestens f&uuml;r Messen, Sport-, Musik- und andere Outdoor-Events, sowie jegliches Wetter geeignet. Der Rahmen und die Gelenke bestehen aus hochwertigem Aluminium. Das Material des Zeltdachs und&nbsp;der Seitenw&auml;nde&nbsp;fertigen wir aus 420D Polyester das mit einer PVC Beschichtung &uuml;berzogen wird. Diese Beschichtung macht das Material wasserfest, ist feuerhemmend (B1) und sch&uuml;tzt vor UV Strahlen. Dadurch eignet es sich hervorragend zur Nutzung im Au&szlig;enbereich. Die&nbsp;<strong>Faltzelte&nbsp;</strong>sind&nbsp;in&nbsp;unterschiedlichen&nbsp;Standartfarben&nbsp;erh&auml;ltlich, mit&nbsp;ganzen&nbsp;und&nbsp;halben&nbsp;Seitenw&auml;nden,&nbsp;Fenstern&nbsp;und&nbsp;T&uuml;ren und&nbsp;wenn&nbsp;gew&uuml;nscht&nbsp;auch&nbsp;dasKomplettpaket&nbsp;mit&nbsp;Druck.&nbsp;</p>\n<p>Die&nbsp;Seitenw&auml;nde&nbsp;werden&nbsp;mit&nbsp;Rei&szlig;verschl&uuml;ssen oder mit Klettband&nbsp;verbunden&nbsp;und&nbsp;Sie&nbsp;k&ouml;nnen&nbsp;auch&nbsp;<br />Spannseile&nbsp;und&nbsp;Heringe&nbsp;zus&auml;tzlich&nbsp;bestellen um&nbsp;Ihr&nbsp;<strong>Zelt&nbsp;</strong>in&nbsp;windiger&nbsp;Umgebung&nbsp;auf&nbsp;dem&nbsp;Boden&nbsp;zu&nbsp;halten.</p>\n<p>Wir m&ouml;chten hervorheben und unterstreichen, dass wir nur Zelte von h&ouml;chster Qualit&auml;t verkaufen.&nbsp;<br />Alle Konnektoren am Zelt werden aus Aluminium gefertigt, was ihm den n&ouml;tigen Halt gibt.</p>\n<p>Damit Ihr Zelt auch bei windigem Wetter nicht den Boden unter den F&uuml;&szlig;en verliert und es auch bei Regenwetter einen guten Eindruck macht, haben wir ein gro&szlig;en Sortiment an Zubeh&ouml;r um dies zu versichern.</p>',NULL,0,1,0,1,'',0,0,NULL),(286,265,'|265|3|','Outdoor Roll Ups',NULL,0,0,0,'2018-01-20 12:41:03','2018-01-20 12:41:03',NULL,'','Outdoor Roll Ups - Doppelseitige RollUp-Displays speziell für den Außenbereich entwickelt.','<p>Wenn es um zeitgem&auml;&szlig;e Pr&auml;sentationssysteme geht, darf das Roll Up nicht fehlen. Das RollUp verschafft Ihrem Unternehmen auf sympathische Art und Weise Aufmerksamkeit, ist einfach zu transportieren und aufzubauen und konnte sich bereits vielfach bew&auml;hren. Die Outdoor-RollUps, die Sie in unserem Sortiment finden, halten Wind und Wetter stand, verf&uuml;gen &uuml;ber ein robustes Geh&auml;use und wiegen trotzdem nicht viel &ndash; und sind somit ideal f&uuml;r den unkomplizierten Transport. Eine praktische Tragetasche ist Teil des Lieferumfangs.</p>\n<p>Das Outdoor-Rollup finden Sie bei uns in unterschiedlichen Ausf&uuml;hrungen und Gr&ouml;&szlig;en. Das Rollup Easy Show besticht durch seine Eigenschaften als Raumteiler, und das Outdoor-Rollup Expolinc Arena pr&auml;sentiert Ihre Botschaften in zwei Richtungen dank bedruckter Vorder- und R&uuml;ckseite. Insgesamt f&uuml;hren wir f&uuml;nf verschiedene Outdoor-Rollups, die allesamt ideal f&uuml;r Sportveranstaltungen, Fu&szlig;g&auml;ngerzonen und jedes andere Freiluftevent sind.</p>\n<p>Unsere Outdoor-Rollups sind trotz bester Qualit&auml;t und hoher Stabilit&auml;t nicht teuer und somit ein guter Beweis, dass Gutes auch preiswert sein kann. Gehen Sie in Sachen Pr&auml;sentationssysteme keine Kompromisse ein, denn Rollup und Co. sind wichtige Bausteine Ihrer Au&szlig;endarstellung.</p>',NULL,0,1,0,1,'',0,0,NULL),(287,3,'|3|','BELEUCHTUNG',NULL,0,0,0,'2018-01-20 16:47:23','2018-01-20 16:47:23',NULL,'','BELEUCHTUNG - Spot an! LED-Strahler, die Ihr Popup in Szene setzen!','<p>Faltdisplay Lampen r&uuml;cken Ihre Werbebotschaft ins rechte Licht und machen Ihre Messewand und Promotionstand zum Eyecatcher. Unser Lampen-Sortiment reicht von der Pop Up Beleuchtung, Messedisplay Wallwasher bis hin zu Faltwand LED-Spots. F&uuml;r die meisten Faltdisplay Lampen gibt es entsprechende Adapter, welche die Montage an nahezu allen Systemmodellen erm&ouml;glichen.</p>',NULL,0,1,0,1,'',0,0,NULL),(288,265,'|265|3|','Zubehör',NULL,0,0,0,'2018-01-20 19:38:13','2018-01-20 19:38:13',NULL,'','Zubehör - Beachflags , Autoplatten , Bodendübel und noch mehr','',NULL,0,1,0,1,'',0,0,NULL),(289,270,'|270|3|','Leuchtsäulen ',NULL,0,0,0,'2018-01-21 10:56:28','2018-01-21 10:56:28',NULL,'','Leuchtsäulen - - Starker Werbeauftritt! Ob ein- oder zweiseitig Leuchtsäulen bieten stets neue Blickwinkel.','<p><span>Lichtwerbung&nbsp;setzt Akzente und zieht die Aufmerksamkeit auf sich.</span></p>\n<p><span>Mit unseren<strong>&nbsp;Lichts&auml;ulen und Werbepylonen</strong>&nbsp;ist dies m&ouml;glich, sei es f&uuml;r Ihre Messe, Ihre Veranstaltung oder in Ihrem Gesch&auml;ft. Die Folie ist individuell bedruckbar und kann auch getauscht werden.&nbsp;</span></p>\n<p><span>Die <a href=\"http://www.klevermesse.de/led-werbepylone-outdoor\" target=\"_blank\">LED Werbepylon</a><a href=\"http://www.klevermesse.de/led-werbepylone-outdoor\">e Outdoor</a>&nbsp;, kann innerhalb von 5 Werktagen geliefert werden. Unsere Pylonen werden aus hochwertigen Material in Europa produziert.</span></p>',NULL,0,1,0,1,'',0,0,NULL),(290,265,'|265|3|','Werbepylonen',NULL,0,0,0,'2018-01-21 11:53:52','2018-01-21 11:53:52',NULL,NULL,NULL,NULL,NULL,NULL,1,0,1,NULL,0,0,NULL);

--
-- Table structure for table `s_categories_attributes`
--

CREATE TABLE `s_categories_attributes` (
  `id` int(11) NOT NULL AUTO_INCREMENT,
  `categoryID` int(11) unsigned DEFAULT NULL,
  `attribute1` varchar(255) COLLATE utf8_unicode_ci DEFAULT NULL,
  `attribute2` varchar(255) COLLATE utf8_unicode_ci DEFAULT NULL,
  `attribute3` varchar(255) COLLATE utf8_unicode_ci DEFAULT NULL,
  `attribute4` varchar(255) COLLATE utf8_unicode_ci DEFAULT NULL,
  `attribute5` varchar(255) COLLATE utf8_unicode_ci DEFAULT NULL,
  `attribute6` varchar(255) COLLATE utf8_unicode_ci DEFAULT NULL,
  PRIMARY KEY (`id`),
  UNIQUE KEY `categoryID` (`categoryID`),
  CONSTRAINT `s_categories_attributes_ibfk_1` FOREIGN KEY (`categoryID`) REFERENCES `s_categories` (`id`) ON DELETE CASCADE ON UPDATE NO ACTION
) ENGINE=InnoDB AUTO_INCREMENT=322 DEFAULT CHARSET=utf8 COLLATE=utf8_unicode_ci;

--
-- Dumping data for table `s_categories_attributes`
--

INSERT INTO `s_categories_attributes` VALUES (52,22,'','','','','',''),(60,3,'Messestand &amp; Zubehör für Messesysteme','','','','',''),(61,30,'','','','','',''),(62,31,'','','','','',''),(63,32,'','','','','',''),(64,33,'','Roll Up Display bestellen','','','',''),(65,34,'','','','','',''),(66,35,'','','','','',''),(67,36,'','','','','',''),(69,38,'','','','','',''),(70,39,'','Messetheken bei KLEVER Messe | Theken für Messe kaufen','','','',''),(71,40,'','','','','',''),(72,41,'','Beachflag günstig drucken lassen','','','',''),(73,42,'','','','','',''),(74,43,'Messe Displays bei KLEVER Messe','Messe Displays | Pop Up Displays bei KLEVER Messe','','','',''),(75,44,'','','1','','',''),(76,45,'','','1','','',''),(77,46,'','','1','','',''),(78,47,'','','1','','',''),(79,48,'','','0','','',''),(80,49,'','','0','','',''),(81,50,'','','0','','',''),(82,51,'','','0','','',''),(83,52,'','','0','','',''),(84,53,'','','0','','',''),(85,54,'','','0','','',''),(86,55,'','','0','','',''),(87,56,'','','0','','',''),(88,57,'','','0','','',''),(89,58,'','','0','','',''),(90,59,'','','0','','',''),(91,60,'','','0','','',''),(92,61,'','','2','','',''),(93,62,'','','2','','',''),(95,64,'','','1','','',''),(96,65,'','','1','','',''),(97,66,'','','1','','',''),(98,67,'','','2','','',''),(99,68,'','','3','','',''),(100,69,'','','3','','',''),(101,70,'','','2','','',''),(102,71,NULL,NULL,NULL,NULL,NULL,NULL),(103,72,NULL,NULL,NULL,NULL,NULL,NULL),(104,73,NULL,NULL,NULL,NULL,NULL,NULL),(105,74,NULL,NULL,NULL,NULL,NULL,NULL),(106,75,NULL,NULL,NULL,NULL,NULL,NULL),(107,76,'','','2','','',''),(108,77,'','','2','','',''),(109,78,'','','2','','',''),(110,79,'','','0','','',''),(111,80,'','','0','','',''),(112,81,'','','1','','',''),(113,82,'','','2','','',''),(114,83,NULL,NULL,NULL,NULL,NULL,NULL),(115,84,'','','0','','',''),(116,85,'','','0','','',''),(117,86,'','','0','','',''),(118,87,'','','2','','',''),(119,88,'','','2','','',''),(120,89,'','','2','','',''),(121,90,NULL,NULL,NULL,NULL,NULL,NULL),(122,91,NULL,NULL,NULL,NULL,NULL,NULL),(123,92,NULL,NULL,NULL,NULL,NULL,NULL),(124,93,NULL,NULL,NULL,NULL,NULL,NULL),(125,94,'','','0','','',''),(126,95,'','','3','','',''),(127,96,'','','2','','',''),(128,97,'','','2','','',''),(129,98,'','','2','','',''),(130,99,'','','2','','',''),(131,100,'','','2','','',''),(132,101,'','','2','','',''),(133,102,'','','2','','',''),(134,103,'','','2','','',''),(135,104,'','','2','','',''),(136,105,'','','2','','',''),(137,106,'','','2','','',''),(138,107,'','','2','','',''),(139,108,'','','2','','',''),(140,109,'','','2','','',''),(141,110,'','','2','','',''),(142,111,'','','2','','',''),(143,112,'','','2','','',''),(144,113,'','','2','','',''),(145,114,'','','2','','',''),(146,115,'','','2','','',''),(147,116,'','','2','','',''),(151,120,'','','','','',''),(152,121,'','','3','','',''),(153,122,'','','3','','',''),(154,123,'','','3','','',''),(155,124,'','','3','','',''),(156,125,'','','3','','',''),(157,126,'','','3','','',''),(158,127,'','','3','','',''),(159,128,'','','3','','',''),(160,129,'','','2','','',''),(161,130,'','','2','','',''),(162,131,'','','','','',''),(165,134,NULL,NULL,NULL,NULL,NULL,NULL),(166,135,'','','','','',''),(170,139,NULL,NULL,NULL,NULL,NULL,NULL),(171,140,NULL,NULL,NULL,NULL,NULL,NULL),(172,141,NULL,NULL,NULL,NULL,NULL,NULL),(173,142,NULL,NULL,NULL,NULL,NULL,NULL),(174,143,NULL,NULL,NULL,NULL,NULL,NULL),(175,144,'','','','','',''),(176,145,NULL,NULL,NULL,NULL,NULL,NULL),(177,146,NULL,NULL,NULL,NULL,NULL,NULL),(178,147,NULL,NULL,NULL,NULL,NULL,NULL),(179,148,NULL,NULL,NULL,NULL,NULL,NULL),(180,149,NULL,NULL,NULL,NULL,NULL,NULL),(181,150,NULL,NULL,NULL,NULL,NULL,NULL),(182,151,NULL,NULL,NULL,NULL,NULL,NULL),(183,152,NULL,NULL,NULL,NULL,NULL,NULL),(184,153,NULL,NULL,NULL,NULL,NULL,NULL),(185,154,NULL,NULL,NULL,NULL,NULL,NULL),(186,155,NULL,NULL,NULL,NULL,NULL,NULL),(187,156,NULL,NULL,NULL,NULL,NULL,NULL),(188,157,NULL,NULL,NULL,NULL,NULL,NULL),(189,158,NULL,NULL,NULL,NULL,NULL,NULL),(190,159,NULL,NULL,NULL,NULL,NULL,NULL),(191,160,NULL,NULL,NULL,NULL,NULL,NULL),(192,161,NULL,NULL,NULL,NULL,NULL,NULL),(193,162,NULL,NULL,NULL,NULL,NULL,NULL),(194,163,NULL,NULL,NULL,NULL,NULL,NULL),(195,164,'','','','','',''),(197,166,NULL,NULL,NULL,NULL,NULL,NULL),(198,167,NULL,NULL,NULL,NULL,NULL,NULL),(199,168,NULL,NULL,NULL,NULL,NULL,NULL),(200,169,NULL,NULL,NULL,NULL,NULL,NULL),(201,170,NULL,NULL,NULL,NULL,NULL,NULL),(202,171,NULL,NULL,NULL,NULL,NULL,NULL),(203,172,NULL,NULL,NULL,NULL,NULL,NULL),(204,173,'','','','','',''),(205,174,'','','','','',''),(206,175,'','','','','',''),(207,176,NULL,NULL,NULL,NULL,NULL,NULL),(208,177,NULL,NULL,NULL,NULL,NULL,NULL),(209,178,NULL,NULL,NULL,NULL,NULL,NULL),(210,179,'','','','','',''),(211,180,'','','','','',''),(212,181,'','','','','',''),(213,182,'','','','','',''),(214,183,NULL,NULL,NULL,NULL,NULL,NULL),(215,184,NULL,NULL,NULL,NULL,NULL,NULL),(216,185,NULL,NULL,NULL,NULL,NULL,NULL),(217,186,NULL,NULL,NULL,NULL,NULL,NULL),(218,187,NULL,NULL,NULL,NULL,NULL,NULL),(219,188,NULL,NULL,NULL,NULL,NULL,NULL),(220,189,'','','','','',''),(221,190,NULL,NULL,NULL,NULL,NULL,NULL),(222,191,NULL,NULL,NULL,NULL,NULL,NULL),(223,192,NULL,NULL,NULL,NULL,NULL,NULL),(224,193,NULL,NULL,NULL,NULL,NULL,NULL),(225,194,'','','','','',''),(226,195,NULL,NULL,NULL,NULL,NULL,NULL),(227,196,NULL,NULL,NULL,NULL,NULL,NULL),(228,197,NULL,NULL,NULL,NULL,NULL,NULL),(229,198,NULL,NULL,NULL,NULL,NULL,NULL),(230,199,NULL,NULL,NULL,NULL,NULL,NULL),(231,200,NULL,NULL,NULL,NULL,NULL,NULL),(232,201,'','','','','',''),(233,202,NULL,NULL,NULL,NULL,NULL,NULL),(234,203,NULL,NULL,NULL,NULL,NULL,NULL),(235,204,NULL,NULL,NULL,NULL,NULL,NULL),(236,205,NULL,NULL,NULL,NULL,NULL,NULL),(238,207,'','','','','',''),(239,208,NULL,NULL,NULL,NULL,NULL,NULL),(240,209,NULL,NULL,NULL,NULL,NULL,NULL),(241,210,'','','','','',''),(242,211,NULL,NULL,NULL,NULL,NULL,NULL),(243,212,'','Messe Equipment','','','',''),(244,213,'','Werbebanner drucken lassen','','','',''),(245,214,'','Ladenausstattung','','','','landingpage'),(247,216,'','Ausstellungssysteme','','','','landingpage'),(248,217,'','Promotiontheke','','','','landingpage'),(249,218,'','Mobiler Messestand kaufen','','','','landingpage'),(250,219,'','','','','',''),(251,220,'','','','','',''),(252,221,'','','','','',''),(253,222,NULL,NULL,NULL,NULL,NULL,NULL),(254,223,NULL,NULL,NULL,NULL,NULL,NULL),(255,224,NULL,NULL,NULL,NULL,NULL,NULL),(256,225,'','','','','',''),(257,226,NULL,NULL,NULL,NULL,NULL,NULL),(258,227,'','','','','',''),(259,228,NULL,NULL,NULL,NULL,NULL,NULL),(260,229,NULL,NULL,NULL,NULL,NULL,NULL),(261,230,NULL,NULL,NULL,NULL,NULL,NULL),(262,231,NULL,NULL,NULL,NULL,NULL,NULL),(263,232,NULL,NULL,NULL,NULL,NULL,NULL),(264,233,'','','','','',''),(265,234,'','','','','',''),(266,235,NULL,NULL,NULL,NULL,NULL,NULL),(267,236,NULL,NULL,NULL,NULL,NULL,NULL),(268,237,NULL,NULL,NULL,NULL,NULL,NULL),(269,238,'','','','','',''),(270,239,NULL,NULL,NULL,NULL,NULL,NULL),(271,240,NULL,NULL,NULL,NULL,NULL,NULL),(272,241,NULL,NULL,NULL,NULL,NULL,NULL),(273,242,'','','','','',''),(274,243,NULL,NULL,NULL,NULL,NULL,NULL),(275,244,'','','','','',''),(276,245,'','','','','',''),(277,246,NULL,NULL,NULL,NULL,NULL,NULL),(278,247,NULL,NULL,NULL,NULL,NULL,NULL),(279,248,NULL,NULL,NULL,NULL,NULL,NULL),(280,249,NULL,NULL,NULL,NULL,NULL,NULL),(281,250,NULL,NULL,NULL,NULL,NULL,NULL),(282,251,NULL,NULL,NULL,NULL,NULL,NULL),(283,252,NULL,NULL,NULL,NULL,NULL,NULL),(284,253,NULL,NULL,NULL,NULL,NULL,NULL),(285,254,NULL,NULL,NULL,NULL,NULL,NULL),(286,255,NULL,NULL,NULL,NULL,NULL,NULL),(287,256,'','','','','',''),(288,257,NULL,NULL,NULL,NULL,NULL,NULL),(289,258,NULL,NULL,NULL,NULL,NULL,NULL),(290,259,'','','','','',''),(291,260,NULL,NULL,NULL,NULL,NULL,NULL),(292,261,NULL,NULL,NULL,NULL,NULL,NULL),(293,262,NULL,NULL,NULL,NULL,NULL,NULL),(296,265,'','','','','',''),(297,266,'','','','','',''),(298,267,'','','','','',''),(299,268,'','','','','',''),(300,269,'','','','','',''),(301,270,'','','','','',''),(302,271,'','','','','',''),(303,272,'','','','','',''),(304,273,'','','','','',''),(305,274,'','','','','',''),(306,275,'','','','','',''),(307,276,'','','','','',''),(308,277,'','','','','',''),(309,278,NULL,NULL,NULL,NULL,NULL,NULL),(310,279,NULL,NULL,NULL,NULL,NULL,NULL),(311,280,'','','','','',''),(312,281,'','','','','',''),(313,282,'','','','','',''),(314,283,'','','','','',''),(315,284,'','','','','',''),(316,285,'','','','','',''),(317,286,'','','','','',''),(318,287,'','','','','',''),(319,288,'','','','','',''),(320,289,'','','','','',''),(321,290,NULL,NULL,NULL,NULL,NULL,NULL);

--
-- Table structure for table `s_categories_avoid_customergroups`
--

CREATE TABLE `s_categories_avoid_customergroups` (
  `categoryID` int(11) NOT NULL,
  `customergroupID` int(11) NOT NULL,
  UNIQUE KEY `articleID` (`categoryID`,`customergroupID`)
) ENGINE=InnoDB DEFAULT CHARSET=utf8 COLLATE=utf8_unicode_ci;

--
-- Dumping data for table `s_categories_avoid_customergroups`
--


--
-- Table structure for table `s_cms_groups`
--

CREATE TABLE `s_cms_groups` (
  `id` int(11) NOT NULL AUTO_INCREMENT,
  `position` int(11) NOT NULL DEFAULT '0',
  `description` varchar(255) COLLATE utf8_unicode_ci NOT NULL,
  PRIMARY KEY (`id`)
) ENGINE=InnoDB DEFAULT CHARSET=utf8 COLLATE=utf8_unicode_ci;

--
-- Dumping data for table `s_cms_groups`
--


--
-- Table structure for table `s_cms_static`
--

CREATE TABLE `s_cms_static` (
  `id` int(11) NOT NULL AUTO_INCREMENT,
  `tpl1variable` varchar(255) COLLATE utf8_unicode_ci NOT NULL,
  `tpl1path` varchar(255) COLLATE utf8_unicode_ci NOT NULL,
  `tpl2variable` varchar(255) COLLATE utf8_unicode_ci NOT NULL,
  `tpl2path` varchar(255) COLLATE utf8_unicode_ci NOT NULL,
  `tpl3variable` varchar(255) COLLATE utf8_unicode_ci NOT NULL,
  `tpl3path` varchar(255) COLLATE utf8_unicode_ci NOT NULL,
  `description` varchar(255) COLLATE utf8_unicode_ci NOT NULL,
  `html` mediumtext COLLATE utf8_unicode_ci NOT NULL,
  `grouping` varchar(255) COLLATE utf8_unicode_ci NOT NULL,
  `position` int(11) NOT NULL,
  `link` varchar(255) COLLATE utf8_unicode_ci NOT NULL,
  `target` varchar(255) COLLATE utf8_unicode_ci NOT NULL,
  `parentID` int(11) NOT NULL DEFAULT '0',
  `page_title` varchar(255) COLLATE utf8_unicode_ci NOT NULL,
  `meta_keywords` varchar(255) COLLATE utf8_unicode_ci NOT NULL,
  `meta_description` varchar(255) COLLATE utf8_unicode_ci NOT NULL,
  PRIMARY KEY (`id`),
  KEY `get_menu` (`position`,`description`)
) ENGINE=InnoDB AUTO_INCREMENT=54 DEFAULT CHARSET=utf8 COLLATE=utf8_unicode_ci;

--
-- Dumping data for table `s_cms_static`
--

INSERT INTO `s_cms_static` VALUES (3,'','','','','','','Impressum','<h2>Kundenbetreuung Deutschland:</h2>\n<p><strong>Copia GmbH</strong><br />Walter-Gropius-Stra&szlig;e 19<br />50126 Bergheim<br /> <br /> Telefon:&nbsp;+49 2271 4983 32<br /> Telefax:&nbsp;+49 2271 4983-21<br /> <br /> Ust.-IdNr.&nbsp;DE 279631769<br /> Amtsgericht K&ouml;ln<br /> HRB-Nummer 85452</p>\n<p><img class=\"tinymce-editor-image\" src=\"media/image/copia-email.png\" alt=\"copia-email\" width=\"95\" height=\"15\" /></p>\n<p><a href=\"kontakt\">Hier</a> geht es zu unserem Kontaktformular</p>','gBottom2',3,'','',0,'','',''),(4,'','','','','','','AGB','<h2>Allgemeine Gesch&auml;ftsbedingungen</h2>\n<h3>I. Geltungsbereich/Vertragsschluss</h3>\n<p>Auftr&auml;ge werden ausschlie&szlig;lich auf der Grundlage nachfolgender Bedingungen ausgeführt. Abweichende Regelungen bedürfen der schriftlichen Best&auml;tigung.</p>\n<h3>II. Preise</h3>\n<ol>\n<li>Die im Angebot des Auftragnehmers genannten Preise gelten unter dem Vorbehalt, dass die der Angebotsabgabe zugrundegelegten Auftragsdaten unver&auml;ndert bleiben, l&auml;ngstens jedoch vier Monate nach Eingang des Angebots beim Auftraggeber. Bei Auftr&auml;gen mit Lieferung an Dritte gilt der Besteller als Auftraggeber, soweit keine anderweitige ausdrückliche Vereinbarung getroffen wurde. Die Preise des Auftragnehmers enthalten keine Mehrwertsteuer. Die Preise des Auftragnehmers gelten ab Werk. Sie schlie&szlig;en Verpackung, Fracht, Porto, Versicherung und sonstige Versandkosten nicht ein.</li>\n<li>Nachtr&auml;gliche &Auml;nderungen auf Veranlassung des Auftraggebers einschlie&szlig;lich des dadurch verursachten Maschinenstillstands werden dem Auftraggeber berechnet. Als nachtr&auml;gliche &Auml;nderungen gelten auch Wiederholungen von Probeandrucken, die vom Auftraggeber wegen geringfügiger Abweichung von der Vorlage verlangt werden.</li>\n<li>Skizzen, Entwürfe, Probesatz, Probedrucke, Korrekturabzüge, &Auml;nderung angelieferter/ übertragener Daten und &auml;hnliche Vorarbeiten, die vom Auftraggeber veranlasst sind, werden berechnet. Gleiches gilt für Datenübertragungen (z. B. per ISDN).</li>\n</ol>\n<h3>III. Zahlung</h3>\n<ol>\n<li>Die Zahlung hat sofort nach Erhalt der Rechnung ohne jeden Abzug zu erfolgen. Eine etwaige Skontovereinbarung bezieht sich nicht auf Fracht, Porto, Versicherung oder sonstige Versandkosten. Die Rechnung wird unter dem Tag der Lieferung, Teillieferung oder Lieferbereitschaft (Holschuld, Annahmeverzug) ausgestellt. Wechsel werden nur nach besonderer Vereinbarung und zahlungshalber ohne Skontogew&auml;hrung angenommen. Zinsen und Spesen tr&auml;gt der Auftraggeber. Sie sind vom Auftraggeber sofort zu zahlen. Für die rechtzeitige Vorlegung, Protestierung, Benachrichtigung und Zurückleitung des Wechsels bei Nichteinl&ouml;sung haftet der Auftragnehmer nicht, sofern ihm oder seinem Erfüllungsgehilfen nicht Vorsatz oder grobe Fahrl&auml;ssigkeit zur Last fallen.</li>\n<li>Bei au&szlig;ergew&ouml;hnlichen Vorleistungen kann angemessene Vorauszahlung verlangt werden.</li>\n<li>Der Auftraggeber kann nur mit einer unbestrittenen oder rechtskr&auml;ftig festgestellten Forderung aufrechnen oder ein Zurückbehaltungsrecht ausüben.</li>\n<li>Wird nach Vertragsabschluss erkennbar, dass die Erfüllung des Zahlungsanspruchs durch die mangelnde Leistungsf&auml;higkeit des Auftraggebers gef&auml;hrdet wird, so kann der Auftragnehmer Vorauszahlung verlangen, noch nicht ausgelieferte Ware zurückhalten sowie die Weiterarbeit einstellen. Diese Rechte stehen dem Auftragnehmer auch zu, wenn der Auftraggeber sich mit der Bezahlung von Lieferungen in Verzug befindet, die auf demselben rechtlichen Verh&auml;ltnis beruhen. &sect; 321 II BGB bleibt unberührt.</li>\n<li>Bei Zahlungsverzug sind Verzugszinsen in H&ouml;he von 8 % über dem Basiszinssatz zu zahlen. Die Geltendmachung weiteren Verzugsschadens wird hierdurch nicht ausgeschlossen. Zahlt der Auftraggeber binnen 10 Tagen nach Rechnungserhalt und Lieferung der Ware den Preis einschlie&szlig;lich der Nebenkosten gem. Ziff. II (&bdquo;Preise&ldquo;) nicht, kommt er auch ohne Mahnung in Verzug.</li>\n</ol>\n<h3>IV. Lieferung</h3>\n<ol>\n<li>Soll die Ware versendet werden, geht die Gefahr auf den Auftraggeber über, sobald die Sendung an die den Transport durchführende Person übergeben worden ist.</li>\n<li>Liefertermine sind nur gültig, wenn sie vom Auftragnehmer ausdrücklich best&auml;tigt werden. Wird der Vertrag schriftlich abgeschlossen, bedarf auch die Best&auml;tigung über den Liefertermin der Schriftform.</li>\n<li>Verz&ouml;gert der Auftragnehmer die Leistung, so kann der Auftraggeber die Rechte aus &sect; 323 BGB nur ausüben, wenn die Verz&ouml;gerung vom Auftragnehmer zu vertreten ist. Eine &Auml;nderung der Beweislast ist mit dieser Regelung nicht verbunden.</li>\n<li>Betriebsst&ouml;rungen &ndash; sowohl im Betrieb des Auftragnehmers als auch in dem eines Zulieferers &ndash; wie z. B. Streik, Aussperrung sowie alle sonstigen F&auml;lle h&ouml;herer Gewalt, berechtigen erst dann zur Kündigung des Vertrags, wenn dem Auftraggeber ein weiteres Abwarten nicht mehr zugemutet werden kann, anderenfalls verl&auml;ngert sich die vereinbarte Lieferfrist um die Dauer der Verz&ouml;gerung. Eine Kündigung ist jedoch frühestens vier Wochen nach Eintritt der oben beschriebenen Betriebsst&ouml;rung m&ouml;glich. Eine Haftung des Auftragnehmers ist in diesen F&auml;llen ausgeschlossen.</li>\n<li>Dem Auftragnehmer steht an den vom Auftraggeber angelieferten Druck- und Stempelvorlagen, Manuskripten, Rohmaterialien und sonstigen Gegenst&auml;nden ein Zurückbehaltungsrecht gem&auml;&szlig; &sect; 369 HGB bis zur vollst&auml;ndigen Erfüllung aller f&auml;lligen Forderungen aus der Gesch&auml;ftsverbindung zu.</li>\n<li>Der Auftragnehmer nimmt im Rahmen der ihm aufgrund der Verpackungsverordnung obliegenden Pflichten Verpackungen zurück. Der Auftraggeber kann Verpackungen im Betrieb des Auftragnehmers zu den üblichen Gesch&auml;ftszeiten nach rechtzeitiger vorheriger Anmeldung zurückgeben, es sei denn, ihm ist eine andere Annahme-/Sammelstelle benannt worden. Die Verpackungen k&ouml;nnen dem Auftragnehmer auch bei der Lieferung zurückgegeben werden, es sei denn, dem Auftraggeber ist eine andere Annahme-/Sammelstelle benannt worden. Zurückgenommen werden Verpackungen nur unmittelbar nach Auslieferung der Ware, bei Folgelieferungen nur nach rechtzeitiger vorheriger Mitteilung und Bereitstellung. Die Kosten des Transports der gebrauchten Verpackungen tr&auml;gt der Auftraggeber. Ist eine benannte Annahme-/Sammelstelle weiter entfernt als der Betrieb des Auftragnehmers, so tr&auml;gt der Auftraggeber lediglich die Transportkosten, die für eine Entfernung bis zum Betrieb des Auftragnehmers entstehen würden. Die zurückgegebenen Verpackungen müssen sauber, frei von Fremdstoffen und nach unterschiedlicher Verpackung sortiert sein. Anderenfalls ist der Auftragnehmer berechtigt, vom Auftraggeber die bei der Entsorgung entstehenden Mehrkosten zu verlangen.</li>\n</ol>\n<h3>V. Eigentumsvorbehalt</h3>\n<ol>\n<li>Die gelieferte Ware bleibt bis zur vollst&auml;ndigen Bezahlung aller zum Rechnungsdatum bestehenden Forderungen des Auftragnehmers gegen den Auftraggeber sein Eigentum. Zur Weiterver&auml;u&szlig;erung ist der Auftraggeber nur im ordnungsgem&auml;&szlig;en Gesch&auml;ftsgang berechtigt. Der Auftraggeber tritt seine Forderungen aus der Weiterver&auml;u&szlig;erung hierdurch an den Auftragnehmer ab. Der Auftragnehmer nimmt die Abtretung hiermit an. Sp&auml;testens im Falle des Verzugs ist der Auftraggeber verpflichtet, den Schuldner der abgetretenen Forderung zu nennen. &Uuml;bersteigt der Wert der für den Auftragnehmer bestehenden Sicherheiten dessen Forderung insgesamt um mehr als 20 %, so ist der Auftragnehmer auf Verlangen des Auftraggebers oder eines durch die &Uuml;bersicherung des Auftragnehmers beeintr&auml;chtigten Dritten insoweit zur Freigabe von Sicherungen nach Wahl des Auftragnehmers verpflichtet.</li>\n<li>Bei Be- oder Verarbeitung vom Auftragnehmer gelieferter und in dessen Eigentum stehender Waren ist der Auftragnehmer als Hersteller gem&auml;&szlig; &sect; 950 BGB anzusehen und beh&auml;lt in jedem Zeitpunkt der Verarbeitung Eigentum an den Erzeugnissen. Sind Dritte an der Be- oder Verarbeitung beteiligt, ist der Auftragnehmer auf einen Miteigentumsanteil in H&ouml;he des Rechnungswerts der Vorbehaltsware beschr&auml;nkt. Das so erworbene Eigentum gilt als Vorbehaltseigentum.</li>\n</ol>\n<h3>VI. Beanstandungen/Gew&auml;hrleistungen</h3>\n<ol>\n<li>Der Auftraggeber hat die Vertragsgem&auml;&szlig;heit der Ware sowie der zur Korrektur übersandten Vor- und Zwischenerzeugnisse in jedem Fall unverzüglich zu prüfen. Die Gefahr etwaiger Fehler geht mit der Druckreiferkl&auml;rung/Fertigungsreiferkl&auml;rung auf den Auftraggeber über, soweit es sich nicht um Fehler handelt, die erst in dem sich an die Druckreiferkl&auml;rung/Fertigungsreiferkl&auml;rung anschlie&szlig;enden Fertigungsvorgang entstanden sind oder erkannt werden konnten. Das gleiche gilt für alle sonstigen Freigabeerkl&auml;rungen des Auftraggebers.</li>\n<li>Offensichtliche M&auml;ngel sind innerhalb einer Frist von einer Woche ab Empfang der Ware schriftlich anzuzeigen, versteckte M&auml;ngel innerhalb einer Frist von einer Woche ab Entdeckung; andernfalls ist die Geltendmachung des Gew&auml;hrleistungsanspruchs ausgeschlossen.</li>\n<li>Bei berechtigten Beanstandungen ist der Auftragnehmer zun&auml;chst nach seiner Wahl zur Nachbesserung und/oder Ersatzlieferung verpflichtet und berechtigt. Kommt der Auftragnehmer dieser Verpflichtung nicht innerhalb einer angemessenen Frist nach oder schl&auml;gt die Nachbesserung trotz wiederholten Versuchs fehl, kann der Auftraggeber Herabsetzung der Vergütung (Minderung) oder Rückg&auml;ngigmachung des Vertrags (Rücktritt) verlangen.</li>\n<li>M&auml;ngel eines Teils der gelieferten Ware berechtigen nicht zur Beanstandung der gesamten Lieferung, es sei denn, dass die Teillieferung für den Auftraggeber ohne Interesse ist.</li>\n<li>Bei farbigen Reproduktionen in allen Herstellungsverfahren k&ouml;nnen geringfügige Abweichungen vom Original nicht beanstandet werden. Das gleiche gilt für den Vergleich zwischen sonstigen Vorlagen (z. B. Digital Proofs, Andrucken) und dem Endprodukt. Darüber hinaus ist die Haftung für M&auml;ngel, die den Wert oder die Gebrauchstauglichkeit nicht oder nur unwesentlich beeintr&auml;chtigen, ausgeschlossen.</li>\n<li>Für Abweichungen in der Beschaffenheit des eingesetzten Materials haftet der Auftragnehmer nur bis zur H&ouml;he des Auftragswerts.</li>\n<li>Zulieferungen (auch Datentr&auml;ger, übertragene Daten) durch den Auftraggeber oder durch einen von ihm eingeschalteten Dritten unterliegen keiner Prüfungspflicht seitens des Auftragnehmers. Dies gilt nicht für offensichtlich nicht verarbeitungsf&auml;hige oder nicht lesbare Daten. Bei Datenübertragungen hat der Auftraggeber vor &Uuml;bersendung jeweils dem neuesten technischen Stand entsprechende Schutzprogramme für Computerviren einzusetzen. Die Datensicherung obliegt allein dem Auftraggeber. Der Auftragnehmer ist berechtigt eine Kopie anzufertigen.</li>\n<li>Mehr- oder Minderlieferungen bis zu 10 % der bestellten Auflage k&ouml;nnen nicht beanstandet werden. Berechnet wird die gelieferte Menge. Bei Lieferungen aus Papiersonderanfertigungen unter 1.000 kg erh&ouml;ht sich der Prozentsatz auf 20 %, unter 2.000 kg auf 15 %.</li>\n</ol>\n<h3>VII.Haftung</h3>\n<ol>\n<li>Schadens- und Aufwendungsersatzansprüche des Auftraggebers, gleich aus welchem Rechtsgrund, sind ausgeschlossen.</li>\n<li>Dieser Haftungsausschluss gilt nicht\n<ul>\n<li>bei vors&auml;tzlich oder grobfahrl&auml;ssig verursachtem Schaden,</li>\n<li>bei leicht fahrl&auml;ssiger Verletzung wesentlicher Vertragspflichten, auch durch gesetzliche Vertreter oder Erfüllungsgehilfen des Auftragnehmers; insoweit haftet er nur auf den nach Art des Produkts vorhersehbaren, vertragstypischen, unmittelbaren Durchschnittsschaden,</li>\n<li>im Falle schuldhafter Verletzung des Lebens, des K&ouml;rpers oder der Gesundheit des Auftraggebers,</li>\n<li>bei arglistig verschwiegenen M&auml;ngeln und übernommener Garantie für die Beschaffenheit der Ware,</li>\n<li>bei Ansprüchen aus dem Produkthaftungsgesetz.</li>\n</ul>\n</li>\n</ol>\n<h3>VIII. Verj&auml;hrung</h3>\n<p>Ansprüche des Auftraggebers auf Gew&auml;hrleistung und Schadensersatz (Ziffern VI. und VII.) verj&auml;hren mit Ausnahme der unter Ziffer VII. 2. genannten Schadensersatzansprüche in einem Jahr beginnend mit der (Ab-)Lieferung der Ware. Dies gilt nicht, soweit der Auftragnehmer arglistig gehandelt hat.</p>\n<h3>IX. Handelsbrauch</h3>\n<p>Im kaufm&auml;nnischen Verkehr gelten die Handelsbr&auml;uche der Druckindustrie (z. B. keine Herausgabepflicht von Zwischenerzeugnissen wie Daten, Lithos oder Druckplatten, die zur Herstellung des geschuldeten Endprodukts erstellt werden), sofern kein abweichender Auftrag erteilt wurde.</p>\n<h3>X. Archivierung</h3>\n<p>Dem Auftraggeber zustehende Produkte, insbesondere Daten und Datentr&auml;ger, werden vom Auftragnehmer nur nach ausdrücklicher Vereinbarung und gegen besondere Vergütung über den Zeitpunkt der &Uuml;bergabe des Endprodukts an den Auftraggeber oder seine Erfüllungsgehilfen hinaus archiviert. Sollen die vorbezeichneten Gegenst&auml;nde versichert werden, so hat dies bei fehlender Vereinbarung der Auftraggeber selbst zu besorgen.</p>\n<p>Durch die Bestellung erkl&auml;rt sich der Kunde mit der Speicherung seiner Daten nach erfolgtem Vertragsabschluss zur Abwicklung des Vertrages einverstanden. Der Kunde ist jederzeit berechtigt, seine Daten einzusehen und ggf. Angaben zu ver&auml;ndern, respektive diese l&ouml;schen zu lassen. Ver&auml;nderungs- oder L&ouml;schungswünsche bitten wir Sie sich an info@kleverdigital.de zu wenden. Wir werden die von Ihnen mitgeteilten Daten zur Erfüllung und Abwicklung Ihrer Bestellung verwenden. Sie erkl&auml;ren sich damit einverstanden das die Klever GmbH Ihre Daten für Referenzzwecke nutzen darf. Eine Weitergabe Ihrer Daten erfolgt lediglich an das mit der Lieferung beauftragte Versandunternehmen soweit dies zur Lieferung der Waren notwendig ist. Zur Abwicklung von Zahlungen geben wir Ihre Zahlungsdaten ggf. an unsere Hausbank weiter. Eine Weitergabe Ihrer Daten an sonstige Dritte erfolgt nicht. Sollten Sie sich zu einem Newsletter angemeldet haben, so wird Ihre E-Mail-Adresse mit Ihrer Einwilligung für eigene Werbezwecke genutzt, bis Sie sich vom Newsletter abmelden. Wir senden Ihnen unsere Newsletter mit Informationen über Produkte, Aktionen usw. zu. Die Abmeldung kann jederzeit erfolgen indem Sie uns eine E-Mail an info@kleverdigital.de schicken. Sollten Sie Fragen zu dem Datenschutz haben, so k&ouml;nnen Sie sich jederzeit gerne an die KLEVER GmbH, Braunsberger Feld 11, 51429 Bergisch Gladbach, Telefon: 02204-9866-0, Fax: 02204-9866-10, E-Mail: info@kleverdigital.de, senden.</p>\n<h3>XI. Periodische Arbeiten</h3>\n<p>Vertr&auml;ge über regelm&auml;&szlig;ig wiederkehrende Arbeiten k&ouml;nnen mit einer Frist von mindestens 3 Monaten zum Schluss eines Monats gekündigt werden.</p>\n<h3>XII. Gewerbliche Schutzrechte/Urheberrecht</h3>\n<p>Der Auftraggeber haftet allein, wenn durch die Ausführung seines Auftrags Rechte Dritter, insbesondere Urheberrechte verletzt werden. Der Auftraggeber hat den Auftragnehmer von allen Ansprüchen Dritter wegen einer solchen Rechtsverletzung freizustellen.</p>\n<h3>XIII. Erfüllungsort, Gerichtsstand, Wirksamkeit</h3>\n<ol>\n<li>Erfüllungsort und Gerichtsstand sind, wenn der Auftraggeber Kaufmann, juristische Person des &ouml;ffentlichen Rechts oder &ouml;ffentlich-rechtliches Sonderverm&ouml;gen ist oder im Inland keinen allgemeinen Gerichtsstand hat, für alle sich aus dem Vertragsverh&auml;ltnis ergebenden Streitigkeiten einschlie&szlig;lich Scheck-, Wechsel- und Urkundenprozesse, UN-Kaufrecht ist ausgeschlossen.</li>\n<li>Durch etwaige Unwirksamkeit einer oder mehrerer Bestimmungen wird die Wirksamkeit der übrigen Bestimmungen nicht berührt. Allgemeine Gesch&auml;fts-, Zahlungs- und Lieferungsbedingungen für die Druckindustrie Bergisch Gladbach. Auf das Vertragsverh&auml;ltnis findet deutsches Recht Anwendung. Stand 01/2014</li>\n</ol>','gBottom',0,'','',0,'','',''),(7,'','','','','','','Datenschutz','<p>Diese Website benutzt Google Analytics, einen Webanalysedienst der Google Inc. (&bdquo;Google&ldquo;). Google Analytics verwendet sog. &bdquo;Cookies&ldquo;, Textdateien, die auf Ihrem Computer gespeichert werden und die eine Analyse der Benutzung der Website durch Sie erm&ouml;glichen. Die durch den Cookie erzeugten Informationen &uuml;ber Ihre Benutzung dieser Website werden in der Regel an einen Server von Google in den USA &uuml;bertragen und dort gespeichert. Im Falle der Aktivierung der IP-Anonymisierung auf dieser Webseite, wird Ihre IP-Adresse von Google jedoch innerhalb von Mitgliedstaaten der Europ&auml;ischen Union oder in anderen Vertragsstaaten des Abkommens &uuml;ber den Europ&auml;ischen Wirtschaftsraum zuvor gek&uuml;rzt. Nur in Ausnahmef&auml;llen wird die volle IP-Adresse an einen Server von Google in den USA &uuml;bertragen und dort gek&uuml;rzt. Im Auftrag des Betreibers dieser Website wird Google diese Informationen benutzen, um Ihre Nutzung der Website auszuwerten, um Reports &uuml;ber die Websiteaktivit&auml;ten zusammenzustellen und um weitere mit der Websitenutzung und der Internetnutzung verbundene Dienstleistungen gegen&uuml;ber dem Websitebetreiber zu erbringen. Die im Rahmen von Google Analytics von Ihrem Browser &uuml;bermittelte IP-Adresse wird nicht mit anderen Daten von Google zusammengef&uuml;hrt. Sie k&ouml;nnen die Speicherung der Cookies durch eine entsprechende Einstellung Ihrer Browser-Software verhindern; wir weisen Sie jedoch darauf hin, dass Sie in diesem Fall gegebenenfalls nicht s&auml;mtliche Funktionen dieser Website vollumf&auml;nglich werden nutzen k&ouml;nnen. Sie k&ouml;nnen dar&uuml;ber hinaus die Erfassung der durch das Cookie erzeugten und auf Ihre Nutzung der Website bezogenen Daten (inkl. Ihrer IP-Adresse) an Google sowie die Verarbeitung dieser Daten durch Google verhindern, indem Sie das unter dem folgenden Link verf&uuml;gbare Browser-Plugin herunterladen und installieren: <a href=\"http://tools.google.com/dlpage/gaoptout\" target=\"_blank\">http://tools.google.com/dlpage/gaoptout</a><br /><br />N&auml;here Informationen zu Nutzungsbedingungen und Datenschutz finden Sie unter den <a href=\"http://www.google.com/analytics/terms/de.html\" target=\"_blank\">Google Analytics Bedingungen</a> bzw. unter der <a href=\"http://www.google.com/intl/de/policies/privacy/index.html\" target=\"_blank\">Google Analytics &Uuml;bersicht</a>. Wir weisen Sie darauf hin, dass auf dieser Webseite Google Analytics um den Code \"gat._anonymizeIp();\" erweitert wurde, um eine anonymisierte Erfassung von IP-Adressen (sog. IP-Masking) zu gew&auml;hrleisten.</p>','gBottom',3,'','',0,'','',''),(8,'','','','','','','Widerrufsrecht','<p>Sie k&ouml;nnen Ihre Vertragserkl&auml;rung innerhalb von zwei Wochen ohne Angabe von Gr&uuml;nden in Textform (z. B. Brief, Fax, E-Mail) oder &ndash; wenn Ihnen die Sache vor Fristablauf &uuml;berlassen wird &ndash; durch R&uuml;cksendung der Sache widerrufen.</p>\n<p>Die Frist beginnt nach Erhalt dieser Belehrung in Textform, jedoch nicht vor Eingang der Ware beim Empf&auml;nger (bei der wiederkehrenden Lieferung gleichartiger Waren nicht vor dem Eingang der ersten Teillieferung) und auch nicht vor Erf&uuml;llung unserer Informationspflichten gem&auml;&szlig; &sect; 312c Abs. 2 BGB in Verbindung mit &sect; 1Abs. 1, 2 und 4 BGB-InfoV sowie unserer Pflichten gem&auml;&szlig; &sect;312e Abs. 1 Satz 1 BGB in Verbindung mit &sect; 3 BGB-InfoV. Zur Wahrung der Widerrufsfrist gen&uuml;gt die rechtzeitige Absendung des Widerrufs oder der Sache.</p>\n<p>Der Widerruf ist zu richten an:<br /><br />Copia GmbH<br />Walter-Gropius-Stra&szlig;e 19<br />50126 Bergheim, Deutschland<br /> Fax:&nbsp;+49 2271 4983-21<br /> Email: info@copia.de</p>\n<h3>Widerrufsfolgen</h3>\n<p>Im Falle eines wirksamen Widerrufs sind die beiderseits empfangenen Leistungen zur&uuml;ckzugew&auml;hren und ggf. gezogene Nutzungen (z. B. Zinsen) herauszugeben. K&ouml;nnen Sie uns die empfangene Leistung ganz oder teilweise nicht oder nur in verschlechtertem Zustand zur&uuml;ckgew&auml;hren, m&uuml;ssen Sie uns insoweit ggf. Wertersatz leisten. Bei der &Uuml;berlassung von Sachen gilt dies nicht, wenn die Verschlechterung der Sache ausschlie&szlig;lich auf deren Pr&uuml;fung &ndash; wie sie Ihnen etwa im Ladengesch&auml;ft m&ouml;glich gewesen w&auml;re &ndash; zur&uuml;ckzuf&uuml;hren ist. Im &Uuml;brigen k&ouml;nnen Sie die Pflicht zum Wertersatz f&uuml;r eine durch die bestimmungsgem&auml;&szlig;e Ingebrauchnahme der Sache entstandene Verschlechterung vermeiden, indem Sie die Sache nicht wie Ihr Eigentum in Gebrauch nehmen und alles unterlassen, was deren Wert beeintr&auml;chtigt. Paketversandf&auml;hige Sachen sind auf unsere Gefahr zur&uuml;ckzusenden. Sie haben die Kosten der R&uuml;cksendung zu tragen, wenn die gelieferte Ware der bestellten entspricht und wenn der Preis der zur&uuml;ckzusendenden Sache einen Betrag von 40 Euro nicht &uuml;bersteigt oder wenn Sie bei einem h&ouml;heren Preis der Sache zum Zeitpunkt des Widerrufs noch nicht die Gegenleistung oder eine vertraglich vereinbarte Teilzahlung erbracht haben. Anderenfalls ist die R&uuml;cksendung f&uuml;r Sie kostenfrei. Nicht paketversandf&auml;hige Sachen werden bei Ihnen abgeholt. Verpflichtungen zur Erstattung von Zahlungen m&uuml;ssen innerhalb von 30 Tagen erf&uuml;llt werden. Die Frist beginnt f&uuml;r Sie mit der Absendung Ihrer Widerrufserkl&auml;rung oder der Sache, f&uuml;r uns mit deren Empfang.</p>\n<h3>Besondere Hinweise</h3>\n<p>Das Widerrufsrecht besteht nicht bei Fernabsatzvertr&auml;gen zur Lieferung von Waren, die nach Kundenspezifikation angefertigt werden oder eindeutig auf die pers&ouml;nlichen Bed&uuml;rfnisse zugeschnitten sind oder die auf Grund ihrer Beschaffenheit nicht f&uuml;r eine R&uuml;cksendung geeignet sind oder schnell verderben k&ouml;nnen oder deren Verfalldatum &uuml;berschritten w&uuml;rde.</p>\n<h3>Google Analytics</h3>\n<p>Diese Website benutzt Google Analytics, einen Webanalysedienst der Google Inc. (&bdquo;Google&ldquo;). Google Analytics verwendet sog. &bdquo;Cookies&ldquo;, Textdateien, die auf Ihrem Computer gespeichert werden und die eine Analyse der Benutzung der Website durch Sie erm&ouml;glichen. Die durch das Cookie erzeugten Informationen &uuml;ber Ihre Benutzung dieser Website werden in der Regel an einen Server von Google in den USA &uuml;bertragen und dort gespeichert. Im Falle der Aktivierung der IP-Anonymisierung auf dieser Website, wird Ihre IP-Adresse von Google jedoch innerhalb von Mitgliedstaaten der Europ&auml;ischen Union oder in anderen Vertragsstaaten des Abkommens &uuml;ber den Europ&auml;ischen Wirtschaftsraum zuvor gek&uuml;rzt. Nur in Ausnahmef&auml;llen wird die volle IP-Adresse an einen Server von Google in den USA &uuml;bertragen und dort gek&uuml;rzt. Im Auftrag des Betreibers dieser Website wird Google diese Informationen benutzen, um Ihre Nutzung der Website auszuwerten, um Reports &uuml;ber die Websiteaktivit&auml;ten zusammenzustellen und um weitere mit der Websitenutzung und der Internetnutzung verbundene Dienstleistungen gegen&uuml;ber dem Websitebetreiber zu erbringen. Die im Rahmen von Google Analytics von Ihrem Browser &uuml;bermittelte IP-Adresse wird nicht mit anderen Daten von Google zusammengef&uuml;hrt. Sie k&ouml;nnen die Speicherung der Cookies durch eine entsprechende Einstellung Ihrer Browser-Software verhindern; wir weisen Sie jedoch darauf hin, dass Sie in diesem Fall gegebenenfalls nicht s&auml;mtliche Funktionen dieser Website vollumf&auml;nglich werden nutzen k&ouml;nnen. Sie k&ouml;nnen dar&uuml;ber hinaus die Erfassung der durch das Cookie erzeugten und auf Ihre Nutzung der Website bezogenen Daten (inkl. Ihrer IP-Adresse) an Google sowie die Verarbeitung dieser Daten durch Google verhindern, indem Sie das unter dem folgenden Link (http://tools.google.com/dlpage/gaoptout?hl=de) verf&uuml;gbare Browser-Plugin herunterladen und installieren.</p>\n<p>Sie k&ouml;nnen die Erfassung durch Google Analytics verhindern, indem Sie auf folgenden Link klicken. Es wird ein Opt-Out-Cookie gesetzt, das die zuk&uuml;nftige Erfassung Ihrer Daten beim Besuch dieser Website verhindert:<br /> <a href=\"javascript:gaOptout()\">Google Analytics deaktivieren</a></p>\n<p>N&auml;here Informationen zu Nutzungsbedingungen und Datenschutz finden Sie unter http://www.google.com/analytics/terms/de.html bzw. unter https://www.google.de/intl/de/policies/. Wir weisen Sie darauf hin, dass auf dieser Website Google Analytics um den Code &bdquo;gat._anonymizeIp();&ldquo; erweitert wurde, um eine anonymisierte Erfassung von IP-Adressen (sog. IP-Masking) zu gew&auml;hrleisten.<br /><small>(Quelle f&uuml;r diese Google Analytics Widerrufsrecht-Formulierung: www.datenschutzbeauftragter-info.de)</small></p>','gBottom',4,'','',0,'','',''),(21,'','','','','','','Händler-Login','','gLeft',0,'shopware.php?sViewport=registerFC&sUseSSL=1&sValidation=H','',0,'','',''),(26,'','','','','','','Newsletter','','gBottom2',2,'shopware.php?sViewport=newsletter','',0,'','',''),(27,'','','','','','','About us','<p>Text</p>','eLeft|eBottom',0,'','',0,'','',''),(28,'','','','','','','Payment / Dispatch','<p>Text</p>','eLeft|eBottom',0,'','',0,'','',''),(29,'','','','','','','Privacy','<p>Text</p>','eLeft|eBottom',0,'','',0,'','',''),(30,'','','','','','','Help / Support','<p>Text</p>','eLeft|eBottom',0,'','',0,'','',''),(32,'','','','','','','Newsletter','','eLeft|eBottom',0,'shopware.php?sViewport=newsletter','',0,'','',''),(33,'','','','','','','Merchant login','','eLeft|eBottom',0,'shopware.php?sViewport,registerFC&sUseSSL=1&sValidation=H','',0,'','',''),(34,'','','','','','','Contact','','eLeft|eBottom',0,'shopware.php?sViewport=ticket&sFid=18','',0,'','',''),(35,'','','','','','','Site Map','','eBottom',0,'shopware.php?sViewport=sitemap','',0,'','',''),(38,'','','','','','','Affiliate program','','eBottom2',4,'shopware.php?sViewport=ticket&sFid=17','_self',0,'','',''),(40,'','','','','','','Defective product','<p>Defective product.</p>','eBottom',4,'shopware.php?sViewport=ticket&sFid=19','_self',0,'','',''),(42,'','','','','','','Return','<p>Return.</p>','eBottom2',3,'shopware.php?sViewport=ticket&sFid=20','_self',0,'','',''),(47,'sContentContactForm','frontend/custom/plugin_contact.tpl','','','','','Kontakt','<!-- Google Code for Kontakt Tracking Conversion Page --><noscript>\n<div style=\"display:inline;\">\n<img height=\"1\" width=\"1\" style=\"border-style:none;\" alt=\"\" src=\"//www.googleadservices.com/pagead/conversion/954313090/?label=FaPnCMKftGMQgtOGxwM&amp;guid=ON&amp;script=0\"/>\n</div>\n</noscript>','sMainCategories',2,'','',0,'Kontaktformular - KLEVER Messe aus Bergisch Gladbach','','KLEVER Messe aus Bergisch Gladbach. Lassen Sie sich persönlich von Fachleuten beraten.'),(48,'sContentContactForm','frontend/custom/plugin_request.tpl','','','','','Anfragen','','sMainCategories',0,'','',0,'Messestände und Displays online bestellen - KLEVER Messe','','Lassen Sie sich von Fachleuten beraten. Jetzt unverbindlich anfragen!'),(50,'sContentContactForm','frontend/custom/plugin_callback.tpl','','','','','Callback','','gUnassigned',0,'','',0,'Callback - Wir rufen Sie gerne zurück!','','Individuelle Beratung ist unsere Stärke. Wir rufen Sie gerne zurück. Nutzen Sie dafür das Callback Formular.'),(52,'','','','','','','Blog','','sMainCategories',1,'blog/','',0,'','',''),(53,'','','','','','','Referenzen','<p><img class=\"tinymce-editor-image\" src=\"media/image/copia-referenzen5a0a9f713111f.jpg\" alt=\"copia-referenzen5a0a9f713111f\" width=\"466\" height=\"2351\" /></p>','sMainCategories',0,'','',0,'','','');

--
-- Table structure for table `s_cms_static_attributes`
--

CREATE TABLE `s_cms_static_attributes` (
  `id` int(11) NOT NULL AUTO_INCREMENT,
  `cmsStaticID` int(11) DEFAULT NULL,
  PRIMARY KEY (`id`),
  UNIQUE KEY `cmsStaticID` (`cmsStaticID`),
  CONSTRAINT `s_cms_static_attributes_ibfk_1` FOREIGN KEY (`cmsStaticID`) REFERENCES `s_cms_static` (`id`) ON DELETE CASCADE ON UPDATE NO ACTION
) ENGINE=InnoDB DEFAULT CHARSET=utf8 COLLATE=utf8_unicode_ci;

--
-- Dumping data for table `s_cms_static_attributes`
--


--
-- Table structure for table `s_cms_static_groups`
--

CREATE TABLE `s_cms_static_groups` (
  `id` int(11) unsigned NOT NULL AUTO_INCREMENT,
  `name` varchar(255) COLLATE utf8_unicode_ci NOT NULL,
  `key` varchar(255) COLLATE utf8_unicode_ci NOT NULL,
  `active` int(1) NOT NULL,
  `mapping_id` int(11) unsigned DEFAULT NULL,
  PRIMARY KEY (`id`),
  KEY `mapping_id` (`mapping_id`)
) ENGINE=InnoDB AUTO_INCREMENT=14 DEFAULT CHARSET=utf8 COLLATE=utf8_unicode_ci;

--
-- Dumping data for table `s_cms_static_groups`
--

INSERT INTO `s_cms_static_groups` VALUES (1,'Links','gLeft',1,NULL),(2,'Unten (Spalte 1)','gBottom',1,NULL),(3,'Unten (Spalte 2)','gBottom2',1,NULL),(4,'In Bearbeitung','gDisabled',0,NULL),(7,'Englisch links','eLeft',1,1),(9,'Englisch unten (Spalte 1)','eBottom',1,2),(10,'Englisch unten (Spalte 2)','eBottom2',1,3),(11,'Hauptnavigation','sMainCategories',1,NULL),(13,'Ungeordnet','gUnassigned',1,NULL);

--
-- Table structure for table `s_cms_support`
--

CREATE TABLE `s_cms_support` (
  `id` int(11) NOT NULL AUTO_INCREMENT,
  `name` varchar(255) COLLATE utf8_unicode_ci NOT NULL,
  `text` mediumtext COLLATE utf8_unicode_ci NOT NULL,
  `email` varchar(255) COLLATE utf8_unicode_ci NOT NULL,
  `email_template` mediumtext COLLATE utf8_unicode_ci NOT NULL,
  `email_subject` varchar(255) COLLATE utf8_unicode_ci NOT NULL,
  `text2` mediumtext COLLATE utf8_unicode_ci NOT NULL,
  `ticket_typeID` int(10) NOT NULL,
  `isocode` varchar(3) COLLATE utf8_unicode_ci NOT NULL DEFAULT 'de',
  PRIMARY KEY (`id`)
) ENGINE=InnoDB AUTO_INCREMENT=23 DEFAULT CHARSET=utf8 COLLATE=utf8_unicode_ci;

--
-- Dumping data for table `s_cms_support`
--

INSERT INTO `s_cms_support` VALUES (5,'Kontaktformular','<p>Schreiben Sie uns eine eMail.</p>\r\n<p>Wir freuen uns auf Ihre Kontaktaufnahme.</p>','info@example.com','Kontaktformular Shopware Demoshop\r\n\r\nAnrede: {sVars.anrede}\r\nVorname: {sVars.vorname}\r\nNachname: {sVars.nachname}\r\neMail: {sVars.email}\r\nTelefon: {sVars.telefon}\r\nBetreff: {sVars.betreff}\r\nKommentar: \r\n{sVars.kommentar}\r\n\r\n\r\n','Kontaktformular Shopware','<p>Ihr Formular wurde versendet!</p>',1,'de'),(8,'Partnerformular','<h2>Partner werden und mitverdienen!</h2>\r\n<p>Einfach unseren Link auf ihre Seite legen und Sie erhalten f&uuml;r jeden Umsatz ihrer vermittelten Kunden automatisch eine attraktive Provision auf den Netto-Auftragswert.</p>\r\n<p>Bitte f&uuml;llen Sie <span style=\"text-decoration: underline;\">unverbindlich</span> das Partnerformular aus. Wir werden uns umgehend mit Ihnen in Verbindung setzen!</p>','info@example.com','Partneranfrage - {$sShopname}\n{sVars.firma} moechte Partner Ihres Shops werden!\n\nFirma: {sVars.firma}\nAnsprechpartner: {sVars.ansprechpartner}\nStraße/Hausnr.: {sVars.strasse}\nPLZ / Ort: {sVars.plz} {sVars.ort}\neMail: {sVars.email}\nTelefon: {sVars.tel}\nFax: {sVars.fax}\nWebseite: {sVars.website}\n\nKommentar:\n{sVars.kommentar}\n\nProfil:\n{sVars.profil}','Partner Anfrage','<p>Die Anfrage wurde versandt!</p>',0,'de'),(9,'Defektes Produkt','<h1>Defektes Produkt - f&uuml;r Endkunden und H&auml;ndler</h1>\r\n<p>Sie erhalten von uns nach dem Absenden dieses Formulars innerhalb kurzer Zeit eine R&uuml;ckantwort mit einer RMA-Nummer und weiterer Vorgehensweise.</p>\r\n<p>Bitte f&uuml;llen Sie die Fehlerbeschreibung ausf&uuml;hrlich aus, Sie m&uuml;ssen diese dann nicht mehr dem Paket beilegen.</p>','info@example.com','Defektes Produkt - Shopware Demoshop\r\n\r\nFirma: {sVars.firma}\r\nKundennummer: {sVars.kdnr}\r\neMail: {sVars.email}\r\n\r\nRechnungsnummer: {sVars.rechnung}\r\nArtikelnummer: {sVars.artikel}\r\n\r\nDetaillierte Fehlerbeschreibung:\r\n--------------------------------\r\n{sVars.fehler}\r\n\r\nRechner: {sVars.rechner}\r\nSystem {sVars.system}\r\nWie tritt das Problem auf: {sVars.wie}\r\n','Online-Serviceformular','<p>Formular erfolgreich versandt!</p>',2,'de'),(10,'Rückgabe','<h2>Hier k&ouml;nnen Sie Informationen zur R&uuml;ckgabe einstellen...</h2>','info@example.com','Rückgabe - Shopware Demoshop\n \nKundennummer: {sVars.kdnr}\neMail: {sVars.email}\n \nRechnungsnummer: {sVars.rechnung}\nArtikelnummer: {sVars.artikel}\n \nKommentar:\n \n{sVars.info}','Rückgabe','<p>Formular erfolgreich versandt.</p>',0,'de'),(16,'Anfrage-Formular','<p>Schreiben Sie uns eine eMail.</p>\r\n<p>Wir freuen uns auf Ihre Kontaktaufnahme.</p>','info@example.com','Anfrage-Formular Shopware Demoshop\r\n\r\nAnrede: {sVars.anrede}\r\nVorname: {sVars.vorname}\r\nNachname: {sVars.nachname}\r\neMail: {sVars.email}\r\nTelefon: {sVars.telefon}\r\nFrage: \r\n{sVars.inquiry}\r\n\r\n\r\n','Anfrage-Formular Shopware','<p>Ihre Anfrage wurde versendet!</p>',0,'de'),(17,'Partner form','<h2><strong>Become partner and earn money!</strong></h2>\r\n<p>Link our Site and receive&nbsp;an attractive commission on the net contract price&nbsp;for every tornover of your&nbsp;provided customers.</p>\r\n<p>Please fill out the partner form <span style=\"text-decoration: underline;\">without obligation</span>.&nbsp;We will immediately get in contact with you!</p>','info@example.com','Partner inquiry - {$sShopname}\n{sVars.firma} want to become your partner!\n\nCompany: {sVars.firma}\nContact person: {sVars.ansprechpartner}\nStreet / No.: {sVars.strasse}\nPostal Code / City: {sVars.plz} {sVars.ort}\neMail: {sVars.email}\nPhone: {sVars.tel}\nFax: {sVars.fax}\nWebsite: {sVars.website}\n\nComment:\n{sVars.kommentar}\n\nProfile:\n{sVars.profil}','Partner inquiry','<p>&nbsp;</p>\r\n&nbsp;\r\n<div id=\"result_box\" dir=\"ltr\">The request has been sent!</div>',0,'de'),(18,'Contact','','info@example.com','Contact form Shopware Demoshop\r\n\r\nTitle: {sVars.anrede}\r\nFirst name: {sVars.vorname}\r\nLast name: {sVars.nachname}\r\neMail: {sVars.email}\r\nPhone: {sVars.telefon}\r\nSubject: {sVars.betreff}\r\nComment: \r\n{sVars.kommentar}\r\n\r\n\r\n','Contact form Shopware','<p>Your form was sent!</p>',0,'de'),(19,'Defective product','<p>&nbsp;</p>\r\n&nbsp;\r\n<h1>Defective product - for customers and traders</h1>\r\n<p>You will receive an answer&nbsp;from us&nbsp;with an RMA number an other approach&nbsp;after sending this form.&nbsp;</p>\r\n<p>Please fill out the error description, so you must not add this any more to the package.</p>','info@example.com','Defective product - Shopware Demoshop\n\nCompany: {sVars.firma}\nCustomer no.: {sVars.kdnr}\neMail: {sVars.email}\n\nInvoice no.: {sVars.rechnung}\nArticle no.: {sVars.artikel}\n\nDescription of failure:\n--------------------------------\n{sVars.fehler}\n\nType: {sVars.rechner}\nSystem {sVars.system}\nHow does the problem occur:\n{sVars.wie}','Online-Serviceform','<p>Form successfully sent!</p>',0,'de'),(20,'Return','<h2>Here you can write information about the return...</h2>','info@example.com','Return - Shopware Demoshop\n\nCustomer no.: {sVars.kdnr}\neMail: {sVars.email}\n\nInvoice no.: {sVars.rechnung}\nArticle no.: {sVars.artikel}\n\nComment:\n{sVars.info}','Return','<p>Form successfully sent.</p>',0,'de'),(21,'Inquiry form','<p>Send us an email.&nbsp;<br /><br />We look forward to hearing from you.</p>','info@example.com','Anfrage-Formular Shopware Demoshop\r\n\r\nAnrede: {sVars.anrede}\r\nVorname: {sVars.vorname}\r\nNachname: {sVars.nachname}\r\neMail: {sVars.email}\r\nTelefon: {sVars.telefon}\r\nFrage: \r\n{sVars.inquiry}\r\n\r\n\r\n','Inquiry form Shopware','<p>Your request has been sent!</p>',0,'de'),(22,'Support beantragen','<p>Wir freuen uns &uuml;ber Ihre Kontaktaufnahme.</p>','info@example.com','','Support beantragen','<p>Vielen Dank f&uuml;r Ihre Anfrage!</p>',1,'de');

--
-- Table structure for table `s_cms_support_attributes`
--

CREATE TABLE `s_cms_support_attributes` (
  `id` int(11) NOT NULL AUTO_INCREMENT,
  `cmsSupportID` int(11) DEFAULT NULL,
  PRIMARY KEY (`id`),
  UNIQUE KEY `cmsSupportID` (`cmsSupportID`),
  CONSTRAINT `s_cms_support_attributes_ibfk_1` FOREIGN KEY (`cmsSupportID`) REFERENCES `s_cms_support` (`id`) ON DELETE CASCADE ON UPDATE NO ACTION
) ENGINE=InnoDB DEFAULT CHARSET=utf8 COLLATE=utf8_unicode_ci;

--
-- Dumping data for table `s_cms_support_attributes`
--


--
-- Table structure for table `s_cms_support_fields`
--

CREATE TABLE `s_cms_support_fields` (
  `id` int(11) NOT NULL AUTO_INCREMENT,
  `error_msg` varchar(255) COLLATE utf8_unicode_ci NOT NULL,
  `name` varchar(255) COLLATE utf8_unicode_ci NOT NULL,
  `note` varchar(255) COLLATE utf8_unicode_ci DEFAULT NULL,
  `typ` varchar(255) COLLATE utf8_unicode_ci NOT NULL,
  `required` int(1) NOT NULL,
  `supportID` int(11) NOT NULL,
  `label` varchar(255) COLLATE utf8_unicode_ci NOT NULL,
  `class` varchar(255) COLLATE utf8_unicode_ci NOT NULL,
  `value` varchar(255) COLLATE utf8_unicode_ci NOT NULL,
  `added` datetime NOT NULL,
  `position` int(11) NOT NULL,
  `ticket_task` varchar(200) COLLATE utf8_unicode_ci NOT NULL,
  PRIMARY KEY (`id`),
  UNIQUE KEY `name` (`name`,`supportID`)
) ENGINE=InnoDB AUTO_INCREMENT=117 DEFAULT CHARSET=utf8 COLLATE=utf8_unicode_ci;

--
-- Dumping data for table `s_cms_support_fields`
--

INSERT INTO `s_cms_support_fields` VALUES (24,'','anrede','','select',1,5,'Anrede','normal','Frau;Herr','2007-11-02 03:28:48',0,''),(35,'','vorname','','text',1,5,'Vorname','normal','','2007-11-06 03:17:48',0,''),(36,'','nachname','','text',1,5,'Nachname','normal','','2007-11-06 03:17:57',0,'name'),(37,'','email','','email',1,5,'eMail-Adresse','normal','','2007-11-06 03:18:36',0,'email'),(38,'','telefon','','text',0,5,'Telefon','normal','','2007-11-06 03:18:49',0,''),(39,'','betreff','','text',1,5,'Betreff','normal','','2007-11-06 03:18:57',0,'subject'),(40,'','kommentar','','textarea',1,5,'Kommentar','normal','','2007-11-06 03:19:08',0,'message'),(41,'','firma','','text',1,8,'Firma','normal','','2007-11-22 08:11:39',0,''),(42,'','ansprechpartner','','text',1,8,'Ansprechpartner','normal','','2007-11-22 08:12:18',0,''),(43,'','strasse','','text2',1,8,'Straße / Hausnummer','strasse;nr','','2007-11-22 08:12:49',0,''),(44,'','plz;ort','','text2',1,8,'PLZ / Ort','plz;ort','','2007-11-22 08:12:59',0,''),(45,'','tel','','text',1,8,'Telefon','normal','','2007-11-22 08:13:45',0,''),(46,'','fax','','text',0,8,'Fax','normal','','2007-11-22 08:13:52',0,''),(47,'','email','','text',1,8,'eMail','normal','','2007-11-22 08:13:58',0,''),(48,'','website','','text',1,8,'Webseite','normal','','2007-11-22 08:14:07',0,''),(49,'','kommentar','','textarea',0,8,'Kommentar','normal','','2007-11-22 08:14:21',0,''),(50,'','profil','','textarea',1,8,'Firmenprofil','normal','','2007-11-22 08:14:34',0,''),(51,'','rechnung','','text',1,9,'Rechnungsnummer','normal','','2007-11-06 17:21:49',0,''),(52,'','email','','text',1,9,'eMail-Adresse','normal','','2007-11-06 17:19:20',0,'email'),(53,'','kdnr','','text',1,9,'KdNr.(siehe Rechnung)','normal','','2007-11-06 17:19:10',0,'name'),(54,'','firma','','checkbox',0,9,'Firma (Wenn ja, bitte ankreuzen)','','1','2007-11-06 17:18:36',0,''),(55,'','artikel','','textarea',1,9,'Artikelnummer(n)','normal','','2007-11-06 17:22:13',0,'subject'),(56,'','fehler','','textarea',1,9,'Detaillierte Fehlerbeschreibung','normal','','2007-11-06 17:22:33',0,'message'),(57,'','rechner','','textarea',0,9,'Auf welchem Rechnertypen läuft das defekte Produkt?','normal','','2007-11-06 17:23:17',0,''),(58,'','system','','textarea',0,9,'Mit welchem Betriebssystem arbeiten Sie?','normal','','2007-11-06 17:23:57',0,''),(59,'','wie','','select',1,9,'Wie tritt das Problem auf?','normal','sporadisch; ständig','2007-11-06 17:24:26',0,''),(60,'','kdnr','','text',1,10,'KdNr.(siehe Rechnung)','normal','','2007-11-06 17:31:38',1,''),(61,'','email','','text',1,10,'eMail-Adresse','normal','','2007-11-06 17:31:51',2,''),(62,'','rechnung','','text',1,10,'Rechnungsnummer','normal','','2007-11-06 17:32:02',3,''),(63,'','artikel','','textarea',1,10,'Artikelnummer(n)','normal','','2007-11-06 17:32:17',4,''),(64,'','info','','textarea',0,10,'Kommentar','normal','','2007-11-06 17:32:42',5,''),(69,'','inquiry','','textarea',1,16,'Anfrage','normal','','2007-11-06 03:19:08',5,''),(71,'','nachname','','text',1,16,'Nachname','normal','','2007-11-06 03:17:57',2,''),(72,'','anrede','','select',1,16,'Anrede','normal','Frau;Herr','2007-11-02 03:28:48',0,''),(73,'','telefon','','text',0,16,'Telefon','normal','','2007-11-06 03:18:49',3,''),(74,'','email','','text',1,16,'eMail-Adresse','normal','','2007-11-06 03:18:36',0,''),(75,'','vorname','','text',1,16,'Vorname','normal','','2007-11-06 03:17:48',1,''),(76,'','firma','','text',1,17,'Company','normal','','2008-10-17 13:02:42',0,''),(77,'','ansprechpartner','','text',1,17,'Contact person','normal','','2008-10-17 13:03:35',4,''),(78,'','strasse','','text2',1,17,'Street / house number','strasse;nr','','2008-10-17 13:05:55',0,''),(79,'','plz;ort','','text2',1,17,'Postal Code / City','plz;ort','','2008-10-17 13:06:23',0,''),(80,'','tel','','text',1,17,'Phone','normal','','2008-10-17 13:06:35',0,''),(81,'','fax','','text',0,17,'Fax','normal','','2008-10-17 13:06:48',0,''),(82,'','email','','text',1,17,'eMail','normal','','2008-10-17 13:07:06',0,''),(83,'','website','','text',1,17,'Website','normal','','2008-10-17 13:07:14',0,''),(84,'','kommentar','','textarea',0,17,'Comment','normal','','2008-10-17 13:07:25',0,''),(85,'','profil','','textarea',1,17,'Company profile','normal','','2008-10-17 13:07:43',0,''),(86,'','anrede','','select',1,18,'Title','normal','Ms;Mr','2008-10-17 13:21:07',0,''),(87,'','vorname','','text',1,18,'First name','normal','','2008-10-17 13:21:41',0,''),(88,'','nachname','','text',1,18,'Last name','normal','','2008-10-17 13:22:01',0,''),(89,'','email','','text',1,18,'eMail-Adress','normal','','2008-10-17 13:22:18',0,''),(90,'','telefon','','text',0,18,'Phone','normal','','2008-10-17 13:22:28',0,''),(91,'','betreff','','text',1,18,'Subject','normal','','2008-10-17 13:22:38',0,''),(92,'','kommentar','','textarea',1,18,'Comment','normal','','2008-10-17 13:22:45',0,''),(93,'','firma','','checkbox',0,19,'Company (If so, please mark)','','1','2008-10-17 13:45:44',0,''),(94,'','kdnr','','text',1,19,'Customer no. (See invoice)','normal','','2008-10-17 13:46:04',0,''),(95,'','email','','text',1,19,'eMail-Adress','normal','','2008-10-17 13:46:27',0,''),(96,'','rechnung','','text',1,19,'Invoice number','normal','','2008-10-17 13:47:03',0,''),(97,'','artikel','','textarea',1,19,'Articlenumber(s)','normal','','2008-10-17 13:47:43',0,''),(98,'','fehler','','textarea',1,19,'Detailed error description','normal','','2008-10-17 13:48:54',0,''),(99,'','rechner','','textarea',0,19,'On which computer type does the defective product run?','normal','','2008-10-17 14:02:03',0,''),(100,'','system','','textarea',0,19,'With which operating system do you work?','normal','','2008-10-17 14:02:36',0,''),(101,'','wie','','select',1,19,'How doeas the problem occur?','normal','sporadically;permanently','2008-10-17 14:02:55',0,''),(102,'','kdnr','','text',1,20,'Customer no. (See invoice)','normal','','2008-10-17 14:21:28',1,''),(103,'','email','','text',1,20,'eMail-Adress','normal','','2008-10-17 14:22:12',2,''),(104,'','rechnung','','text',1,20,'Invoice number','normal','','2008-10-17 14:22:43',3,''),(105,'','artikel','','textarea',1,20,'Articlenumber(s)','normal','','2008-10-17 14:23:15',4,''),(106,'','info','','textarea',0,20,'Comment','normal','','2008-10-17 14:23:37',5,''),(107,'','anrede','','select',1,21,'Title','normal','Ms;Mr','2008-10-17 14:45:21',0,''),(108,'','vorname','','text',1,21,'First name','normal','','2008-10-17 14:46:11',0,''),(109,'','nachname','','text',1,21,'Last name','normal','','2008-10-17 14:46:31',0,''),(110,'','email','','text',1,21,'eMail-Adress','normal','','2008-10-17 14:46:49',0,''),(111,'','telefon','','text',0,21,'Phone','normal','','2008-10-17 14:47:00',0,''),(112,'','inquiry','','textarea',1,21,'Inquiry','normal','','2008-10-17 14:47:25',0,''),(113,'','name','','text',1,22,'Name','normal','','2009-04-15 22:20:30',0,'name'),(114,'','email','','email',1,22,'eMail','normal','','2009-04-15 22:20:37',0,'email'),(115,'','betreff','','text',1,22,'Betreff','normal','','2009-04-15 22:20:45',0,'subject'),(116,'','kommentar','','textarea',1,22,'Kommentar','normal','','2009-04-15 22:21:07',0,'message');

--
-- Table structure for table `s_core_acl_privileges`
--

CREATE TABLE `s_core_acl_privileges` (
  `id` int(11) NOT NULL AUTO_INCREMENT,
  `resourceID` int(11) NOT NULL,
  `name` varchar(255) COLLATE utf8_unicode_ci NOT NULL,
  PRIMARY KEY (`id`),
  KEY `resourceID` (`resourceID`)
) ENGINE=InnoDB AUTO_INCREMENT=148 DEFAULT CHARSET=utf8 COLLATE=utf8_unicode_ci;

--
-- Dumping data for table `s_core_acl_privileges`
--

INSERT INTO `s_core_acl_privileges` VALUES (1,1,'create'),(2,1,'read'),(3,1,'update'),(4,1,'delete'),(5,2,'create'),(6,2,'read'),(7,2,'update'),(8,2,'delete'),(10,3,'create'),(11,3,'update'),(12,3,'delete'),(15,4,'create'),(16,4,'read'),(17,4,'update'),(18,4,'delete'),(19,5,'create'),(20,5,'update'),(21,5,'delete'),(22,5,'read'),(23,6,'createupdate'),(24,6,'read'),(26,6,'delete'),(27,5,'detail'),(28,5,'perform_order'),(29,7,'create'),(30,7,'read'),(31,7,'update'),(32,7,'delete'),(33,8,'create'),(34,8,'read'),(35,8,'update'),(36,8,'delete'),(37,8,'export'),(38,8,'generate'),(39,9,'read'),(40,9,'accept'),(41,9,'comment'),(42,9,'delete'),(43,10,'create'),(44,10,'read'),(45,10,'update'),(46,10,'delete'),(47,11,'create'),(48,11,'read'),(49,11,'update'),(50,11,'delete'),(56,13,'read'),(57,14,'create'),(58,14,'read'),(59,14,'update'),(60,14,'delete'),(61,15,'create'),(62,15,'read'),(63,15,'update'),(64,15,'delete'),(65,16,'create'),(66,16,'read'),(67,16,'update'),(68,16,'delete'),(69,17,'create'),(70,17,'read'),(71,17,'update'),(72,17,'delete'),(73,18,'createGroup'),(74,18,'read'),(75,18,'createSite'),(76,18,'updateSite'),(77,18,'deleteSite'),(78,18,'deleteGroup'),(79,11,'generate'),(80,19,'read'),(81,20,'read'),(82,20,'delete'),(83,21,'save'),(84,21,'read'),(85,21,'delete'),(86,22,'create'),(87,22,'read'),(88,22,'update'),(89,22,'delete'),(90,22,'statistic'),(91,23,'create'),(92,23,'read'),(93,23,'update'),(94,23,'delete'),(95,24,'read'),(96,25,'delete'),(97,25,'read'),(98,26,'read'),(99,27,'read'),(100,27,'delete'),(101,27,'create'),(102,27,'upload'),(103,27,'update'),(104,28,'read'),(105,28,'delete'),(106,28,'update'),(107,28,'create'),(108,28,'comments'),(110,29,'read'),(112,29,'delete'),(113,29,'save'),(114,30,'create'),(115,30,'read'),(116,30,'update'),(117,30,'delete'),(118,31,'create'),(119,31,'read'),(120,31,'update'),(121,31,'delete'),(122,32,'delete'),(123,32,'read'),(124,32,'write'),(125,33,'read'),(126,33,'update'),(127,33,'clear'),(128,34,'read'),(129,34,'export'),(130,34,'import'),(131,35,'create'),(132,35,'read'),(133,35,'update'),(134,35,'delete'),(136,36,'read'),(137,36,'upload'),(138,36,'download'),(139,36,'install'),(140,36,'update'),(141,37,'read'),(142,37,'swag-visitors-customers-widget'),(143,37,'swag-last-orders-widget'),(144,37,'swag-sales-widget'),(145,37,'swag-merchant-widget'),(146,37,'swag-upload-widget'),(147,37,'swag-notice-widget');

--
-- Table structure for table `s_core_acl_resources`
--

CREATE TABLE `s_core_acl_resources` (
  `id` int(11) NOT NULL AUTO_INCREMENT,
  `name` varchar(255) COLLATE utf8_unicode_ci NOT NULL,
  `pluginID` int(11) DEFAULT NULL,
  PRIMARY KEY (`id`)
) ENGINE=InnoDB AUTO_INCREMENT=38 DEFAULT CHARSET=utf8 COLLATE=utf8_unicode_ci;

--
-- Dumping data for table `s_core_acl_resources`
--

INSERT INTO `s_core_acl_resources` VALUES (1,'debug_test',NULL),(2,'banner',NULL),(4,'supplier',NULL),(5,'customer',NULL),(6,'form',NULL),(7,'premium',NULL),(8,'voucher',NULL),(9,'vote',NULL),(10,'mail',NULL),(11,'productfeed',NULL),(13,'overview',NULL),(14,'order',NULL),(15,'payment',NULL),(16,'shipping',NULL),(17,'snippet',NULL),(18,'site',NULL),(19,'systeminfo',NULL),(20,'log',NULL),(21,'riskmanagement',NULL),(22,'partner',NULL),(23,'category',NULL),(24,'notification',NULL),(25,'canceledorder',NULL),(26,'analytics',NULL),(27,'mediamanager',NULL),(28,'blog',NULL),(29,'article',NULL),(30,'config',NULL),(31,'emotion',NULL),(32,'newslettermanager',NULL),(33,'cache',NULL),(34,'importexport',NULL),(35,'usermanager',NULL),(36,'pluginmanager',NULL),(37,'widgets',NULL);

--
-- Table structure for table `s_core_acl_roles`
--

CREATE TABLE `s_core_acl_roles` (
  `id` int(11) NOT NULL AUTO_INCREMENT,
  `roleID` int(11) NOT NULL,
  `resourceID` int(11) DEFAULT NULL,
  `privilegeID` int(11) DEFAULT NULL,
  PRIMARY KEY (`id`),
  UNIQUE KEY `roleID` (`roleID`,`resourceID`,`privilegeID`),
  KEY `resourceID` (`resourceID`),
  KEY `privilegeID` (`privilegeID`)
) ENGINE=InnoDB AUTO_INCREMENT=2 DEFAULT CHARSET=utf8 COLLATE=utf8_unicode_ci;

--
-- Dumping data for table `s_core_acl_roles`
--

INSERT INTO `s_core_acl_roles` VALUES (1,1,NULL,NULL);

--
-- Table structure for table `s_core_auth`
--

CREATE TABLE `s_core_auth` (
  `id` int(11) NOT NULL AUTO_INCREMENT,
  `roleID` int(11) NOT NULL,
  `username` varchar(255) COLLATE utf8_unicode_ci NOT NULL,
  `password` varchar(255) COLLATE utf8_unicode_ci NOT NULL,
  `encoder` varchar(255) COLLATE utf8_unicode_ci NOT NULL DEFAULT 'LegacyBackendMd5',
  `apiKey` varchar(40) COLLATE utf8_unicode_ci DEFAULT NULL,
  `localeID` int(11) NOT NULL,
  `sessionID` varchar(128) COLLATE utf8_unicode_ci DEFAULT NULL,
  `lastlogin` datetime NOT NULL DEFAULT '0000-00-00 00:00:00',
  `name` varchar(255) COLLATE utf8_unicode_ci NOT NULL,
  `email` varchar(120) COLLATE utf8_unicode_ci NOT NULL,
  `active` int(1) NOT NULL DEFAULT '0',
  `admin` int(1) NOT NULL,
  `salted` int(1) unsigned NOT NULL,
  `failedlogins` int(11) NOT NULL,
  `lockeduntil` datetime DEFAULT NULL,
  `extended_editor` tinyint(1) unsigned NOT NULL DEFAULT '0',
  `disabled_cache` tinyint(1) unsigned NOT NULL DEFAULT '0',
  PRIMARY KEY (`id`),
  UNIQUE KEY `username` (`username`)
) ENGINE=InnoDB AUTO_INCREMENT=54 DEFAULT CHARSET=utf8 COLLATE=utf8_unicode_ci;

--
-- Dumping data for table `s_core_auth`
--

INSERT INTO `s_core_auth` VALUES (50,1,'admin','$2y$10$C2hW.ZTs5N9rgLVjKgGUWO6ZCEocBuHUc7FrcNt9gFlwK3gjMe1tC','bcrypt',NULL,1,'teflkliu947kmqbf19m0rjce24','2018-05-16 22:34:46','Administrator','tom@deinescheibe.de',1,1,1,0,'0000-00-00 00:00:00',1,0),(51,1,'kathi','$2y$10$/dXa3.aEsTJcokBbpc1sh.W3qpLIlZ9aq2kB.ngGq7hYIiw3Amdpq','bcrypt',NULL,1,'odbus42dti97l9s4nppk3v8mc3','2018-05-15 10:32:22','kathi','k.bizon@kleverdigital.de',1,0,1,0,'2014-11-17 11:04:06',1,1),(52,1,'Tom','$2y$10$tpNJTrsGQegonIQMde0e0u6ixl/N/1kesyQniYcaUT/Z/DxGUhVfa','bcrypt',NULL,1,NULL,'2016-02-29 15:36:42','Tom','tom@deinescheibe.de',1,0,1,0,'2014-11-17 11:07:58',1,0),(53,1,'jenny','$2y$10$IviEKtEMFNGBLDDHE9kUIuC/KwPzZgkSQ9KeZ/nD4o/lbmlvAw2TO','bcrypt','SRkFXHr4eHW03TMmOI5xGpcLwTkqPcOvQhInxvyN',1,'3gd3t9uvrccv03pmqjoq8342a1','2015-08-31 15:15:57','Jenny','j.zoellner@kleverdigital.de',1,0,1,2,'2015-08-20 10:42:18',1,1);

--
-- Table structure for table `s_core_auth_attributes`
--

CREATE TABLE `s_core_auth_attributes` (
  `id` int(11) NOT NULL AUTO_INCREMENT,
  `authID` int(11) DEFAULT NULL,
  PRIMARY KEY (`id`),
  UNIQUE KEY `authID` (`authID`),
  CONSTRAINT `s_core_auth_attributes_ibfk_1` FOREIGN KEY (`authID`) REFERENCES `s_core_auth` (`id`) ON DELETE CASCADE ON UPDATE NO ACTION
) ENGINE=InnoDB DEFAULT CHARSET=utf8 COLLATE=utf8_unicode_ci;

--
-- Dumping data for table `s_core_auth_attributes`
--


--
-- Table structure for table `s_core_auth_roles`
--

CREATE TABLE `s_core_auth_roles` (
  `id` int(11) NOT NULL AUTO_INCREMENT,
  `parentID` int(11) DEFAULT NULL,
  `name` varchar(255) CHARACTER SET latin1 NOT NULL,
  `description` text CHARACTER SET latin1 NOT NULL,
  `source` varchar(255) CHARACTER SET latin1 NOT NULL,
  `enabled` int(1) NOT NULL,
  `admin` int(1) NOT NULL,
  PRIMARY KEY (`id`),
  UNIQUE KEY `name` (`name`)
) ENGINE=InnoDB AUTO_INCREMENT=2 DEFAULT CHARSET=utf8 COLLATE=utf8_unicode_ci;

--
-- Dumping data for table `s_core_auth_roles`
--

INSERT INTO `s_core_auth_roles` VALUES (1,NULL,'local_admins','Default group that gains access to all shop functions','build-in',1,1);

--
-- Table structure for table `s_core_config_element_translations`
--

CREATE TABLE `s_core_config_element_translations` (
  `id` int(11) unsigned NOT NULL AUTO_INCREMENT,
  `element_id` int(11) unsigned NOT NULL,
  `locale_id` int(11) unsigned NOT NULL,
  `label` varchar(255) COLLATE utf8_unicode_ci DEFAULT NULL,
  `description` text COLLATE utf8_unicode_ci,
  PRIMARY KEY (`id`),
  UNIQUE KEY `element_id` (`element_id`,`locale_id`)
) ENGINE=InnoDB AUTO_INCREMENT=252 DEFAULT CHARSET=utf8 COLLATE=utf8_unicode_ci;

--
-- Dumping data for table `s_core_config_element_translations`
--

INSERT INTO `s_core_config_element_translations` VALUES (1,225,2,'Controller selection',NULL),(2,276,2,'Controller selection',NULL),(4,224,2,'Display recently viewed items',NULL),(5,269,2,'Activate expandable menu in storefront',NULL),(6,273,2,'Display item comparison',NULL),(7,275,2,'Display tag cloud',NULL),(11,186,2,'VAT vouchers',NULL),(12,188,2,'VAT discounts',NULL),(13,189,2,'Customer reviews must be approved',NULL),(14,190,2,'Automatic item number suggestions',NULL),(15,191,2,'Prefix for automatically generated item numbers',NULL),(16,192,2,'Deactivate product evaluations ',NULL),(17,193,2,'Automatically reminder customer to submit reviews',''),(18,194,2,'Days to wait before sending reminder',''),(19,195,2,'Set tax for discounts dynamically',NULL),(20,226,2,'Thumbnail size','Index of the thumbnail size of the associated album to use. Starts at 0'),(22,231,2,'Maximum number of items to display',NULL),(29,252,2,'Cache search',NULL),(31,254,2,'Close shop due to maintenance',NULL),(32,255,2,'IP excluded from closure',NULL),(35,270,2,'Number of tiers',NULL),(36,271,2,'Activate caching',NULL),(37,272,2,'Caching time',NULL),(38,274,2,'Maximum number of items to be compared',NULL),(39,277,2,'Name of the tag class',NULL),(40,278,2,'Maximum number of terms',NULL),(41,279,2,'Number of ranks',NULL),(42,280,2,'Time period (in days) considered',NULL),(43,286,2,'Items per page',NULL),(44,287,2,'Standard sorting of listings',NULL),(45,288,2,'Maximum number of pages per category',NULL),(46,289,2,'Number of days items are considered new',NULL),(47,290,2,'Number of days considered for top sellers',NULL),(48,291,2,'Number of top sellers for charts',NULL),(49,292,2,'Selection of items per page',NULL),(50,293,2,'Available template categories',NULL),(51,294,2,'Maximum number of items selectable via pull-down menu',NULL),(52,295,2,'Text for unavailable items',NULL),(53,296,2,'Number of similar items for cross selling',NULL),(54,297,2,'Number of items \"customers also bought\"',NULL),(55,298,2,'Standard template for new categories',NULL),(56,299,2,'Number of days to be considered for top seller creation',NULL),(57,300,2,'Number of automatically determined similar products (detail page)',NULL),(58,301,2,'Show delivery time in shopping cart',NULL),(59,302,2,'Number of items displayed as novelties',NULL),(60,303,2,'Request form ID',NULL),(61,304,2,'Minimum shopping cart value for offering individual requests',NULL),(62,305,2,'Zoom viewer instead of light box on detail page ',NULL),(63,306,2,'Check stock in real time on detail page',NULL),(64,307,2,'Maximum number of variants per item',NULL),(65,308,2,'Deactivate out-of-stock items',NULL),(66,309,2,'Display main items in bundles',NULL),(67,310,2,'Hide \"add to shopping cart\" option if item is out-of-stock','Customers can choose to be informed per email when an item is \"now in stock\".'),(68,311,2,'Display inventory shortages in shopping cart',NULL),(69,312,2,'Jump to detail if only one item is available',NULL),(70,313,2,'Configurator open text fields',NULL),(71,314,2,'Available templates for detail page',NULL),(72,315,2,'Max. number of manufacturers in sidebar',NULL),(73,317,2,'Minimum password length (registration)',NULL),(74,318,2,'Standard payment method ID (registration)',NULL),(75,319,2,'Standard recipient group ID for registered customers (system / newsletter)',NULL),(76,320,2,'Generate customer numbers automatically',NULL),(77,321,2,'Deactivate AGB terms checkbox on checkout page',NULL),(78,322,2,'Display country and state fields in shipping address forms',NULL),(79,323,2,'Data protection conditions must be accepted via checkbox',NULL),(80,324,2,'Default payment method ID',NULL),(81,325,2,'Confirm customer email addresses','Customers must enter email addresses twice, in order to avoid typing mistakes.'),(82,326,2,'Check extended fields in newsletter registration',NULL),(83,327,2,'Deactivate \"no customer account\"',NULL),(84,585,2,'Exclude IP from statistics',NULL),(85,586,2,'Google Analytics ID',NULL),(86,587,2,'Google Conversion ID',NULL),(87,588,2,'Anonymous IP address',NULL),(88,589,2,'Cache controller/Times',NULL),(89,590,2,'NoCache Controller/Tags',NULL),(90,591,2,'Alternative Proxy URL',NULL),(91,592,2,'Admin view',NULL),(95,608,2,'Activate SQL injection protection',NULL),(96,609,2,'SQL injection filter',NULL),(97,610,2,'Activate XXS protection',NULL),(98,611,2,'XXS filter',NULL),(99,612,2,'Activate Remote File Inclusion protection',NULL),(100,613,2,'RemoteFileInclusion-filter',NULL),(101,614,2,'Vouchers designated as',NULL),(102,615,2,'Maximum search term length',NULL),(103,620,2,'Discounts designated as',NULL),(104,623,2,'Shortages designated as',NULL),(105,624,2,'Do not send order confirmation to shop owner',NULL),(106,625,2,'Blacklist for keywords',NULL),(107,626,2,'Surcharges on payment methods designated as',NULL),(108,627,2,'Designation percentual deduction on payment method',NULL),(109,628,2,'Order number for discounts',NULL),(110,629,2,'Order  number for shortages',NULL),(111,630,2,'Surcharge on payment method',NULL),(112,631,2,'Number of live search results',NULL),(113,632,2,'Always calculate absolute surcharges for shipping costs',NULL),(114,633,2,'Send registration confirmation to shop owner in CC',NULL),(115,634,2,'Double opt in for newsletter subscriptions',NULL),(116,635,2,'Double opt in for customer reviews',NULL),(117,636,2,'Order number for deduction dispatch rule',NULL),(118,637,2,'Deduction dispatch rule designated as',NULL),(119,641,2,'Order status - Changes to CC addresses',NULL),(120,642,2,'Extended SQL query',NULL),(121,643,2,'Block orders with no available shipping type',NULL),(122,646,2,'Only use lower case letters in URLs',NULL),(123,648,2,'Redirect to starting page in case of unavailable categories / items',NULL),(124,649,2,'Prepare meta description of categories / items',NULL),(125,650,2,'Remove Category ID from URL',NULL),(126,651,2,'SEO nofollow queries',NULL),(127,652,2,'SEO nofollow viewports',NULL),(128,653,2,'Remove unnecessary blank spaces or line breaks',NULL),(129,654,2,'Remove HTML comments',NULL),(130,655,2,'Query aliases',NULL),(131,656,2,'SEO follow backlinks',NULL),(132,657,2,'Use SEO canonical tags',NULL),(133,658,2,'Last update',NULL),(134,659,2,'SEO URLs caching timetable',NULL),(136,661,2,'Activate module',NULL),(137,662,2,'Separate VAT ID for verification',NULL),(138,663,2,'Activate extended verification',NULL),(139,664,2,'Valid countries for extended verification',NULL),(140,665,2,'Mark VAT ID number as required',NULL),(141,666,2,'Activate extended error output',NULL),(142,667,2,'SEO URLs item template',NULL),(143,668,2,'SEO URLs category template',NULL),(144,669,2,'If service is not available, complete normal verification',NULL),(145,670,2,'Other SEO URLs',NULL),(146,671,2,'Request official confirmation with extended verification',NULL),(147,672,2,'Valid results with extended verification.',NULL),(148,673,2,'Shop name',NULL),(149,674,2,'Shop owner email',NULL),(150,675,2,'Address',NULL),(151,676,2,'VAT ID',NULL),(152,677,2,'Bank account',NULL),(153,843,2,'Font color code (R,G,B)',NULL),(154,844,2,'Bot list',NULL),(155,845,2,'Version',NULL),(156,846,2,'Revision',NULL),(157,847,2,'Base file',NULL),(158,848,2,'ESD key',NULL),(159,849,2,'Available templates for blog detail page',NULL),(160,850,2,'Maximum distance allowed for string matching (%)',NULL),(161,851,2,'Factor for accurate hits ',NULL),(162,852,2,'Last update',NULL),(163,853,2,'Factor for inaccurate hits ',NULL),(164,854,2,'Minimum relevance for top items (%)',NULL),(165,855,2,'Maximum distance allowed for partial names (%)',NULL),(166,856,2,'Factor for partial hits',NULL),(167,857,2,'Selection price filter',NULL),(168,858,2,'Results per page',NULL),(169,859,2,'Selection results per page',NULL),(170,860,2,'ESD-Min-Serials',NULL),(171,867,2,'Display \"customers also bought\" recommendations',NULL),(172,868,2,'Number of items per page in the list',NULL),(173,869,2,'Maximum number of pages in the list',NULL),(174,870,2,'Display \"customers also viewed\" recommendations',NULL),(175,871,2,'Number of items per page in the list',NULL),(176,872,2,'Maximum number of pages in the list',NULL),(177,873,2,'Display shop cancellation policy',NULL),(178,874,2,'Display newsletter registration',NULL),(179,875,2,'Display bank detail notice',NULL),(180,876,2,'Display further notices','Snippet: ConfirmTextOrderDefault'),(181,877,2,'Display further options','Add product, add voucher, comment function'),(182,878,2,'Show Bonus System (if installed)',NULL),(183,879,2,'Display \"free with purchase\" items',NULL),(184,880,2,'Display country descriptions',NULL),(185,881,2,'Display information for net orders',NULL),(186,882,2,'Shopping cart header background color','(Hex-Code)'),(187,883,2,'Shopping cart header text color','(Hex-Code)'),(188,884,2,'Background color of shopping cart table','(Hex-Code)'),(189,885,2,'Template for essential characteristics',NULL),(190,886,2,'Timeout',NULL),(191,887,2,'Selectable languages ',NULL),(192,888,2,'SEO URLs blog template',NULL),(193,889,2,'Display item details in modal box',NULL),(194,890,2,'Trusted Shops ID',NULL),(195,891,2,'Show blog entries from category (ID) on starting page',NULL),(196,892,2,'Number of blog entries on starting page',NULL),(197,893,2,'Company',NULL),(198,894,2,'SEO URLs landing page template',NULL),(199,897,2,'All-inclusive surcharges on payment methods designated as',NULL),(200,898,2,'Order number for all-inclusive surcharges on payment methods designated as',NULL),(201,899,2,'Store API URL',NULL),(202,908,2,'Link to download file directly',NULL),(203,909,2,'Always display item descriptions in listing views','Affected views: Top seller, category listings, emotions'),(204,234,2,'Message encoding','8bit, 7bit, base64, binary or quoted-printable'),(205,236,2,'Message ID hostname','Will be received in headers on a default HELO string. If not defined, the value returned from SERVER_NAME, \"localhost.localdomain\" will be used.'),(206,235,2,'Sending method','mail, SMTP or file'),(207,238,2,'Default port','Sets the default SMTP server port.'),(208,239,2,'Connection prefix','\"\", ssl, or tls'),(209,237,2,'Mail host','You can also specify a different port by using this format: [hostname:port] - e.g., smtp1.example.com:25'),(210,242,2,'Connection auth','plain, login or crammd5'),(211,240,2,'SMTP username',NULL),(212,241,2,'SMTP password',NULL),(213,901,2,'Own filter',NULL),(214,905,2,'Check current password at password-change requests',NULL),(215,900,2,'Number of mails sent per call',NULL),(216,938,2,' Release download with payment status','Define the payment status in which a download of ESD items is possible.'),(217,939,2,'Always display the defined article preview image in list views',NULL),(218,940,2,'Send order mail',NULL),(219,0,2,'Force http canonical url',NULL),(220,942,2,'Treat phone field as required','Note that you must configure the asterisk indication in the snippet RegisterLabelPhone'),(221,906,2,'Activate referrer check',NULL),(222,910,2,'Password algorithm','With which algorithm should the password be encrypted?'),(223,911,2,'Live migration','Should available user passwords be rehashed with other algorithms on next login? This is done automatically in the background, so that passwords can be gradually converted to a new algorithm.'),(224,912,2,'Bcrypt iterations','The higher the number of iterations, the more difficult it is for a potential attacker to calculate the clear-text password for the encrypted password.'),(225,913,2,'Sha256 iterations','The higher the number of iterations, the more difficult it is for a potential attacker to calculate the clear-text password for the encrypted password.'),(226,933,2,'Admin view','Deactivate cache for item preview in express checkout'),(227,934,2,'Controller cache timeouts',NULL),(228,935,2,'Skip caching for controllers / tags',NULL),(229,936,2,'Alternative proxy URL','Prepend \"http://\" to HTTP proxy links'),(230,937,2,'Activate cache clearing','Enable automatic cache clearing.'),(231,929,2,'Dummy plugin download URL',NULL),(232,943,2,'Creditor name','Name of the creditor to be included in the mandate.'),(233,944,2,'Header text','Header text of the mandate.'),(234,945,2,'Creditor number','Number of the creditor to be included in the mandate.'),(235,946,2,'Send email','Send email to the customer with the attached SEPA mandate file.'),(236,947,2,'Show SEPA\'s BIC field','Allow customer to specify its BIC when filling in SEPA payment data.'),(237,948,2,'Require SEPA\'s BIC field','Require customer to specify its BIC when filling in SEPA payment data. This option is ignored if the field is hidden.'),(238,949,2,'Show SEPA\'s bank name field','Allow customer to specify its bank name when filling in SEPA payment data.'),(239,950,2,'Require SEPA\'s bank name field','Require customer to specify its bank name when filling in SEPA payment data. This option is ignored if the field is hidden.'),(240,951,2,'Allow payment details editing on checkout page',NULL),(241,952,2,'Supplier SEO',NULL),(242,953,2,'Supplier SEO URLs template',NULL),(243,955,2,'Maximum age for referrer statistics','Old referrer data will be deleted by the cron job call if active'),(244,956,2,'Maximum age for impression statistics','Old impression data will be deleted by the cron job call if active'),(245,957,2,'Show recommend product',NULL),(246,941,2,'Force http canonical url','This option does not take effect if the option \"Use always SSL\" is activated.'),(247,958,2,'Storage period in days',NULL),(248,959,2,'Download strategy for ESD files','<b>Warning</b>: Changing this setting might break ESD downloads. If not sure, use default (PHP)<br><br>Strategy to generate the download links for ESD files. <br><b>Link</b>: Better performance, but possibly insecure <br><b>PHP</b>: More secure, but memory consuming, specially for bigger files <br><b>X-Sendfile</b>: Secure and lightweight, but requires X-Sendfile module and Apache2 web server <br><b>X-Accel</b>: Equivalent to X-Sendfile, but requires Nginx web server instead'),(249,965,1,'Feedback senden',NULL),(250,962,1,'Aktionscode',NULL),(251,961,1,'Update Kanal',NULL);

--
